{"id":4204,"date":"2022-07-28T18:29:01","date_gmt":"2022-07-28T18:29:01","guid":{"rendered":"https:\/\/ffyh.unc.edu.ar\/historia\/?page_id=4204"},"modified":"2022-08-03T21:47:00","modified_gmt":"2022-08-03T21:47:00","slug":"moyanomp","status":"publish","type":"page","link":"https:\/\/ffyh.unc.edu.ar\/historia\/nuestrxs-docentes\/moyanomp\/","title":{"rendered":"Mar\u00eda de la Paz Moyano"},"content":{"rendered":"<table style=\"border-collapse: collapse;width: 100%\">\n<tbody>\n<tr>\n<td colspan=\"2\">\n<p style=\"text-align: justify\"><img data-recalc-dims=\"1\" decoding=\"async\" data-attachment-id=\"4651\" data-permalink=\"https:\/\/ffyh.unc.edu.ar\/historia\/nuestrxs-docentes\/moyanomp\/moyano_foto\/\" data-orig-file=\"https:\/\/i0.wp.com\/ffyh.unc.edu.ar\/historia\/wp-content\/uploads\/sites\/37\/2022\/07\/Moyano_foto.jpg?fit=425%2C425&amp;ssl=1\" data-orig-size=\"425,425\" data-comments-opened=\"0\" data-image-meta=\"{&quot;aperture&quot;:&quot;0&quot;,&quot;credit&quot;:&quot;&quot;,&quot;camera&quot;:&quot;&quot;,&quot;caption&quot;:&quot;&quot;,&quot;created_timestamp&quot;:&quot;1658961162&quot;,&quot;copyright&quot;:&quot;&quot;,&quot;focal_length&quot;:&quot;0&quot;,&quot;iso&quot;:&quot;0&quot;,&quot;shutter_speed&quot;:&quot;0&quot;,&quot;title&quot;:&quot;&quot;,&quot;orientation&quot;:&quot;1&quot;}\" data-image-title=\"Moyano_foto\" data-image-description=\"\" data-image-caption=\"\" data-medium-file=\"https:\/\/i0.wp.com\/ffyh.unc.edu.ar\/historia\/wp-content\/uploads\/sites\/37\/2022\/07\/Moyano_foto.jpg?fit=300%2C300&amp;ssl=1\" data-large-file=\"https:\/\/i0.wp.com\/ffyh.unc.edu.ar\/historia\/wp-content\/uploads\/sites\/37\/2022\/07\/Moyano_foto.jpg?fit=425%2C425&amp;ssl=1\" class=\"alignleft size-thumbnail wp-image-4651\" src=\"https:\/\/i0.wp.com\/ffyh.unc.edu.ar\/historia\/wp-content\/uploads\/sites\/37\/2022\/07\/Moyano_foto.jpg?resize=150%2C150\" alt=\"\" width=\"150\" height=\"150\" srcset=\"https:\/\/i0.wp.com\/ffyh.unc.edu.ar\/historia\/wp-content\/uploads\/sites\/37\/2022\/07\/Moyano_foto.jpg?resize=150%2C150&amp;ssl=1 150w, https:\/\/i0.wp.com\/ffyh.unc.edu.ar\/historia\/wp-content\/uploads\/sites\/37\/2022\/07\/Moyano_foto.jpg?resize=300%2C300&amp;ssl=1 300w, https:\/\/i0.wp.com\/ffyh.unc.edu.ar\/historia\/wp-content\/uploads\/sites\/37\/2022\/07\/Moyano_foto.jpg?w=425&amp;ssl=1 425w\" sizes=\"(max-width: 150px) 100vw, 150px\" \/>Profesora Asistente interina en \u00abHistoria Moderna\u00bb. Es profesora en Historia y se encuentra realizando el Proyecto para TFL sobre el proceso de conformaci\u00f3n de \u201cpueblos de espa\u00f1oles\u201d y villas en el norte de la jurisdicci\u00f3n de C\u00f3rdoba -Gobernaci\u00f3n\u00a0 Intendencia de C\u00f3rdoba del Tucum\u00e1n, Virreinato del R\u00edo de la Plata- a fines del siglo XVIII.<\/p>\n<p style=\"text-align: justify\">Ha publicado \u201cSociedades de frontera y estrategias inter\u00e9tnicas. El caso de la frontera este de la jurisdicci\u00f3n de C\u00f3rdoba del Tucum\u00e1n (1720-1740)\u201d; y el cap\u00edtulo de libro en coautor\u00eda con M. E. Rust\u00e1n, I. Castro Ola\u00f1eta, C. Crouzeilles, L. Carmignani, L. Borrastero, V. Zelada, F. Plomer y M. Schibli \u201cHistoria Colonial de C\u00f3rdoba, Gobernaci\u00f3n del Tucum\u00e1n (Siglo XVI a XVIII)\u201d.<\/p>\n<p style=\"text-align: justify\">Es integrante de proyectos de investigaci\u00f3n financiados por la SECyT-UNC desde el 2014. Desde el 2018 es integrante en calidad de Docente Investigadora del Proyecto de Investigaci\u00f3n \u201cLa Gobernaci\u00f3n del Tucum\u00e1n y sus espacios de frontera entre los siglos XVII y XIX: territorio, relaciones inter\u00e9tnicas y conflictos pol\u00edticos\u201d (SECyT-UNC &#8211; Proyecto Consolidar Tipo I). Desde 2019 participa como Miembro Estudiante en el Proyecto de Investigaci\u00f3n \u201cPor una Historia Moderna de Am\u00e9rica: C\u00f3rdoba del Tucum\u00e1n y el R\u00edo de la Plata en la monarqu\u00eda hisp\u00e1nica. Formas de poder, territorialidad, pr\u00e1cticas socio-econ\u00f3micas y pol\u00edtico-culturales (1700-1810). Segunda etapa\u201d (SECyT-UNC &#8211; Proyecto Consolidar Tipo II) radicado en el \u00c1rea de Historia del CIFFyH-UNC.<\/p>\n<\/td>\n<\/tr>\n<tr>\n<td style=\"width: 0.491159%\" colspan=\"2\">Contacto: <a href=\"mailto:pazmoyano@unc.edu.ar\">pazmoyano@unc.edu.ar<\/a><\/td>\n<\/tr>\n<\/tbody>\n<\/table>\n","protected":false},"excerpt":{"rendered":"<p>Profesora Asistente interina en \u00abHistoria Moderna\u00bb. Es profesora en Historia y se encuentra realizando el Proyecto para TFL sobre el proceso de conformaci\u00f3n de \u201cpueblos de espa\u00f1oles\u201d y villas en el norte de la jurisdicci\u00f3n de C\u00f3rdoba -Gobernaci\u00f3n\u00a0 Intendencia de C\u00f3rdoba del Tucum\u00e1n, Virreinato del R\u00edo de la Plata- a fines del siglo XVIII. Ha&#8230; <\/p>\n<div class=\"link-more\"><a href=\"https:\/\/ffyh.unc.edu.ar\/historia\/nuestrxs-docentes\/moyanomp\/\">Lea m\u00e1s<\/a><\/div>\n","protected":false},"author":34,"featured_media":0,"parent":4089,"menu_order":0,"comment_status":"closed","ping_status":"closed","template":"","meta":{"_acf_changed":false,"_monsterinsights_skip_tracking":false,"_monsterinsights_sitenote_active":false,"_monsterinsights_sitenote_note":"","_monsterinsights_sitenote_category":0,"footnotes":""},"class_list":["post-4204","page","type-page","status-publish","hentry"],"acf":[],"jetpack_sharing_enabled":true,"_links":{"self":[{"href":"https:\/\/ffyh.unc.edu.ar\/historia\/wp-json\/wp\/v2\/pages\/4204","targetHints":{"allow":["GET"]}}],"collection":[{"href":"https:\/\/ffyh.unc.edu.ar\/historia\/wp-json\/wp\/v2\/pages"}],"about":[{"href":"https:\/\/ffyh.unc.edu.ar\/historia\/wp-json\/wp\/v2\/types\/page"}],"author":[{"embeddable":true,"href":"https:\/\/ffyh.unc.edu.ar\/historia\/wp-json\/wp\/v2\/users\/34"}],"replies":[{"embeddable":true,"href":"https:\/\/ffyh.unc.edu.ar\/historia\/wp-json\/wp\/v2\/comments?post=4204"}],"version-history":[{"count":6,"href":"https:\/\/ffyh.unc.edu.ar\/historia\/wp-json\/wp\/v2\/pages\/4204\/revisions"}],"predecessor-version":[{"id":4833,"href":"https:\/\/ffyh.unc.edu.ar\/historia\/wp-json\/wp\/v2\/pages\/4204\/revisions\/4833"}],"up":[{"embeddable":true,"href":"https:\/\/ffyh.unc.edu.ar\/historia\/wp-json\/wp\/v2\/pages\/4089"}],"wp:attachment":[{"href":"https:\/\/ffyh.unc.edu.ar\/historia\/wp-json\/wp\/v2\/media?parent=4204"}],"curies":[{"name":"wp","href":"https:\/\/api.w.org\/{rel}","templated":true}]}}

María de la Paz Moyano

<table style="border-collapse: collapse;width: 100%">
<tbody>
<tr>
<td colspan="2">
<p style="text-align: justify"><img data-recalc-dims="1" decoding="async" data-attachment-id="4651" data-permalink="https://ffyh.unc.edu.ar/historia/nuestrxs-docentes/moyanomp/moyano_foto/" data-orig-file="https://i0.wp.com/ffyh.unc.edu.ar/historia/wp-content/uploads/sites/37/2022/07/Moyano_foto.jpg?fit=425%2C425&amp;ssl=1" data-orig-size="425,425" data-comments-opened="0" data-image-meta="{&quot;aperture&quot;:&quot;0&quot;,&quot;credit&quot;:&quot;&quot;,&quot;camera&quot;:&quot;&quot;,&quot;caption&quot;:&quot;&quot;,&quot;created_timestamp&quot;:&quot;1658961162&quot;,&quot;copyright&quot;:&quot;&quot;,&quot;focal_length&quot;:&quot;0&quot;,&quot;iso&quot;:&quot;0&quot;,&quot;shutter_speed&quot;:&quot;0&quot;,&quot;title&quot;:&quot;&quot;,&quot;orientation&quot;:&quot;1&quot;}" data-image-title="Moyano_foto" data-image-description="" data-image-caption="" data-medium-file="https://i0.wp.com/ffyh.unc.edu.ar/historia/wp-content/uploads/sites/37/2022/07/Moyano_foto.jpg?fit=300%2C300&amp;ssl=1" data-large-file="https://i0.wp.com/ffyh.unc.edu.ar/historia/wp-content/uploads/sites/37/2022/07/Moyano_foto.jpg?fit=425%2C425&amp;ssl=1" class="alignleft size-thumbnail wp-image-4651" src="https://i0.wp.com/ffyh.unc.edu.ar/historia/wp-content/uploads/sites/37/2022/07/Moyano_foto.jpg?resize=150%2C150" alt="" width="150" height="150" srcset="https://i0.wp.com/ffyh.unc.edu.ar/historia/wp-content/uploads/sites/37/2022/07/Moyano_foto.jpg?resize=150%2C150&amp;ssl=1 150w, https://i0.wp.com/ffyh.unc.edu.ar/historia/wp-content/uploads/sites/37/2022/07/Moyano_foto.jpg?resize=300%2C300&amp;ssl=1 300w, https://i0.wp.com/ffyh.unc.edu.ar/historia/wp-content/uploads/sites/37/2022/07/Moyano_foto.jpg?w=425&amp;ssl=1 425w" sizes="(max-width: 150px) 100vw, 150px" />Profesora Asistente interina en «Historia Moderna». Es profesora en Historia y se encuentra realizando el Proyecto para TFL sobre el proceso de conformación de “pueblos de españoles” y villas en el norte de la jurisdicción de Córdoba -Gobernación  Intendencia de Córdoba del Tucumán, Virreinato del Río de la Plata- a fines del siglo XVIII.</p>
<p style="text-align: justify">Ha publicado “Sociedades de frontera y estrategias interétnicas. El caso de la frontera este de la jurisdicción de Córdoba del Tucumán (1720-1740)”; y el capítulo de libro en coautoría con M. E. Rustán, I. Castro Olañeta, C. Crouzeilles, L. Carmignani, L. Borrastero, V. Zelada, F. Plomer y M. Schibli “Historia Colonial de Córdoba, Gobernación del Tucumán (Siglo XVI a XVIII)”.</p>
<p style="text-align: justify">Es integrante de proyectos de investigación financiados por la SECyT-UNC desde el 2014. Desde el 2018 es integrante en calidad de Docente Investigadora del Proyecto de Investigación “La Gobernación del Tucumán y sus espacios de frontera entre los siglos XVII y XIX: territorio, relaciones interétnicas y conflictos políticos” (SECyT-UNC &#8211; Proyecto Consolidar Tipo I). Desde 2019 participa como Miembro Estudiante en el Proyecto de Investigación “Por una Historia Moderna de América: Córdoba del Tucumán y el Río de la Plata en la monarquía hispánica. Formas de poder, territorialidad, prácticas socio-económicas y político-culturales (1700-1810). Segunda etapa” (SECyT-UNC &#8211; Proyecto Consolidar Tipo II) radicado en el Área de Historia del CIFFyH-UNC.</p>
</td>
</tr>
<tr>
<td style="width: 0.491159%" colspan="2">Contacto: <a href="mailto:pazmoyano@unc.edu.ar">pazmoyano@unc.edu.ar</a></td>
</tr>
</tbody>
</table>

<p>Profesora Asistente interina en «Historia Moderna». Es profesora en Historia y se encuentra realizando el Proyecto para TFL sobre el proceso de conformación de “pueblos de españoles” y villas en el norte de la jurisdicción de Córdoba -Gobernación  Intendencia de Córdoba del Tucumán, Virreinato del Río de la Plata- a fines del siglo XVIII. Ha&#8230; </p>
<div class="link-more"><a href="https://ffyh.unc.edu.ar/historia/nuestrxs-docentes/moyanomp/">Lea más</a></div>
