{"id":4206,"date":"2022-07-28T18:29:22","date_gmt":"2022-07-28T18:29:22","guid":{"rendered":"https:\/\/ffyh.unc.edu.ar\/historia\/?page_id=4206"},"modified":"2022-08-02T16:17:23","modified_gmt":"2022-08-02T16:17:23","slug":"tell","status":"publish","type":"page","link":"https:\/\/ffyh.unc.edu.ar\/historia\/nuestrxs-docentes\/tell\/","title":{"rendered":"Sonia Tell"},"content":{"rendered":"<table style=\"border-collapse: collapse;width: 100%\">\n<tbody>\n<tr>\n<td colspan=\"2\">\n<p style=\"text-align: justify\"><img data-recalc-dims=\"1\" decoding=\"async\" data-attachment-id=\"4734\" data-permalink=\"https:\/\/ffyh.unc.edu.ar\/historia\/nuestrxs-docentes\/tell\/tell_foto\/\" data-orig-file=\"https:\/\/i0.wp.com\/ffyh.unc.edu.ar\/historia\/wp-content\/uploads\/sites\/37\/2022\/07\/Tell_foto.jpg?fit=306%2C305&amp;ssl=1\" data-orig-size=\"306,305\" data-comments-opened=\"0\" data-image-meta=\"{&quot;aperture&quot;:&quot;0&quot;,&quot;credit&quot;:&quot;&quot;,&quot;camera&quot;:&quot;&quot;,&quot;caption&quot;:&quot;&quot;,&quot;created_timestamp&quot;:&quot;1658961167&quot;,&quot;copyright&quot;:&quot;&quot;,&quot;focal_length&quot;:&quot;0&quot;,&quot;iso&quot;:&quot;0&quot;,&quot;shutter_speed&quot;:&quot;0&quot;,&quot;title&quot;:&quot;&quot;,&quot;orientation&quot;:&quot;1&quot;}\" data-image-title=\"Tell_foto\" data-image-description=\"\" data-image-caption=\"\" data-medium-file=\"https:\/\/i0.wp.com\/ffyh.unc.edu.ar\/historia\/wp-content\/uploads\/sites\/37\/2022\/07\/Tell_foto.jpg?fit=300%2C300&amp;ssl=1\" data-large-file=\"https:\/\/i0.wp.com\/ffyh.unc.edu.ar\/historia\/wp-content\/uploads\/sites\/37\/2022\/07\/Tell_foto.jpg?fit=306%2C305&amp;ssl=1\" class=\"alignleft size-thumbnail wp-image-4734\" src=\"https:\/\/i0.wp.com\/ffyh.unc.edu.ar\/historia\/wp-content\/uploads\/sites\/37\/2022\/07\/Tell_foto.jpg?resize=150%2C150\" alt=\"\" width=\"150\" height=\"150\" srcset=\"https:\/\/i0.wp.com\/ffyh.unc.edu.ar\/historia\/wp-content\/uploads\/sites\/37\/2022\/07\/Tell_foto.jpg?resize=150%2C150&amp;ssl=1 150w, https:\/\/i0.wp.com\/ffyh.unc.edu.ar\/historia\/wp-content\/uploads\/sites\/37\/2022\/07\/Tell_foto.jpg?resize=300%2C300&amp;ssl=1 300w, https:\/\/i0.wp.com\/ffyh.unc.edu.ar\/historia\/wp-content\/uploads\/sites\/37\/2022\/07\/Tell_foto.jpg?resize=301%2C300&amp;ssl=1 301w, https:\/\/i0.wp.com\/ffyh.unc.edu.ar\/historia\/wp-content\/uploads\/sites\/37\/2022\/07\/Tell_foto.jpg?w=306&amp;ssl=1 306w\" sizes=\"(max-width: 150px) 100vw, 150px\" \/>Profesora Titular concursada. Investigadora de CONICET. Es Licenciada en Historia (Universidad Nacional de C\u00f3rdoba), Maestra en Historia de Am\u00e9rica (Universidad Internacional de Andaluc\u00eda, Espa\u00f1a) y Doctora en Historia (Universidad Nacional del Centro de la Provincia de Buenos Aires). Formaci\u00f3n posdoctoral en Universidad Nacional de C\u00f3rdoba y en estancia de investigaci\u00f3n en el Departamento de Antropolog\u00eda Social de la Universidad de St Andrews (Escocia). Se especializa en sociedades ind\u00edgenas y campesinas de C\u00f3rdoba en per\u00edodo colonial y siglo XIX, como parte de una regi\u00f3n mayor con una historia compartida -la antigua Gobernaci\u00f3n del Tucum\u00e1n- que abarcaba gran parte de los actuales territorios de las provincias de C\u00f3rdoba y del noroeste argentino. Se interesa por conflictos sociales, pol\u00edticos y militares; formaci\u00f3n y recreaci\u00f3n de comunidades; procesos de identificaci\u00f3n y sentidos de pertenencia; liderazgos, autoridad y legitimidad pol\u00edtica; tenencia de la tierra, territorio y territorialidad; as\u00ed como por diversas dimensiones de los procesos de reproducci\u00f3n y transformaci\u00f3n de sociedades ind\u00edgenas y campesinas, tales como l\u00f3gicas de intercambio y participaci\u00f3n en los mercados.<\/p>\n<p style=\"text-align: justify\">Es autora del libro <em>C\u00f3rdoba rural, una sociedad campesina (1750-1850)<\/em>. Una s\u00edntesis de su trabajo reciente sobre comunidades ind\u00edgenas puede leerse en \u00bf<em>Una rep\u00fablica de \u201cindios puros\u201d? Comunidad, autocton\u00eda y legitimidad. C\u00f3rdoba, Gobernaci\u00f3n del Tucum\u00e1n, siglo XVIII<\/em>. Sus publicaciones individuales y en coautor\u00eda pueden consultarse en los perfiles acad\u00e9micos online.<\/p>\n<p style=\"text-align: justify\">Actualmente investiga sobre pol\u00edtica ind\u00edgena y campesina en C\u00f3rdoba en el siglo XVIII y primera mitad del XIX como parte de su trabajo de investigadora de CONICET. Dirige el proyecto de investigaci\u00f3n \u201cLa Gobernaci\u00f3n del Tucum\u00e1n y sus espacios de frontera entre los siglos XVII y XIX: territorio, relaciones inter\u00e9tnicas y conflictos pol\u00edticos\u201d (SeCyT-UNC), que nuclea a tesistas y becarios bajo su direcci\u00f3n y colegas asesores con los que comparte temas y trayectorias de investigaci\u00f3n.<\/p>\n<\/td>\n<\/tr>\n<tr>\n<td style=\"width: 0.491159%\" colspan=\"2\">Contacto: <a href=\"mailto:stell@unc.edu.ar\">stell@unc.edu.ar<\/a><\/p>\n<p>CONICET: <a href=\"https:\/\/www.conicet.gov.ar\/new_scp\/detalle.php?keywords=&amp;id=20941&amp;articulos=yes\">https:\/\/www.conicet.gov.ar\/new_scp\/detalle.php?keywords=&amp;id=20941&amp;articulos=yes<\/a><br \/>\nORCID: <a href=\"https:\/\/orcid.org\/0000-0002-0300-0255\">https:\/\/orcid.org\/0000-0002-0300-0255<\/a><br \/>\nAcademia.edu: <a href=\"https:\/\/conicet-ar.academia.edu\/SoniaTell\/Papers?s=nav#add\/upload\">https:\/\/conicet-ar.academia.edu\/SoniaTell\/Papers?s=nav#add\/upload<\/a><\/td>\n<\/tr>\n<\/tbody>\n<\/table>\n","protected":false},"excerpt":{"rendered":"<p>Profesora Titular concursada. Investigadora de CONICET. Es Licenciada en Historia (Universidad Nacional de C\u00f3rdoba), Maestra en Historia de Am\u00e9rica (Universidad Internacional de Andaluc\u00eda, Espa\u00f1a) y Doctora en Historia (Universidad Nacional del Centro de la Provincia de Buenos Aires). Formaci\u00f3n posdoctoral en Universidad Nacional de C\u00f3rdoba y en estancia de investigaci\u00f3n en el Departamento de Antropolog\u00eda&#8230; <\/p>\n<div class=\"link-more\"><a href=\"https:\/\/ffyh.unc.edu.ar\/historia\/nuestrxs-docentes\/tell\/\">Lea m\u00e1s<\/a><\/div>\n","protected":false},"author":34,"featured_media":0,"parent":4089,"menu_order":0,"comment_status":"closed","ping_status":"closed","template":"","meta":{"_acf_changed":false,"_monsterinsights_skip_tracking":false,"_monsterinsights_sitenote_active":false,"_monsterinsights_sitenote_note":"","_monsterinsights_sitenote_category":0,"footnotes":""},"class_list":["post-4206","page","type-page","status-publish","hentry"],"acf":[],"jetpack_sharing_enabled":true,"_links":{"self":[{"href":"https:\/\/ffyh.unc.edu.ar\/historia\/wp-json\/wp\/v2\/pages\/4206","targetHints":{"allow":["GET"]}}],"collection":[{"href":"https:\/\/ffyh.unc.edu.ar\/historia\/wp-json\/wp\/v2\/pages"}],"about":[{"href":"https:\/\/ffyh.unc.edu.ar\/historia\/wp-json\/wp\/v2\/types\/page"}],"author":[{"embeddable":true,"href":"https:\/\/ffyh.unc.edu.ar\/historia\/wp-json\/wp\/v2\/users\/34"}],"replies":[{"embeddable":true,"href":"https:\/\/ffyh.unc.edu.ar\/historia\/wp-json\/wp\/v2\/comments?post=4206"}],"version-history":[{"count":5,"href":"https:\/\/ffyh.unc.edu.ar\/historia\/wp-json\/wp\/v2\/pages\/4206\/revisions"}],"predecessor-version":[{"id":4792,"href":"https:\/\/ffyh.unc.edu.ar\/historia\/wp-json\/wp\/v2\/pages\/4206\/revisions\/4792"}],"up":[{"embeddable":true,"href":"https:\/\/ffyh.unc.edu.ar\/historia\/wp-json\/wp\/v2\/pages\/4089"}],"wp:attachment":[{"href":"https:\/\/ffyh.unc.edu.ar\/historia\/wp-json\/wp\/v2\/media?parent=4206"}],"curies":[{"name":"wp","href":"https:\/\/api.w.org\/{rel}","templated":true}]}}

<table style="border-collapse: collapse;width: 100%">
<tbody>
<tr>
<td colspan="2">
<p style="text-align: justify"><img data-recalc-dims="1" decoding="async" data-attachment-id="4734" data-permalink="https://ffyh.unc.edu.ar/historia/nuestrxs-docentes/tell/tell_foto/" data-orig-file="https://i0.wp.com/ffyh.unc.edu.ar/historia/wp-content/uploads/sites/37/2022/07/Tell_foto.jpg?fit=306%2C305&amp;ssl=1" data-orig-size="306,305" data-comments-opened="0" data-image-meta="{&quot;aperture&quot;:&quot;0&quot;,&quot;credit&quot;:&quot;&quot;,&quot;camera&quot;:&quot;&quot;,&quot;caption&quot;:&quot;&quot;,&quot;created_timestamp&quot;:&quot;1658961167&quot;,&quot;copyright&quot;:&quot;&quot;,&quot;focal_length&quot;:&quot;0&quot;,&quot;iso&quot;:&quot;0&quot;,&quot;shutter_speed&quot;:&quot;0&quot;,&quot;title&quot;:&quot;&quot;,&quot;orientation&quot;:&quot;1&quot;}" data-image-title="Tell_foto" data-image-description="" data-image-caption="" data-medium-file="https://i0.wp.com/ffyh.unc.edu.ar/historia/wp-content/uploads/sites/37/2022/07/Tell_foto.jpg?fit=300%2C300&amp;ssl=1" data-large-file="https://i0.wp.com/ffyh.unc.edu.ar/historia/wp-content/uploads/sites/37/2022/07/Tell_foto.jpg?fit=306%2C305&amp;ssl=1" class="alignleft size-thumbnail wp-image-4734" src="https://i0.wp.com/ffyh.unc.edu.ar/historia/wp-content/uploads/sites/37/2022/07/Tell_foto.jpg?resize=150%2C150" alt="" width="150" height="150" srcset="https://i0.wp.com/ffyh.unc.edu.ar/historia/wp-content/uploads/sites/37/2022/07/Tell_foto.jpg?resize=150%2C150&amp;ssl=1 150w, https://i0.wp.com/ffyh.unc.edu.ar/historia/wp-content/uploads/sites/37/2022/07/Tell_foto.jpg?resize=300%2C300&amp;ssl=1 300w, https://i0.wp.com/ffyh.unc.edu.ar/historia/wp-content/uploads/sites/37/2022/07/Tell_foto.jpg?resize=301%2C300&amp;ssl=1 301w, https://i0.wp.com/ffyh.unc.edu.ar/historia/wp-content/uploads/sites/37/2022/07/Tell_foto.jpg?w=306&amp;ssl=1 306w" sizes="(max-width: 150px) 100vw, 150px" />Profesora Titular concursada. Investigadora de CONICET. Es Licenciada en Historia (Universidad Nacional de Córdoba), Maestra en Historia de América (Universidad Internacional de Andalucía, España) y Doctora en Historia (Universidad Nacional del Centro de la Provincia de Buenos Aires). Formación posdoctoral en Universidad Nacional de Córdoba y en estancia de investigación en el Departamento de Antropología Social de la Universidad de St Andrews (Escocia). Se especializa en sociedades indígenas y campesinas de Córdoba en período colonial y siglo XIX, como parte de una región mayor con una historia compartida -la antigua Gobernación del Tucumán- que abarcaba gran parte de los actuales territorios de las provincias de Córdoba y del noroeste argentino. Se interesa por conflictos sociales, políticos y militares; formación y recreación de comunidades; procesos de identificación y sentidos de pertenencia; liderazgos, autoridad y legitimidad política; tenencia de la tierra, territorio y territorialidad; así como por diversas dimensiones de los procesos de reproducción y transformación de sociedades indígenas y campesinas, tales como lógicas de intercambio y participación en los mercados.</p>
<p style="text-align: justify">Es autora del libro <em>Córdoba rural, una sociedad campesina (1750-1850)</em>. Una síntesis de su trabajo reciente sobre comunidades indígenas puede leerse en ¿<em>Una república de “indios puros”? Comunidad, autoctonía y legitimidad. Córdoba, Gobernación del Tucumán, siglo XVIII</em>. Sus publicaciones individuales y en coautoría pueden consultarse en los perfiles académicos online.</p>
<p style="text-align: justify">Actualmente investiga sobre política indígena y campesina en Córdoba en el siglo XVIII y primera mitad del XIX como parte de su trabajo de investigadora de CONICET. Dirige el proyecto de investigación “La Gobernación del Tucumán y sus espacios de frontera entre los siglos XVII y XIX: territorio, relaciones interétnicas y conflictos políticos” (SeCyT-UNC), que nuclea a tesistas y becarios bajo su dirección y colegas asesores con los que comparte temas y trayectorias de investigación.</p>
</td>
</tr>
<tr>
<td style="width: 0.491159%" colspan="2">Contacto: <a href="mailto:stell@unc.edu.ar">stell@unc.edu.ar</a></p>
<p>CONICET: <a href="https://www.conicet.gov.ar/new_scp/detalle.php?keywords=&amp;id=20941&amp;articulos=yes">https://www.conicet.gov.ar/new_scp/detalle.php?keywords=&amp;id=20941&amp;articulos=yes</a><br />
ORCID: <a href="https://orcid.org/0000-0002-0300-0255">https://orcid.org/0000-0002-0300-0255</a><br />
Academia.edu: <a href="https://conicet-ar.academia.edu/SoniaTell/Papers?s=nav#add/upload">https://conicet-ar.academia.edu/SoniaTell/Papers?s=nav#add/upload</a></td>
</tr>
</tbody>
</table>

<p>Profesora Titular concursada. Investigadora de CONICET. Es Licenciada en Historia (Universidad Nacional de Córdoba), Maestra en Historia de América (Universidad Internacional de Andalucía, España) y Doctora en Historia (Universidad Nacional del Centro de la Provincia de Buenos Aires). Formación posdoctoral en Universidad Nacional de Córdoba y en estancia de investigación en el Departamento de Antropología&#8230; </p>
<div class="link-more"><a href="https://ffyh.unc.edu.ar/historia/nuestrxs-docentes/tell/">Lea más</a></div>
