{"id":4208,"date":"2022-07-28T18:29:45","date_gmt":"2022-07-28T18:29:45","guid":{"rendered":"https:\/\/ffyh.unc.edu.ar\/historia\/?page_id=4208"},"modified":"2025-06-02T15:00:10","modified_gmt":"2025-06-02T15:00:10","slug":"castro","status":"publish","type":"page","link":"https:\/\/ffyh.unc.edu.ar\/historia\/nuestrxs-docentes\/castro\/","title":{"rendered":"Isabel Castro Ola\u00f1eta"},"content":{"rendered":"<table style=\"border-collapse: collapse;width: 100%\">\n<tbody>\n<tr>\n<td style=\"text-align: justify\" colspan=\"2\"><img data-recalc-dims=\"1\" decoding=\"async\" data-attachment-id=\"4488\" data-permalink=\"https:\/\/ffyh.unc.edu.ar\/historia\/nuestrxs-docentes\/castro\/castroolaneta_foto\/\" data-orig-file=\"https:\/\/i0.wp.com\/ffyh.unc.edu.ar\/historia\/wp-content\/uploads\/sites\/37\/2022\/07\/CastroOlaneta_foto.jpg?fit=353%2C353&amp;ssl=1\" data-orig-size=\"353,353\" data-comments-opened=\"0\" data-image-meta=\"{&quot;aperture&quot;:&quot;0&quot;,&quot;credit&quot;:&quot;&quot;,&quot;camera&quot;:&quot;&quot;,&quot;caption&quot;:&quot;&quot;,&quot;created_timestamp&quot;:&quot;1658961176&quot;,&quot;copyright&quot;:&quot;&quot;,&quot;focal_length&quot;:&quot;0&quot;,&quot;iso&quot;:&quot;0&quot;,&quot;shutter_speed&quot;:&quot;0&quot;,&quot;title&quot;:&quot;&quot;,&quot;orientation&quot;:&quot;1&quot;}\" data-image-title=\"CastroOla\u00f1eta_foto\" data-image-description=\"\" data-image-caption=\"\" data-medium-file=\"https:\/\/i0.wp.com\/ffyh.unc.edu.ar\/historia\/wp-content\/uploads\/sites\/37\/2022\/07\/CastroOlaneta_foto.jpg?fit=300%2C300&amp;ssl=1\" data-large-file=\"https:\/\/i0.wp.com\/ffyh.unc.edu.ar\/historia\/wp-content\/uploads\/sites\/37\/2022\/07\/CastroOlaneta_foto.jpg?fit=353%2C353&amp;ssl=1\" class=\"size-thumbnail wp-image-4488 alignleft\" src=\"https:\/\/i0.wp.com\/ffyh.unc.edu.ar\/historia\/wp-content\/uploads\/sites\/37\/2022\/07\/CastroOlaneta_foto.jpg?resize=150%2C150\" alt=\"\" width=\"150\" height=\"150\" srcset=\"https:\/\/i0.wp.com\/ffyh.unc.edu.ar\/historia\/wp-content\/uploads\/sites\/37\/2022\/07\/CastroOlaneta_foto.jpg?resize=150%2C150&amp;ssl=1 150w, https:\/\/i0.wp.com\/ffyh.unc.edu.ar\/historia\/wp-content\/uploads\/sites\/37\/2022\/07\/CastroOlaneta_foto.jpg?resize=300%2C300&amp;ssl=1 300w, https:\/\/i0.wp.com\/ffyh.unc.edu.ar\/historia\/wp-content\/uploads\/sites\/37\/2022\/07\/CastroOlaneta_foto.jpg?w=353&amp;ssl=1 353w\" sizes=\"(max-width: 150px) 100vw, 150px\" \/>Profesora Adjunta concursada en \u00abHistoria de Am\u00e9rica I\u00bb (colonial) y Profesora Titular interina en \u201cEtnohistoria Andina\u201d (concursada como Asistente desde 2007) en la Escuela de Historia; tambi\u00e9n es Profesora Adjunta a cargo, interina, en \u00abHistoria de la Cultura Americana y Argentina\u00bb en la Escuela de Bibliotecolog\u00eda de la FFyH-UNC.<\/p>\n<p>Es Licenciada en Historia especializada en los procesos de transformaci\u00f3n y reproducci\u00f3n de los pueblos de indios de la Gobernaci\u00f3n del Tucum\u00e1n -virreinato del Per\u00fa- bajo el dominio colonial y en el funcionamiento y particularidades de la instituci\u00f3n de la encomienda en la misma regi\u00f3n durante los siglos XVI y XVII.<\/p>\n<p style=\"text-align: justify\">Ha publicado, entre otros, los libros \u201cLa Visita del oidor Antonio Mart\u00ednez Luj\u00e1n de Vargas a las encomiendas de Catamarca, Santiago del Estero y Salta (Gobernaci\u00f3n del Tucum\u00e1n, 1693-1694)\u201d, y \u201cTransformaciones y continuidades de sociedades ind\u00edgenas en el sistema colonial: el pueblo de indios de Quilino a principios del siglo XVII\u201d,. Entre numerosos art\u00edculos con referato se destacan \u201cLas encomiendas de Salta. (Gobernaci\u00f3n del Tucum\u00e1n, Siglo XVII)\u201d; \u00a0\u201cLa influencia de los aportes de Ana Mar\u00eda Lorandi y la etnohistoria en la historia colonial de C\u00f3rdoba\u201d; \u00a0\u00abEncomiendas, pueblos de indios y tierras. Una revisi\u00f3n de la visita del Oidor Luj\u00e1n de Vargas a C\u00f3rdoba del Tucum\u00e1n (fines siglo XVII)\u00bb; \u201cDonde estan situados los mas yndios de la jurisdiccion desta ciudad. Un acercamiento etnohist\u00f3rico a las encomiendas y pueblos de indios del R\u00edo Salado. Santiago del Estero entre fines del siglo XVI y principios del siglo XVII\u00bb; \u00abServicio personal, tributo y conciertos en C\u00f3rdoba a principios del siglo XVII\u00bb. En coautor\u00eda con L.Carmignani \u201cLa Sierra de Santiago y el Valle de Catamarca (Gobernaci\u00f3n del Tucum\u00e1n) a principios del siglo XVII: reflexionando sobre una nueva regionalizaci\u00f3n\u201d; en coautor\u00eda con V. Zelada \u00abDocumentos sobre la guerra y la desnaturalizaci\u00f3n Calchaqu\u00ed. Los autos del Gobernador Alonso de Mercado y Villacorta\u00bb; en coautor\u00eda con S.Palomeque \u00abOriginarios y forasteros del sur andino en el per\u00edodo colonial\u00bb y en coautor\u00eda con S.Tell \u201cEl registro y la historia de los pueblos de indios de C\u00f3rdoba entre los siglos XVI y XIX\u00bb y \u201cLos pueblos de indios de C\u00f3rdoba del Tucum\u00e1n y el pacto colonial (Siglos XVII a XIX)\u201d. Todas las publicaciones de la autora est\u00e1n disponibles en los perfiles acad\u00e9micos.<\/p>\n<p style=\"text-align: justify\">Es Directora de proyectos acreditados por la SECyT-UNC desde 2012. Actualmente dirige el Proyecto de Investigaci\u00f3n\u00a0 Categor\u00eda Consolidar, radicado en el \u00c1rea de Historia, CIFFyH-UNC, para el per\u00edodo 2023-2027: \u201cGobernaci\u00f3n del Tucum\u00e1n: relaciones de dominaci\u00f3n y explotaci\u00f3n colonial sobre sociedades ind\u00edgenas, procesos y coyunturas, instituciones y actores (S.XVI-XVIII).\u201d<\/p>\n<p>Ha sido Directora de la Escuela de Historia (FFyH-UNC) entre 2018 y 2023 y actualmente (2024-2027) es la Directora del Centro de Investigaciones de la Facultad (CIFFyH-UNC).<\/td>\n<\/tr>\n<tr>\n<td style=\"width: 25%;text-align: justify\" colspan=\"2\">Contacto: <a href=\"mailto:isabel.castro@unc.edu.ar\">isabel.castro@unc.edu.ar<\/a><\/p>\n<p>ACADEMIA: <a href=\"https:\/\/cordoba.academia.edu\/IsabelCastro\">https:\/\/cordoba.academia.edu\/IsabelCastro<\/a><br \/>\nORCID: <a href=\"https:\/\/orcid.org\/0000-0002-1733-9372\">https:\/\/orcid.org\/0000-0002-1733-9372<\/a><\/td>\n<\/tr>\n<\/tbody>\n<\/table>\n","protected":false},"excerpt":{"rendered":"<p>Profesora Adjunta concursada en \u00abHistoria de Am\u00e9rica I\u00bb (colonial) y Profesora Titular interina en \u201cEtnohistoria Andina\u201d (concursada como Asistente desde 2007) en la Escuela de Historia; tambi\u00e9n es Profesora Adjunta a cargo, interina, en \u00abHistoria de la Cultura Americana y Argentina\u00bb en la Escuela de Bibliotecolog\u00eda de la FFyH-UNC. Es Licenciada en Historia especializada en&#8230; <\/p>\n<div class=\"link-more\"><a href=\"https:\/\/ffyh.unc.edu.ar\/historia\/nuestrxs-docentes\/castro\/\">Lea m\u00e1s<\/a><\/div>\n","protected":false},"author":34,"featured_media":0,"parent":4089,"menu_order":0,"comment_status":"closed","ping_status":"closed","template":"","meta":{"_acf_changed":false,"_monsterinsights_skip_tracking":false,"_monsterinsights_sitenote_active":false,"_monsterinsights_sitenote_note":"","_monsterinsights_sitenote_category":0,"footnotes":""},"class_list":["post-4208","page","type-page","status-publish","hentry"],"acf":[],"jetpack_sharing_enabled":true,"_links":{"self":[{"href":"https:\/\/ffyh.unc.edu.ar\/historia\/wp-json\/wp\/v2\/pages\/4208","targetHints":{"allow":["GET"]}}],"collection":[{"href":"https:\/\/ffyh.unc.edu.ar\/historia\/wp-json\/wp\/v2\/pages"}],"about":[{"href":"https:\/\/ffyh.unc.edu.ar\/historia\/wp-json\/wp\/v2\/types\/page"}],"author":[{"embeddable":true,"href":"https:\/\/ffyh.unc.edu.ar\/historia\/wp-json\/wp\/v2\/users\/34"}],"replies":[{"embeddable":true,"href":"https:\/\/ffyh.unc.edu.ar\/historia\/wp-json\/wp\/v2\/comments?post=4208"}],"version-history":[{"count":15,"href":"https:\/\/ffyh.unc.edu.ar\/historia\/wp-json\/wp\/v2\/pages\/4208\/revisions"}],"predecessor-version":[{"id":6543,"href":"https:\/\/ffyh.unc.edu.ar\/historia\/wp-json\/wp\/v2\/pages\/4208\/revisions\/6543"}],"up":[{"embeddable":true,"href":"https:\/\/ffyh.unc.edu.ar\/historia\/wp-json\/wp\/v2\/pages\/4089"}],"wp:attachment":[{"href":"https:\/\/ffyh.unc.edu.ar\/historia\/wp-json\/wp\/v2\/media?parent=4208"}],"curies":[{"name":"wp","href":"https:\/\/api.w.org\/{rel}","templated":true}]}}

Isabel Castro Olañeta

<table style="border-collapse: collapse;width: 100%">
<tbody>
<tr>
<td style="text-align: justify" colspan="2"><img data-recalc-dims="1" decoding="async" data-attachment-id="4488" data-permalink="https://ffyh.unc.edu.ar/historia/nuestrxs-docentes/castro/castroolaneta_foto/" data-orig-file="https://i0.wp.com/ffyh.unc.edu.ar/historia/wp-content/uploads/sites/37/2022/07/CastroOlaneta_foto.jpg?fit=353%2C353&amp;ssl=1" data-orig-size="353,353" data-comments-opened="0" data-image-meta="{&quot;aperture&quot;:&quot;0&quot;,&quot;credit&quot;:&quot;&quot;,&quot;camera&quot;:&quot;&quot;,&quot;caption&quot;:&quot;&quot;,&quot;created_timestamp&quot;:&quot;1658961176&quot;,&quot;copyright&quot;:&quot;&quot;,&quot;focal_length&quot;:&quot;0&quot;,&quot;iso&quot;:&quot;0&quot;,&quot;shutter_speed&quot;:&quot;0&quot;,&quot;title&quot;:&quot;&quot;,&quot;orientation&quot;:&quot;1&quot;}" data-image-title="CastroOlañeta_foto" data-image-description="" data-image-caption="" data-medium-file="https://i0.wp.com/ffyh.unc.edu.ar/historia/wp-content/uploads/sites/37/2022/07/CastroOlaneta_foto.jpg?fit=300%2C300&amp;ssl=1" data-large-file="https://i0.wp.com/ffyh.unc.edu.ar/historia/wp-content/uploads/sites/37/2022/07/CastroOlaneta_foto.jpg?fit=353%2C353&amp;ssl=1" class="size-thumbnail wp-image-4488 alignleft" src="https://i0.wp.com/ffyh.unc.edu.ar/historia/wp-content/uploads/sites/37/2022/07/CastroOlaneta_foto.jpg?resize=150%2C150" alt="" width="150" height="150" srcset="https://i0.wp.com/ffyh.unc.edu.ar/historia/wp-content/uploads/sites/37/2022/07/CastroOlaneta_foto.jpg?resize=150%2C150&amp;ssl=1 150w, https://i0.wp.com/ffyh.unc.edu.ar/historia/wp-content/uploads/sites/37/2022/07/CastroOlaneta_foto.jpg?resize=300%2C300&amp;ssl=1 300w, https://i0.wp.com/ffyh.unc.edu.ar/historia/wp-content/uploads/sites/37/2022/07/CastroOlaneta_foto.jpg?w=353&amp;ssl=1 353w" sizes="(max-width: 150px) 100vw, 150px" />Profesora Adjunta concursada en «Historia de América I» (colonial) y Profesora Titular interina en “Etnohistoria Andina” (concursada como Asistente desde 2007) en la Escuela de Historia; también es Profesora Adjunta a cargo, interina, en «Historia de la Cultura Americana y Argentina» en la Escuela de Bibliotecología de la FFyH-UNC.</p>
<p>Es Licenciada en Historia especializada en los procesos de transformación y reproducción de los pueblos de indios de la Gobernación del Tucumán -virreinato del Perú- bajo el dominio colonial y en el funcionamiento y particularidades de la institución de la encomienda en la misma región durante los siglos XVI y XVII.</p>
<p style="text-align: justify">Ha publicado, entre otros, los libros “La Visita del oidor Antonio Martínez Luján de Vargas a las encomiendas de Catamarca, Santiago del Estero y Salta (Gobernación del Tucumán, 1693-1694)”, y “Transformaciones y continuidades de sociedades indígenas en el sistema colonial: el pueblo de indios de Quilino a principios del siglo XVII”,. Entre numerosos artículos con referato se destacan “Las encomiendas de Salta. (Gobernación del Tucumán, Siglo XVII)”;  “La influencia de los aportes de Ana María Lorandi y la etnohistoria en la historia colonial de Córdoba”;  «Encomiendas, pueblos de indios y tierras. Una revisión de la visita del Oidor Luján de Vargas a Córdoba del Tucumán (fines siglo XVII)»; “Donde estan situados los mas yndios de la jurisdiccion desta ciudad. Un acercamiento etnohistórico a las encomiendas y pueblos de indios del Río Salado. Santiago del Estero entre fines del siglo XVI y principios del siglo XVII»; «Servicio personal, tributo y conciertos en Córdoba a principios del siglo XVII». En coautoría con L.Carmignani “La Sierra de Santiago y el Valle de Catamarca (Gobernación del Tucumán) a principios del siglo XVII: reflexionando sobre una nueva regionalización”; en coautoría con V. Zelada «Documentos sobre la guerra y la desnaturalización Calchaquí. Los autos del Gobernador Alonso de Mercado y Villacorta»; en coautoría con S.Palomeque «Originarios y forasteros del sur andino en el período colonial» y en coautoría con S.Tell “El registro y la historia de los pueblos de indios de Córdoba entre los siglos XVI y XIX» y “Los pueblos de indios de Córdoba del Tucumán y el pacto colonial (Siglos XVII a XIX)”. Todas las publicaciones de la autora están disponibles en los perfiles académicos.</p>
<p style="text-align: justify">Es Directora de proyectos acreditados por la SECyT-UNC desde 2012. Actualmente dirige el Proyecto de Investigación  Categoría Consolidar, radicado en el Área de Historia, CIFFyH-UNC, para el período 2023-2027: “Gobernación del Tucumán: relaciones de dominación y explotación colonial sobre sociedades indígenas, procesos y coyunturas, instituciones y actores (S.XVI-XVIII).”</p>
<p>Ha sido Directora de la Escuela de Historia (FFyH-UNC) entre 2018 y 2023 y actualmente (2024-2027) es la Directora del Centro de Investigaciones de la Facultad (CIFFyH-UNC).</td>
</tr>
<tr>
<td style="width: 25%;text-align: justify" colspan="2">Contacto: <a href="mailto:isabel.castro@unc.edu.ar">isabel.castro@unc.edu.ar</a></p>
<p>ACADEMIA: <a href="https://cordoba.academia.edu/IsabelCastro">https://cordoba.academia.edu/IsabelCastro</a><br />
ORCID: <a href="https://orcid.org/0000-0002-1733-9372">https://orcid.org/0000-0002-1733-9372</a></td>
</tr>
</tbody>
</table>

<p>Profesora Adjunta concursada en «Historia de América I» (colonial) y Profesora Titular interina en “Etnohistoria Andina” (concursada como Asistente desde 2007) en la Escuela de Historia; también es Profesora Adjunta a cargo, interina, en «Historia de la Cultura Americana y Argentina» en la Escuela de Bibliotecología de la FFyH-UNC. Es Licenciada en Historia especializada en&#8230; </p>
<div class="link-more"><a href="https://ffyh.unc.edu.ar/historia/nuestrxs-docentes/castro/">Lea más</a></div>
