{"id":4210,"date":"2022-07-28T18:30:16","date_gmt":"2022-07-28T18:30:16","guid":{"rendered":"https:\/\/ffyh.unc.edu.ar\/historia\/?page_id=4210"},"modified":"2022-08-03T21:48:00","modified_gmt":"2022-08-03T21:48:00","slug":"carmignani","status":"publish","type":"page","link":"https:\/\/ffyh.unc.edu.ar\/historia\/nuestrxs-docentes\/carmignani\/","title":{"rendered":"Leticia Carmignani"},"content":{"rendered":"<p>&nbsp;<\/p>\n<table style=\"border-collapse: collapse;width: 100%;height: 695px\">\n<tbody>\n<tr style=\"height: 147px\">\n<td style=\"height: 147px\" colspan=\"2\">\n<p style=\"text-align: justify\"><img data-recalc-dims=\"1\" decoding=\"async\" data-attachment-id=\"4485\" data-permalink=\"https:\/\/ffyh.unc.edu.ar\/historia\/nuestrxs-docentes\/carmignani\/carmignani_foto\/\" data-orig-file=\"https:\/\/i0.wp.com\/ffyh.unc.edu.ar\/historia\/wp-content\/uploads\/sites\/37\/2022\/07\/Carmignani_foto.jpg?fit=345%2C346&amp;ssl=1\" data-orig-size=\"345,346\" data-comments-opened=\"0\" data-image-meta=\"{&quot;aperture&quot;:&quot;0&quot;,&quot;credit&quot;:&quot;&quot;,&quot;camera&quot;:&quot;&quot;,&quot;caption&quot;:&quot;&quot;,&quot;created_timestamp&quot;:&quot;1658961183&quot;,&quot;copyright&quot;:&quot;&quot;,&quot;focal_length&quot;:&quot;0&quot;,&quot;iso&quot;:&quot;0&quot;,&quot;shutter_speed&quot;:&quot;0&quot;,&quot;title&quot;:&quot;&quot;,&quot;orientation&quot;:&quot;1&quot;}\" data-image-title=\"Carmignani_foto\" data-image-description=\"\" data-image-caption=\"\" data-medium-file=\"https:\/\/i0.wp.com\/ffyh.unc.edu.ar\/historia\/wp-content\/uploads\/sites\/37\/2022\/07\/Carmignani_foto.jpg?fit=300%2C300&amp;ssl=1\" data-large-file=\"https:\/\/i0.wp.com\/ffyh.unc.edu.ar\/historia\/wp-content\/uploads\/sites\/37\/2022\/07\/Carmignani_foto.jpg?fit=345%2C346&amp;ssl=1\" class=\"size-thumbnail wp-image-4485 alignleft\" src=\"https:\/\/i0.wp.com\/ffyh.unc.edu.ar\/historia\/wp-content\/uploads\/sites\/37\/2022\/07\/Carmignani_foto.jpg?resize=150%2C150\" alt=\"\" width=\"150\" height=\"150\" srcset=\"https:\/\/i0.wp.com\/ffyh.unc.edu.ar\/historia\/wp-content\/uploads\/sites\/37\/2022\/07\/Carmignani_foto.jpg?resize=150%2C150&amp;ssl=1 150w, https:\/\/i0.wp.com\/ffyh.unc.edu.ar\/historia\/wp-content\/uploads\/sites\/37\/2022\/07\/Carmignani_foto.jpg?resize=300%2C300&amp;ssl=1 300w, https:\/\/i0.wp.com\/ffyh.unc.edu.ar\/historia\/wp-content\/uploads\/sites\/37\/2022\/07\/Carmignani_foto.jpg?resize=299%2C300&amp;ssl=1 299w, https:\/\/i0.wp.com\/ffyh.unc.edu.ar\/historia\/wp-content\/uploads\/sites\/37\/2022\/07\/Carmignani_foto.jpg?w=345&amp;ssl=1 345w\" sizes=\"(max-width: 150px) 100vw, 150px\" \/>Profesora Adjunta interina de Historia de Am\u00e9rica I, con concurso como Profesora Asistente en la misma c\u00e1tedra y Profesora Asistente interina en Etnohistoria Andina. Es Profesora, Licenciada y doctoranda en Historia (FFYH \u2013 UNC). Se especializa en el \u00e1rea de la Historia Colonial y Etnohistoria de la gobernaci\u00f3n del Tucum\u00e1n, durante los siglos XVI y XVII.<\/p>\n<p style=\"text-align: justify\">Es autora de numerosas ponencias presentadas en reuniones acad\u00e9micas. Ha publicado art\u00edculos, cap\u00edtulos de libro y transcripciones de documentos en torno a los procesos de invasi\u00f3n, organizaci\u00f3n y consolidaci\u00f3n de la gobernaci\u00f3n del Tucum\u00e1n, la pol\u00edtica colonial y los conflictos entre diferentes sectores sociales durante siglo XVI y XVII como \u201cExploraci\u00f3n, invasi\u00f3n y enfrentamientos entre huestes. Lenta y conflictiva conformaci\u00f3n de la Gobernaci\u00f3n del Tucum\u00e1n. (1535-1563)\u201d; publicado en 2018 en <i>Revista ANDES. Antropolog\u00eda e Historia. <\/i>y \u201c\u2018Soy en esta provincia muy odiado de los vecinos encomenderos\u2019. El gobernador del Tucum\u00e1n Alonso de Ribera y su proyecto pol\u00edtico (1605-1611)\u201d; publicado en 2015 en <i>Memoria Americana. Cuadernos de Etnohistoria. <\/i>Los art\u00edculos pueden consultarse en Academia.edu y la tesis de licenciatura en https:\/\/rdu.unc.edu.ar\/.<\/p>\n<p style=\"text-align: justify\">Desde el 2008 hasta el presente ha formado parte de Proyectos y Programas de Investigaci\u00f3n dirigidos por S. Palomeque, I. Castro Ola\u00f1eta y Sonia Tell radicados en el \u00c1rea Historia del CIFFyH y subsidiados por SECyT-UNC. Actualmente integra el Proyecto de Investigaci\u00f3n: \u201cSociedades ind\u00edgenas y sistema colonial: La Gobernaci\u00f3n del Tucum\u00e1n durante el per\u00edodo colonial\u201d, dirigido por I. Castro Ola\u00f1eta y del \u201cPrograma de Historia Regional Andina\u201d (CIFFyH-UNC).<\/p>\n<p style=\"text-align: justify\">Como proyecto individual se encuentra trabajando en su investigaci\u00f3n de doctorado en Historia titulada \u201cEconom\u00eda, pol\u00edtica y sociedad en la Gobernaci\u00f3n del Tucum\u00e1n (1535-1700). Invasi\u00f3n, organizaci\u00f3n y reproducci\u00f3n del sistema colonial\u201d.<\/p>\n<\/td>\n<\/tr>\n<tr>\n<td style=\"width: 25%\" colspan=\"2\">Contacto: <b>\u00a0<\/b><a href=\"mailto:lcarmignani@unc.edu.ar\">lcarmignani@unc.edu.ar<\/a><\/p>\n<p>ACADEMIA.EDU: <a href=\"https:\/\/cordoba.academia.edu\/LeticiaCarmignani\/Papers\">https:\/\/cordoba.academia.edu\/LeticiaCarmignani\/Papers<\/a><\/td>\n<\/tr>\n<\/tbody>\n<\/table>\n","protected":false},"excerpt":{"rendered":"<p>&nbsp; Profesora Adjunta interina de Historia de Am\u00e9rica I, con concurso como Profesora Asistente en la misma c\u00e1tedra y Profesora Asistente interina en Etnohistoria Andina. Es Profesora, Licenciada y doctoranda en Historia (FFYH \u2013 UNC). Se especializa en el \u00e1rea de la Historia Colonial y Etnohistoria de la gobernaci\u00f3n del Tucum\u00e1n, durante los siglos XVI&#8230; <\/p>\n<div class=\"link-more\"><a href=\"https:\/\/ffyh.unc.edu.ar\/historia\/nuestrxs-docentes\/carmignani\/\">Lea m\u00e1s<\/a><\/div>\n","protected":false},"author":34,"featured_media":0,"parent":4089,"menu_order":0,"comment_status":"closed","ping_status":"closed","template":"","meta":{"_acf_changed":false,"_monsterinsights_skip_tracking":false,"_monsterinsights_sitenote_active":false,"_monsterinsights_sitenote_note":"","_monsterinsights_sitenote_category":0,"footnotes":""},"class_list":["post-4210","page","type-page","status-publish","hentry"],"acf":[],"jetpack_sharing_enabled":true,"_links":{"self":[{"href":"https:\/\/ffyh.unc.edu.ar\/historia\/wp-json\/wp\/v2\/pages\/4210","targetHints":{"allow":["GET"]}}],"collection":[{"href":"https:\/\/ffyh.unc.edu.ar\/historia\/wp-json\/wp\/v2\/pages"}],"about":[{"href":"https:\/\/ffyh.unc.edu.ar\/historia\/wp-json\/wp\/v2\/types\/page"}],"author":[{"embeddable":true,"href":"https:\/\/ffyh.unc.edu.ar\/historia\/wp-json\/wp\/v2\/users\/34"}],"replies":[{"embeddable":true,"href":"https:\/\/ffyh.unc.edu.ar\/historia\/wp-json\/wp\/v2\/comments?post=4210"}],"version-history":[{"count":9,"href":"https:\/\/ffyh.unc.edu.ar\/historia\/wp-json\/wp\/v2\/pages\/4210\/revisions"}],"predecessor-version":[{"id":4834,"href":"https:\/\/ffyh.unc.edu.ar\/historia\/wp-json\/wp\/v2\/pages\/4210\/revisions\/4834"}],"up":[{"embeddable":true,"href":"https:\/\/ffyh.unc.edu.ar\/historia\/wp-json\/wp\/v2\/pages\/4089"}],"wp:attachment":[{"href":"https:\/\/ffyh.unc.edu.ar\/historia\/wp-json\/wp\/v2\/media?parent=4210"}],"curies":[{"name":"wp","href":"https:\/\/api.w.org\/{rel}","templated":true}]}}

<p>&nbsp;</p>
<table style="border-collapse: collapse;width: 100%;height: 695px">
<tbody>
<tr style="height: 147px">
<td style="height: 147px" colspan="2">
<p style="text-align: justify"><img data-recalc-dims="1" decoding="async" data-attachment-id="4485" data-permalink="https://ffyh.unc.edu.ar/historia/nuestrxs-docentes/carmignani/carmignani_foto/" data-orig-file="https://i0.wp.com/ffyh.unc.edu.ar/historia/wp-content/uploads/sites/37/2022/07/Carmignani_foto.jpg?fit=345%2C346&amp;ssl=1" data-orig-size="345,346" data-comments-opened="0" data-image-meta="{&quot;aperture&quot;:&quot;0&quot;,&quot;credit&quot;:&quot;&quot;,&quot;camera&quot;:&quot;&quot;,&quot;caption&quot;:&quot;&quot;,&quot;created_timestamp&quot;:&quot;1658961183&quot;,&quot;copyright&quot;:&quot;&quot;,&quot;focal_length&quot;:&quot;0&quot;,&quot;iso&quot;:&quot;0&quot;,&quot;shutter_speed&quot;:&quot;0&quot;,&quot;title&quot;:&quot;&quot;,&quot;orientation&quot;:&quot;1&quot;}" data-image-title="Carmignani_foto" data-image-description="" data-image-caption="" data-medium-file="https://i0.wp.com/ffyh.unc.edu.ar/historia/wp-content/uploads/sites/37/2022/07/Carmignani_foto.jpg?fit=300%2C300&amp;ssl=1" data-large-file="https://i0.wp.com/ffyh.unc.edu.ar/historia/wp-content/uploads/sites/37/2022/07/Carmignani_foto.jpg?fit=345%2C346&amp;ssl=1" class="size-thumbnail wp-image-4485 alignleft" src="https://i0.wp.com/ffyh.unc.edu.ar/historia/wp-content/uploads/sites/37/2022/07/Carmignani_foto.jpg?resize=150%2C150" alt="" width="150" height="150" srcset="https://i0.wp.com/ffyh.unc.edu.ar/historia/wp-content/uploads/sites/37/2022/07/Carmignani_foto.jpg?resize=150%2C150&amp;ssl=1 150w, https://i0.wp.com/ffyh.unc.edu.ar/historia/wp-content/uploads/sites/37/2022/07/Carmignani_foto.jpg?resize=300%2C300&amp;ssl=1 300w, https://i0.wp.com/ffyh.unc.edu.ar/historia/wp-content/uploads/sites/37/2022/07/Carmignani_foto.jpg?resize=299%2C300&amp;ssl=1 299w, https://i0.wp.com/ffyh.unc.edu.ar/historia/wp-content/uploads/sites/37/2022/07/Carmignani_foto.jpg?w=345&amp;ssl=1 345w" sizes="(max-width: 150px) 100vw, 150px" />Profesora Adjunta interina de Historia de América I, con concurso como Profesora Asistente en la misma cátedra y Profesora Asistente interina en Etnohistoria Andina. Es Profesora, Licenciada y doctoranda en Historia (FFYH – UNC). Se especializa en el área de la Historia Colonial y Etnohistoria de la gobernación del Tucumán, durante los siglos XVI y XVII.</p>
<p style="text-align: justify">Es autora de numerosas ponencias presentadas en reuniones académicas. Ha publicado artículos, capítulos de libro y transcripciones de documentos en torno a los procesos de invasión, organización y consolidación de la gobernación del Tucumán, la política colonial y los conflictos entre diferentes sectores sociales durante siglo XVI y XVII como “Exploración, invasión y enfrentamientos entre huestes. Lenta y conflictiva conformación de la Gobernación del Tucumán. (1535-1563)”; publicado en 2018 en <i>Revista ANDES. Antropología e Historia. </i>y “‘Soy en esta provincia muy odiado de los vecinos encomenderos’. El gobernador del Tucumán Alonso de Ribera y su proyecto político (1605-1611)”; publicado en 2015 en <i>Memoria Americana. Cuadernos de Etnohistoria. </i>Los artículos pueden consultarse en Academia.edu y la tesis de licenciatura en https://rdu.unc.edu.ar/.</p>
<p style="text-align: justify">Desde el 2008 hasta el presente ha formado parte de Proyectos y Programas de Investigación dirigidos por S. Palomeque, I. Castro Olañeta y Sonia Tell radicados en el Área Historia del CIFFyH y subsidiados por SECyT-UNC. Actualmente integra el Proyecto de Investigación: “Sociedades indígenas y sistema colonial: La Gobernación del Tucumán durante el período colonial”, dirigido por I. Castro Olañeta y del “Programa de Historia Regional Andina” (CIFFyH-UNC).</p>
<p style="text-align: justify">Como proyecto individual se encuentra trabajando en su investigación de doctorado en Historia titulada “Economía, política y sociedad en la Gobernación del Tucumán (1535-1700). Invasión, organización y reproducción del sistema colonial”.</p>
</td>
</tr>
<tr>
<td style="width: 25%" colspan="2">Contacto: <b> </b><a href="mailto:lcarmignani@unc.edu.ar">lcarmignani@unc.edu.ar</a></p>
<p>ACADEMIA.EDU: <a href="https://cordoba.academia.edu/LeticiaCarmignani/Papers">https://cordoba.academia.edu/LeticiaCarmignani/Papers</a></td>
</tr>
</tbody>
</table>

<p>&nbsp; Profesora Adjunta interina de Historia de América I, con concurso como Profesora Asistente en la misma cátedra y Profesora Asistente interina en Etnohistoria Andina. Es Profesora, Licenciada y doctoranda en Historia (FFYH – UNC). Se especializa en el área de la Historia Colonial y Etnohistoria de la gobernación del Tucumán, durante los siglos XVI&#8230; </p>
<div class="link-more"><a href="https://ffyh.unc.edu.ar/historia/nuestrxs-docentes/carmignani/">Lea más</a></div>
