{"id":4212,"date":"2022-07-28T18:30:41","date_gmt":"2022-07-28T18:30:41","guid":{"rendered":"https:\/\/ffyh.unc.edu.ar\/historia\/?page_id=4212"},"modified":"2022-08-03T21:50:33","modified_gmt":"2022-08-03T21:50:33","slug":"borrastero","status":"publish","type":"page","link":"https:\/\/ffyh.unc.edu.ar\/historia\/nuestrxs-docentes\/borrastero\/","title":{"rendered":"Lucas Borrastero"},"content":{"rendered":"<table style=\"border-collapse: collapse;width: 100%\">\n<tbody>\n<tr>\n<td colspan=\"2\">\n<p style=\"text-align: justify\"><img data-recalc-dims=\"1\" loading=\"lazy\" decoding=\"async\" data-attachment-id=\"4476\" data-permalink=\"https:\/\/ffyh.unc.edu.ar\/historia\/nuestrxs-docentes\/borrastero\/borrastero_foto\/\" data-orig-file=\"https:\/\/i0.wp.com\/ffyh.unc.edu.ar\/historia\/wp-content\/uploads\/sites\/37\/2022\/07\/Borrastero_foto.jpg?fit=388%2C388&amp;ssl=1\" data-orig-size=\"388,388\" data-comments-opened=\"0\" data-image-meta=\"{&quot;aperture&quot;:&quot;0&quot;,&quot;credit&quot;:&quot;&quot;,&quot;camera&quot;:&quot;&quot;,&quot;caption&quot;:&quot;&quot;,&quot;created_timestamp&quot;:&quot;1658961192&quot;,&quot;copyright&quot;:&quot;&quot;,&quot;focal_length&quot;:&quot;0&quot;,&quot;iso&quot;:&quot;0&quot;,&quot;shutter_speed&quot;:&quot;0&quot;,&quot;title&quot;:&quot;&quot;,&quot;orientation&quot;:&quot;1&quot;}\" data-image-title=\"Borrastero_foto\" data-image-description=\"\" data-image-caption=\"\" data-medium-file=\"https:\/\/i0.wp.com\/ffyh.unc.edu.ar\/historia\/wp-content\/uploads\/sites\/37\/2022\/07\/Borrastero_foto.jpg?fit=300%2C300&amp;ssl=1\" data-large-file=\"https:\/\/i0.wp.com\/ffyh.unc.edu.ar\/historia\/wp-content\/uploads\/sites\/37\/2022\/07\/Borrastero_foto.jpg?fit=388%2C388&amp;ssl=1\" class=\"size-thumbnail wp-image-4476 alignleft\" src=\"https:\/\/i0.wp.com\/ffyh.unc.edu.ar\/historia\/wp-content\/uploads\/sites\/37\/2022\/07\/Borrastero_foto.jpg?resize=150%2C150\" alt=\"\" width=\"150\" height=\"150\" srcset=\"https:\/\/i0.wp.com\/ffyh.unc.edu.ar\/historia\/wp-content\/uploads\/sites\/37\/2022\/07\/Borrastero_foto.jpg?resize=150%2C150&amp;ssl=1 150w, https:\/\/i0.wp.com\/ffyh.unc.edu.ar\/historia\/wp-content\/uploads\/sites\/37\/2022\/07\/Borrastero_foto.jpg?resize=300%2C300&amp;ssl=1 300w, https:\/\/i0.wp.com\/ffyh.unc.edu.ar\/historia\/wp-content\/uploads\/sites\/37\/2022\/07\/Borrastero_foto.jpg?w=388&amp;ssl=1 388w\" sizes=\"(max-width: 150px) 100vw, 150px\" \/>Profesor Asistente por concurso en Historia de Am\u00e9rica I. Profesor y Licenciado en Historia, actualmente se encuentra finalizando el Doctorado en Historia (FFyH-UNC), con t\u00edtulo: <i>Las sociedades ind\u00edgenas y su participaci\u00f3n en la econom\u00eda mercantil durante el primer siglo del sistema colonial. \u00bfS\u00f3lo un proceso de \u00abhispanizaci\u00f3n\u00bb? (C\u00f3rdoba 1573-1670)\u201d<\/i>, dirigido por Sonia Tell y codirigido por I. Castro Ola\u00f1eta<i>. <\/i>Es Profesor Asistente concursado en Historia de Am\u00e9rica I, con carga anexa en la c\u00e1tedra de Etnohistoria Andina.<\/p>\n<p style=\"text-align: justify\">Ha publicado art\u00edculos hist\u00f3ricos y etnohist\u00f3ricos en revistas nacionales e internacionales sobre las sociedades ind\u00edgenas y sus relaciones con el sistema de dominaci\u00f3n espa\u00f1ol en la jurisdicci\u00f3n de C\u00f3rdoba (Gob. del Tucum\u00e1n) durante periodo prehisp\u00e1nico tard\u00edo y colonial tempano. Entre ellos: <i>Las sociedades y su incorporaci\u00f3n al proceso de producci\u00f3n de textiles en el per\u00edodo colonial temprano (C\u00f3rdoba, 1573-1620)<\/i>; <i>Normativas sobre el matrimonio y la residencia ind\u00edgena en la jurisdicci\u00f3n de C\u00f3rdoba (Gobernaci\u00f3n del Tucum\u00e1n, 1573 &#8211; 1598); Participaci\u00f3n ind\u00edgena en las actividades productivas del espacio rural de C\u00f3rdoba. Revisi\u00f3n del pueblo de encomienda del Quilpo a fines del siglo XVI, <\/i>entre otros.<\/p>\n<p style=\"text-align: justify\">Desde el 2007 hasta el presente ha formado parte de Proyectos y Programas de Investigaci\u00f3n dirigidos por S. Palomeque, Sonia Tell e I. Castro Ola\u00f1eta radicados en el \u00c1rea Historia del CIFFyH y subsidiados por SECyT-UNC.\u00a0 Actualmente integra el Proyecto de Investigaci\u00f3n: <i>Sociedades ind\u00edgenas y sistema colonial: La Gobernaci\u00f3n del Tucum\u00e1n durante el per\u00edodo colonial<\/i> dirigido por I. Castro Ola\u00f1eta y el Programa de Historia Regional Andina (CIFFyH-UNC).<\/p>\n<\/td>\n<\/tr>\n<tr>\n<td style=\"width: 25%\" colspan=\"2\">Contacto: <a href=\"mailto:lborrastero@unc.edu.ar\">lborrastero@unc.edu.ar<\/a><\/p>\n<p>ACADEMIA.EDU: <a href=\"https:\/\/cordoba.academia.edu\/LucasBorrastero\">https:\/\/cordoba.academia.edu\/LucasBorrastero<\/a><\/td>\n<\/tr>\n<\/tbody>\n<\/table>\n","protected":false},"excerpt":{"rendered":"<p>Profesor Asistente por concurso en Historia de Am\u00e9rica I. Profesor y Licenciado en Historia, actualmente se encuentra finalizando el Doctorado en Historia (FFyH-UNC), con t\u00edtulo: Las sociedades ind\u00edgenas y su participaci\u00f3n en la econom\u00eda mercantil durante el primer siglo del sistema colonial. \u00bfS\u00f3lo un proceso de \u00abhispanizaci\u00f3n\u00bb? (C\u00f3rdoba 1573-1670)\u201d, dirigido por Sonia Tell y codirigido&#8230; <\/p>\n<div class=\"link-more\"><a href=\"https:\/\/ffyh.unc.edu.ar\/historia\/nuestrxs-docentes\/borrastero\/\">Lea m\u00e1s<\/a><\/div>\n","protected":false},"author":34,"featured_media":0,"parent":4089,"menu_order":0,"comment_status":"closed","ping_status":"closed","template":"","meta":{"_acf_changed":false,"saved_in_kubio":false,"_monsterinsights_skip_tracking":false,"_monsterinsights_sitenote_active":false,"_monsterinsights_sitenote_note":"","_monsterinsights_sitenote_category":0,"footnotes":""},"class_list":["post-4212","page","type-page","status-publish","hentry"],"acf":[],"kubio_ai_page_context":{"short_desc":"","purpose":"general"},"jetpack_sharing_enabled":true,"_links":{"self":[{"href":"https:\/\/ffyh.unc.edu.ar\/historia\/wp-json\/wp\/v2\/pages\/4212","targetHints":{"allow":["GET"]}}],"collection":[{"href":"https:\/\/ffyh.unc.edu.ar\/historia\/wp-json\/wp\/v2\/pages"}],"about":[{"href":"https:\/\/ffyh.unc.edu.ar\/historia\/wp-json\/wp\/v2\/types\/page"}],"author":[{"embeddable":true,"href":"https:\/\/ffyh.unc.edu.ar\/historia\/wp-json\/wp\/v2\/users\/34"}],"replies":[{"embeddable":true,"href":"https:\/\/ffyh.unc.edu.ar\/historia\/wp-json\/wp\/v2\/comments?post=4212"}],"version-history":[{"count":11,"href":"https:\/\/ffyh.unc.edu.ar\/historia\/wp-json\/wp\/v2\/pages\/4212\/revisions"}],"predecessor-version":[{"id":4838,"href":"https:\/\/ffyh.unc.edu.ar\/historia\/wp-json\/wp\/v2\/pages\/4212\/revisions\/4838"}],"up":[{"embeddable":true,"href":"https:\/\/ffyh.unc.edu.ar\/historia\/wp-json\/wp\/v2\/pages\/4089"}],"wp:attachment":[{"href":"https:\/\/ffyh.unc.edu.ar\/historia\/wp-json\/wp\/v2\/media?parent=4212"}],"curies":[{"name":"wp","href":"https:\/\/api.w.org\/{rel}","templated":true}]}}