{"id":4224,"date":"2022-07-28T18:46:48","date_gmt":"2022-07-28T18:46:48","guid":{"rendered":"https:\/\/ffyh.unc.edu.ar\/historia\/?page_id=4224"},"modified":"2022-11-17T13:32:29","modified_gmt":"2022-11-17T13:32:29","slug":"santarrosa","status":"publish","type":"page","link":"https:\/\/ffyh.unc.edu.ar\/historia\/nuestrxs-docentes\/santarrosa\/","title":{"rendered":"Jorge Santarrosa"},"content":{"rendered":"<table style=\"border-collapse: collapse;width: 100%\">\n<tbody>\n<tr>\n<td style=\"width: 99.8788%\" colspan=\"2\">\n<p style=\"text-align: justify\"><img data-recalc-dims=\"1\" loading=\"lazy\" decoding=\"async\" data-attachment-id=\"4999\" data-permalink=\"https:\/\/ffyh.unc.edu.ar\/historia\/nuestrxs-docentes\/santarrosa\/img-20220915-wa0039\/\" data-orig-file=\"https:\/\/i0.wp.com\/ffyh.unc.edu.ar\/historia\/wp-content\/uploads\/sites\/37\/2022\/09\/IMG-20220915-WA0039.jpg?fit=1600%2C1069&amp;ssl=1\" data-orig-size=\"1600,1069\" data-comments-opened=\"0\" data-image-meta=\"{&quot;aperture&quot;:&quot;0&quot;,&quot;credit&quot;:&quot;&quot;,&quot;camera&quot;:&quot;&quot;,&quot;caption&quot;:&quot;&quot;,&quot;created_timestamp&quot;:&quot;0&quot;,&quot;copyright&quot;:&quot;&quot;,&quot;focal_length&quot;:&quot;0&quot;,&quot;iso&quot;:&quot;0&quot;,&quot;shutter_speed&quot;:&quot;0&quot;,&quot;title&quot;:&quot;&quot;,&quot;orientation&quot;:&quot;0&quot;}\" data-image-title=\"IMG-20220915-WA0039\" data-image-description=\"\" data-image-caption=\"\" data-medium-file=\"https:\/\/i0.wp.com\/ffyh.unc.edu.ar\/historia\/wp-content\/uploads\/sites\/37\/2022\/09\/IMG-20220915-WA0039.jpg?fit=300%2C200&amp;ssl=1\" data-large-file=\"https:\/\/i0.wp.com\/ffyh.unc.edu.ar\/historia\/wp-content\/uploads\/sites\/37\/2022\/09\/IMG-20220915-WA0039.jpg?fit=1000%2C668&amp;ssl=1\" class=\"alignleft size-thumbnail wp-image-4999\" src=\"https:\/\/i0.wp.com\/ffyh.unc.edu.ar\/historia\/wp-content\/uploads\/sites\/37\/2022\/09\/IMG-20220915-WA0039.jpg?resize=150%2C150\" alt=\"\" width=\"150\" height=\"150\" srcset=\"https:\/\/i0.wp.com\/ffyh.unc.edu.ar\/historia\/wp-content\/uploads\/sites\/37\/2022\/09\/IMG-20220915-WA0039.jpg?resize=150%2C150&amp;ssl=1 150w, https:\/\/i0.wp.com\/ffyh.unc.edu.ar\/historia\/wp-content\/uploads\/sites\/37\/2022\/09\/IMG-20220915-WA0039.jpg?zoom=2&amp;resize=150%2C150 300w, https:\/\/i0.wp.com\/ffyh.unc.edu.ar\/historia\/wp-content\/uploads\/sites\/37\/2022\/09\/IMG-20220915-WA0039.jpg?zoom=3&amp;resize=150%2C150 450w\" sizes=\"(max-width: 150px) 100vw, 150px\" \/>Jorge Santarrosa es Profesor Adjunto concursado, a cargo de Historia Contempor\u00e1nea de Asia y \u00c1frica, y Profesor Asistente concursado en Historia Contempor\u00e1nea.<\/p>\n<p style=\"text-align: justify\">Licenciado en Historia, realiz\u00f3 estancias de formaci\u00f3n en la Rep\u00fablica de Corea (Korean Language and Cultural Studies Program, Korea National University) con Beca correspondiente en Se\u00fal de la Korea Foundation, Gobierno de la Rep\u00fablica de Corea; y un Curso de Especializaci\u00f3n de Postgrado sobre Procesos de Integraci\u00f3n en Asia, Europa y Am\u00e9rica Latina, dictado por la Universidad de Leiden (Holanda), con Beca del Programa ALFA, Red ASALFA, Proyecto CABRAL de la Comunidad Europea.<\/p>\n<p style=\"text-align: justify\">Especializado en Historia de Corea, es integrante de la Asociaci\u00f3n Argentina de Estudios Coreanos.<\/p>\n<\/td>\n<\/tr>\n<tr>\n<td style=\"width: 85.697%\">Contacto: <i>jsantarrosa@unc.edu.ar<\/i><\/td>\n<td style=\"width: 14.1818%\"><\/td>\n<\/tr>\n<\/tbody>\n<\/table>\n","protected":false},"excerpt":{"rendered":"<p>Jorge Santarrosa es Profesor Adjunto concursado, a cargo de Historia Contempor\u00e1nea de Asia y \u00c1frica, y Profesor Asistente concursado en Historia Contempor\u00e1nea. Licenciado en Historia, realiz\u00f3 estancias de formaci\u00f3n en la Rep\u00fablica de Corea (Korean Language and Cultural Studies Program, Korea National University) con Beca correspondiente en Se\u00fal de la Korea Foundation, Gobierno de la&#8230; <\/p>\n<div class=\"link-more\"><a href=\"https:\/\/ffyh.unc.edu.ar\/historia\/nuestrxs-docentes\/santarrosa\/\">Lea m\u00e1s<\/a><\/div>\n","protected":false},"author":34,"featured_media":0,"parent":4089,"menu_order":0,"comment_status":"closed","ping_status":"closed","template":"","meta":{"_acf_changed":false,"saved_in_kubio":false,"_monsterinsights_skip_tracking":false,"_monsterinsights_sitenote_active":false,"_monsterinsights_sitenote_note":"","_monsterinsights_sitenote_category":0,"footnotes":""},"class_list":["post-4224","page","type-page","status-publish","hentry"],"acf":[],"kubio_ai_page_context":{"short_desc":"","purpose":"general"},"jetpack_sharing_enabled":true,"_links":{"self":[{"href":"https:\/\/ffyh.unc.edu.ar\/historia\/wp-json\/wp\/v2\/pages\/4224","targetHints":{"allow":["GET"]}}],"collection":[{"href":"https:\/\/ffyh.unc.edu.ar\/historia\/wp-json\/wp\/v2\/pages"}],"about":[{"href":"https:\/\/ffyh.unc.edu.ar\/historia\/wp-json\/wp\/v2\/types\/page"}],"author":[{"embeddable":true,"href":"https:\/\/ffyh.unc.edu.ar\/historia\/wp-json\/wp\/v2\/users\/34"}],"replies":[{"embeddable":true,"href":"https:\/\/ffyh.unc.edu.ar\/historia\/wp-json\/wp\/v2\/comments?post=4224"}],"version-history":[{"count":7,"href":"https:\/\/ffyh.unc.edu.ar\/historia\/wp-json\/wp\/v2\/pages\/4224\/revisions"}],"predecessor-version":[{"id":4725,"href":"https:\/\/ffyh.unc.edu.ar\/historia\/wp-json\/wp\/v2\/pages\/4224\/revisions\/4725"}],"up":[{"embeddable":true,"href":"https:\/\/ffyh.unc.edu.ar\/historia\/wp-json\/wp\/v2\/pages\/4089"}],"wp:attachment":[{"href":"https:\/\/ffyh.unc.edu.ar\/historia\/wp-json\/wp\/v2\/media?parent=4224"}],"curies":[{"name":"wp","href":"https:\/\/api.w.org\/{rel}","templated":true}]}}