{"id":4226,"date":"2022-07-28T18:47:44","date_gmt":"2022-07-28T18:47:44","guid":{"rendered":"https:\/\/ffyh.unc.edu.ar\/historia\/?page_id=4226"},"modified":"2024-11-29T18:37:00","modified_gmt":"2024-11-29T18:37:00","slug":"aguero","status":"publish","type":"page","link":"https:\/\/ffyh.unc.edu.ar\/historia\/nuestrxs-docentes\/aguero\/","title":{"rendered":"Ana Clarisa Ag\u00fcero"},"content":{"rendered":"<table style=\"border-collapse: collapse;width: 100%\">\n<tbody>\n<tr>\n<td colspan=\"2\">\n<p style=\"text-align: justify\"><img data-recalc-dims=\"1\" loading=\"lazy\" decoding=\"async\" data-attachment-id=\"6344\" data-permalink=\"https:\/\/ffyh.unc.edu.ar\/historia\/ana-clarisa-aguero\/\" data-orig-file=\"https:\/\/i0.wp.com\/ffyh.unc.edu.ar\/historia\/wp-content\/uploads\/sites\/37\/2024\/11\/Ana-Clarisa-Aguero.jpeg?fit=216%2C245&amp;ssl=1\" data-orig-size=\"216,245\" data-comments-opened=\"0\" data-image-meta=\"{&quot;aperture&quot;:&quot;0&quot;,&quot;credit&quot;:&quot;&quot;,&quot;camera&quot;:&quot;&quot;,&quot;caption&quot;:&quot;&quot;,&quot;created_timestamp&quot;:&quot;0&quot;,&quot;copyright&quot;:&quot;&quot;,&quot;focal_length&quot;:&quot;0&quot;,&quot;iso&quot;:&quot;0&quot;,&quot;shutter_speed&quot;:&quot;0&quot;,&quot;title&quot;:&quot;&quot;,&quot;orientation&quot;:&quot;0&quot;}\" data-image-title=\"Ana Clarisa Ag\u00fcero\" data-image-description=\"\" data-image-caption=\"\" data-medium-file=\"https:\/\/i0.wp.com\/ffyh.unc.edu.ar\/historia\/wp-content\/uploads\/sites\/37\/2024\/11\/Ana-Clarisa-Aguero.jpeg?fit=216%2C245&amp;ssl=1\" data-large-file=\"https:\/\/i0.wp.com\/ffyh.unc.edu.ar\/historia\/wp-content\/uploads\/sites\/37\/2024\/11\/Ana-Clarisa-Aguero.jpeg?fit=216%2C245&amp;ssl=1\" class=\"wp-image-6344 alignleft\" src=\"https:\/\/i0.wp.com\/ffyh.unc.edu.ar\/historia\/wp-content\/uploads\/sites\/37\/2024\/11\/Ana-Clarisa-Aguero.jpeg?resize=166%2C188\" alt=\"\" width=\"166\" height=\"188\" \/><\/p>\n<p style=\"text-align: justify\">Es Doctora en Historia por la Universidad Nacional de C\u00f3rdoba, donde se desempe\u00f1a como Profesora Titular concursada de Historia Argentina I (Escuela de Historia de la FFyH-UNC) e Investigadora Independiente del Consejo Nacional de Investigaciones Cient\u00edficas y T\u00e9cnicas (Instituto de Antropolog\u00eda de C\u00f3rdoba, UNC\/CONICET). Integra el Programa de Historia y Antropolog\u00eda de la Cultura (IDACOR), que dirige, y el Comit\u00e9 Editor del Proyecto Culturas Interiores. Entre otros, particip\u00f3 o participa como Profesora Invitada de los planteles de la Maestr\u00eda de Historia Intelectual (UNQ), la Maestr\u00eda de Historia Pol\u00edtica de la UdelaR (Uruguay) y el Doctorado de Estudios Sociales y de la Cultura (UNSa). Desde 2020, integra la secci\u00f3n argentina del Comit\u00e9 Editor de la revista <em>Pass\u00e9s Futurs<\/em> (EHESS, Paris).<\/p>\n<p style=\"text-align: justify\">En forma de libro, es autora de <em>1852. Guerra, capitalismo y organizaci\u00f3n nacional <\/em>(Ediciones UNGS, en prensa), <em>Local\/nacional. Una historia cultural de C\u00f3rdoba en el contacto con Buenos Aires (1880-1918)<\/em> (UNQ, 2017 -3\u00ba Premio Nacional, cat. Ensayo hist\u00f3rico, 2021) y <em>El espacio del arte. Una microhistoria del Museo Polit\u00e9cnico de C\u00f3rdoba entre 1911 y 1916<\/em> (Editorial FFyH-UNC, 2009). Es tambi\u00e9n co-editora de <em>Variaciones del reformismo. Tiempos y experiencias<\/em> (HyA-UNR, 2018, junto a Alejandro Eujanian) y <em>Culturas Interiores. C\u00f3rdoba en la geograf\u00eda nacional e internacional de la cultura<\/em> (Al Margen, 2010 -junto a Diego Garc\u00eda).<\/p>\n<p style=\"text-align: justify\">Actualmente (2024), dirige el proyecto colectivo \u201cProblemas de historia de la cultura y las ideas en Argentina, fase II: <em>culturas <\/em>e<em> ideas<\/em>, m\u00e1s ac\u00e1 y m\u00e1s all\u00e1 de las historias nacionales\u201d (Co-Dir.: D. Garc\u00eda, SeCyT-UNC), e integra como Investigadora de Equipo Responsable el PICT \u201cJerarqu\u00edas culturales e interdependencias espaciales: centros y periferias en la evoluci\u00f3n del campo editorial argentino\u201d (Dir.: Gustavo Sor\u00e1, Agencia Nacional de Promoci\u00f3n Cient\u00edfica y Tecnol\u00f3gica).<\/p>\n<\/td>\n<\/tr>\n<tr>\n<td style=\"width: 0.491159%\" colspan=\"2\">Contacto: <a href=\"mailto:ana.clarisa.aguero@unc.edu.ar\">ana.clarisa.aguero@unc.edu.ar<\/a><\/p>\n<p>ACADEMIA.EDU: <a href=\"https:\/\/conicet.academia.edu\/AnaClarisaAg%C3%BCero\" target=\"_blank\" rel=\"noopener\">https:\/\/conicet.academia.edu\/AnaClarisaAg%C3%BCero<\/a><br \/>\nCONICET: <a href=\"https:\/\/www.conicet.gov.ar\/new_scp\/detalle.php?id=36605&amp;datos_academicos=yes\" target=\"_blank\" rel=\"noopener\">https:\/\/www.conicet.gov.ar\/new_scp\/detalle.php?id=36605&amp;datos_academicos=yes<\/a><\/td>\n<\/tr>\n<\/tbody>\n<\/table>\n","protected":false},"excerpt":{"rendered":"<p>Es Doctora en Historia por la Universidad Nacional de C\u00f3rdoba, donde se desempe\u00f1a como Profesora Titular concursada de Historia Argentina I (Escuela de Historia de la FFyH-UNC) e Investigadora Independiente del Consejo Nacional de Investigaciones Cient\u00edficas y T\u00e9cnicas (Instituto de Antropolog\u00eda de C\u00f3rdoba, UNC\/CONICET). Integra el Programa de Historia y Antropolog\u00eda de la Cultura (IDACOR),&#8230; <\/p>\n<div class=\"link-more\"><a href=\"https:\/\/ffyh.unc.edu.ar\/historia\/nuestrxs-docentes\/aguero\/\">Lea m\u00e1s<\/a><\/div>\n","protected":false},"author":34,"featured_media":0,"parent":4089,"menu_order":0,"comment_status":"closed","ping_status":"closed","template":"","meta":{"_acf_changed":false,"saved_in_kubio":false,"_monsterinsights_skip_tracking":false,"_monsterinsights_sitenote_active":false,"_monsterinsights_sitenote_note":"","_monsterinsights_sitenote_category":0,"footnotes":""},"class_list":["post-4226","page","type-page","status-publish","hentry"],"acf":[],"kubio_ai_page_context":{"short_desc":"","purpose":"general"},"jetpack_sharing_enabled":true,"_links":{"self":[{"href":"https:\/\/ffyh.unc.edu.ar\/historia\/wp-json\/wp\/v2\/pages\/4226","targetHints":{"allow":["GET"]}}],"collection":[{"href":"https:\/\/ffyh.unc.edu.ar\/historia\/wp-json\/wp\/v2\/pages"}],"about":[{"href":"https:\/\/ffyh.unc.edu.ar\/historia\/wp-json\/wp\/v2\/types\/page"}],"author":[{"embeddable":true,"href":"https:\/\/ffyh.unc.edu.ar\/historia\/wp-json\/wp\/v2\/users\/34"}],"replies":[{"embeddable":true,"href":"https:\/\/ffyh.unc.edu.ar\/historia\/wp-json\/wp\/v2\/comments?post=4226"}],"version-history":[{"count":18,"href":"https:\/\/ffyh.unc.edu.ar\/historia\/wp-json\/wp\/v2\/pages\/4226\/revisions"}],"predecessor-version":[{"id":6348,"href":"https:\/\/ffyh.unc.edu.ar\/historia\/wp-json\/wp\/v2\/pages\/4226\/revisions\/6348"}],"up":[{"embeddable":true,"href":"https:\/\/ffyh.unc.edu.ar\/historia\/wp-json\/wp\/v2\/pages\/4089"}],"wp:attachment":[{"href":"https:\/\/ffyh.unc.edu.ar\/historia\/wp-json\/wp\/v2\/media?parent=4226"}],"curies":[{"name":"wp","href":"https:\/\/api.w.org\/{rel}","templated":true}]}}