{"id":4236,"date":"2022-07-28T18:51:23","date_gmt":"2022-07-28T18:51:23","guid":{"rendered":"https:\/\/ffyh.unc.edu.ar\/historia\/?page_id=4236"},"modified":"2022-07-30T03:12:43","modified_gmt":"2022-07-30T03:12:43","slug":"magliano","status":"publish","type":"page","link":"https:\/\/ffyh.unc.edu.ar\/historia\/nuestrxs-docentes\/magliano\/","title":{"rendered":"Mar\u00eda Jos\u00e9 Magliano"},"content":{"rendered":"<table style=\"border-collapse: collapse;width: 100%\">\n<tbody>\n<tr>\n<td colspan=\"2\"><img data-recalc-dims=\"1\" decoding=\"async\" data-attachment-id=\"4521\" data-permalink=\"https:\/\/ffyh.unc.edu.ar\/historia\/nuestrxs-docentes\/magliano\/magliano_foto\/\" data-orig-file=\"https:\/\/i0.wp.com\/ffyh.unc.edu.ar\/historia\/wp-content\/uploads\/sites\/37\/2022\/07\/Magliano_foto.jpg?fit=371%2C371&amp;ssl=1\" data-orig-size=\"371,371\" data-comments-opened=\"0\" data-image-meta=\"{&quot;aperture&quot;:&quot;0&quot;,&quot;credit&quot;:&quot;&quot;,&quot;camera&quot;:&quot;&quot;,&quot;caption&quot;:&quot;&quot;,&quot;created_timestamp&quot;:&quot;0&quot;,&quot;copyright&quot;:&quot;&quot;,&quot;focal_length&quot;:&quot;0&quot;,&quot;iso&quot;:&quot;0&quot;,&quot;shutter_speed&quot;:&quot;0&quot;,&quot;title&quot;:&quot;&quot;,&quot;orientation&quot;:&quot;0&quot;}\" data-image-title=\"Magliano_foto\" data-image-description=\"\" data-image-caption=\"\" data-medium-file=\"https:\/\/i0.wp.com\/ffyh.unc.edu.ar\/historia\/wp-content\/uploads\/sites\/37\/2022\/07\/Magliano_foto.jpg?fit=300%2C300&amp;ssl=1\" data-large-file=\"https:\/\/i0.wp.com\/ffyh.unc.edu.ar\/historia\/wp-content\/uploads\/sites\/37\/2022\/07\/Magliano_foto.jpg?fit=371%2C371&amp;ssl=1\" class=\"size-thumbnail wp-image-4521 alignleft\" src=\"https:\/\/i0.wp.com\/ffyh.unc.edu.ar\/historia\/wp-content\/uploads\/sites\/37\/2022\/07\/Magliano_foto.jpg?resize=150%2C150\" alt=\"\" width=\"150\" height=\"150\" srcset=\"https:\/\/i0.wp.com\/ffyh.unc.edu.ar\/historia\/wp-content\/uploads\/sites\/37\/2022\/07\/Magliano_foto.jpg?resize=150%2C150&amp;ssl=1 150w, https:\/\/i0.wp.com\/ffyh.unc.edu.ar\/historia\/wp-content\/uploads\/sites\/37\/2022\/07\/Magliano_foto.jpg?resize=300%2C300&amp;ssl=1 300w, https:\/\/i0.wp.com\/ffyh.unc.edu.ar\/historia\/wp-content\/uploads\/sites\/37\/2022\/07\/Magliano_foto.jpg?w=371&amp;ssl=1 371w\" sizes=\"(max-width: 150px) 100vw, 150px\" \/><\/p>\n<p style=\"text-align: justify\">Es Doctora y Licenciada en Historia (UNC) e Investigadora Independiente de CONICET. Se especializa en Historia de Am\u00e9rica Latina\u00a0 y en Estudios sobre migraciones internacionales.<\/p>\n<p style=\"text-align: justify\">Entre sus principales publicaciones se encuentran el libro <i>Entre m\u00e1rgenes, intersticios e intersecciones: desaf\u00edos pendientes entre g\u00e9nero y migraciones<\/i>; los art\u00edculos \u201cLa pol\u00edtica en territorio. G\u00e9nero, migraciones y sostenibilidad de la vida\u201d, en coautor\u00eda con Sof\u00eda Arrieta; \u201cLa periferia autoconstruida: migraciones, informalidad y segregaci\u00f3n urbana en Argentina\u201d, junto a Victoria Perissinotti; \u201cLa divisi\u00f3n sexual del trabajo comunitario. Migraci\u00f3n peruana, informalidad y reproducci\u00f3n de la vida en C\u00f3rdoba, Argentina\u201d; y el cap\u00edtulo de libro \u201cIntersectional Borders in Argentina: Migration, Inequalities and Judicial Colonialism\u201d, en coautor\u00eda con Vanina Ferreccio.<\/p>\n<p style=\"text-align: justify\">Actualmente se desempe\u00f1a como Directora del proyecto \u201cTransformaciones recientes en el mundo del trabajo: nuevas y viejas formas de vulnerabilidad y expresiones de resistencia y organizaci\u00f3n\u201d (Proyecto CONSOLIDAR, Secyt-UNC), y como investigadora del proyecto \u201cPoblaci\u00f3n socio segregada, calidad de vida y espacio urbano en C\u00f3rdoba\u201d, (Proyecto Unidad Ejecutora-CONICET P-UE 2017).<\/p>\n<\/td>\n<\/tr>\n<tr>\n<td style=\"width: 25%\" colspan=\"2\">Conicet: <a href=\"mailto:majomagliano@unc.edu.ar\">majomagliano@unc.edu.ar<\/a><\/p>\n<p>ORCID: <a href=\"http:\/\/orcid.org\/0000-0002-3028-5129\">http:\/\/orcid.org\/0000-0002-3028-5129<\/a><br \/>\nRESEARCH GATE: <a href=\"https:\/\/www.researchgate.net\/profile\/Maria-Magliano-2\">https:\/\/www.researchgate.net\/profile\/Maria-Magliano-2<\/a><\/td>\n<\/tr>\n<\/tbody>\n<\/table>\n","protected":false},"excerpt":{"rendered":"<p>Es Doctora y Licenciada en Historia (UNC) e Investigadora Independiente de CONICET. Se especializa en Historia de Am\u00e9rica Latina\u00a0 y en Estudios sobre migraciones internacionales. Entre sus principales publicaciones se encuentran el libro Entre m\u00e1rgenes, intersticios e intersecciones: desaf\u00edos pendientes entre g\u00e9nero y migraciones; los art\u00edculos \u201cLa pol\u00edtica en territorio. G\u00e9nero, migraciones y sostenibilidad de&#8230; <\/p>\n<div class=\"link-more\"><a href=\"https:\/\/ffyh.unc.edu.ar\/historia\/nuestrxs-docentes\/magliano\/\">Lea m\u00e1s<\/a><\/div>\n","protected":false},"author":34,"featured_media":0,"parent":4089,"menu_order":0,"comment_status":"closed","ping_status":"closed","template":"","meta":{"_acf_changed":false,"_monsterinsights_skip_tracking":false,"_monsterinsights_sitenote_active":false,"_monsterinsights_sitenote_note":"","_monsterinsights_sitenote_category":0,"footnotes":""},"class_list":["post-4236","page","type-page","status-publish","hentry"],"acf":[],"jetpack_sharing_enabled":true,"_links":{"self":[{"href":"https:\/\/ffyh.unc.edu.ar\/historia\/wp-json\/wp\/v2\/pages\/4236","targetHints":{"allow":["GET"]}}],"collection":[{"href":"https:\/\/ffyh.unc.edu.ar\/historia\/wp-json\/wp\/v2\/pages"}],"about":[{"href":"https:\/\/ffyh.unc.edu.ar\/historia\/wp-json\/wp\/v2\/types\/page"}],"author":[{"embeddable":true,"href":"https:\/\/ffyh.unc.edu.ar\/historia\/wp-json\/wp\/v2\/users\/34"}],"replies":[{"embeddable":true,"href":"https:\/\/ffyh.unc.edu.ar\/historia\/wp-json\/wp\/v2\/comments?post=4236"}],"version-history":[{"count":6,"href":"https:\/\/ffyh.unc.edu.ar\/historia\/wp-json\/wp\/v2\/pages\/4236\/revisions"}],"predecessor-version":[{"id":4620,"href":"https:\/\/ffyh.unc.edu.ar\/historia\/wp-json\/wp\/v2\/pages\/4236\/revisions\/4620"}],"up":[{"embeddable":true,"href":"https:\/\/ffyh.unc.edu.ar\/historia\/wp-json\/wp\/v2\/pages\/4089"}],"wp:attachment":[{"href":"https:\/\/ffyh.unc.edu.ar\/historia\/wp-json\/wp\/v2\/media?parent=4236"}],"curies":[{"name":"wp","href":"https:\/\/api.w.org\/{rel}","templated":true}]}}

María José Magliano

<table style="border-collapse: collapse;width: 100%">
<tbody>
<tr>
<td colspan="2"><img data-recalc-dims="1" decoding="async" data-attachment-id="4521" data-permalink="https://ffyh.unc.edu.ar/historia/nuestrxs-docentes/magliano/magliano_foto/" data-orig-file="https://i0.wp.com/ffyh.unc.edu.ar/historia/wp-content/uploads/sites/37/2022/07/Magliano_foto.jpg?fit=371%2C371&amp;ssl=1" data-orig-size="371,371" data-comments-opened="0" data-image-meta="{&quot;aperture&quot;:&quot;0&quot;,&quot;credit&quot;:&quot;&quot;,&quot;camera&quot;:&quot;&quot;,&quot;caption&quot;:&quot;&quot;,&quot;created_timestamp&quot;:&quot;0&quot;,&quot;copyright&quot;:&quot;&quot;,&quot;focal_length&quot;:&quot;0&quot;,&quot;iso&quot;:&quot;0&quot;,&quot;shutter_speed&quot;:&quot;0&quot;,&quot;title&quot;:&quot;&quot;,&quot;orientation&quot;:&quot;0&quot;}" data-image-title="Magliano_foto" data-image-description="" data-image-caption="" data-medium-file="https://i0.wp.com/ffyh.unc.edu.ar/historia/wp-content/uploads/sites/37/2022/07/Magliano_foto.jpg?fit=300%2C300&amp;ssl=1" data-large-file="https://i0.wp.com/ffyh.unc.edu.ar/historia/wp-content/uploads/sites/37/2022/07/Magliano_foto.jpg?fit=371%2C371&amp;ssl=1" class="size-thumbnail wp-image-4521 alignleft" src="https://i0.wp.com/ffyh.unc.edu.ar/historia/wp-content/uploads/sites/37/2022/07/Magliano_foto.jpg?resize=150%2C150" alt="" width="150" height="150" srcset="https://i0.wp.com/ffyh.unc.edu.ar/historia/wp-content/uploads/sites/37/2022/07/Magliano_foto.jpg?resize=150%2C150&amp;ssl=1 150w, https://i0.wp.com/ffyh.unc.edu.ar/historia/wp-content/uploads/sites/37/2022/07/Magliano_foto.jpg?resize=300%2C300&amp;ssl=1 300w, https://i0.wp.com/ffyh.unc.edu.ar/historia/wp-content/uploads/sites/37/2022/07/Magliano_foto.jpg?w=371&amp;ssl=1 371w" sizes="(max-width: 150px) 100vw, 150px" /></p>
<p style="text-align: justify">Es Doctora y Licenciada en Historia (UNC) e Investigadora Independiente de CONICET. Se especializa en Historia de América Latina  y en Estudios sobre migraciones internacionales.</p>
<p style="text-align: justify">Entre sus principales publicaciones se encuentran el libro <i>Entre márgenes, intersticios e intersecciones: desafíos pendientes entre género y migraciones</i>; los artículos “La política en territorio. Género, migraciones y sostenibilidad de la vida”, en coautoría con Sofía Arrieta; “La periferia autoconstruida: migraciones, informalidad y segregación urbana en Argentina”, junto a Victoria Perissinotti; “La división sexual del trabajo comunitario. Migración peruana, informalidad y reproducción de la vida en Córdoba, Argentina”; y el capítulo de libro “Intersectional Borders in Argentina: Migration, Inequalities and Judicial Colonialism”, en coautoría con Vanina Ferreccio.</p>
<p style="text-align: justify">Actualmente se desempeña como Directora del proyecto “Transformaciones recientes en el mundo del trabajo: nuevas y viejas formas de vulnerabilidad y expresiones de resistencia y organización” (Proyecto CONSOLIDAR, Secyt-UNC), y como investigadora del proyecto “Población socio segregada, calidad de vida y espacio urbano en Córdoba”, (Proyecto Unidad Ejecutora-CONICET P-UE 2017).</p>
</td>
</tr>
<tr>
<td style="width: 25%" colspan="2">Conicet: <a href="mailto:majomagliano@unc.edu.ar">majomagliano@unc.edu.ar</a></p>
<p>ORCID: <a href="http://orcid.org/0000-0002-3028-5129">http://orcid.org/0000-0002-3028-5129</a><br />
RESEARCH GATE: <a href="https://www.researchgate.net/profile/Maria-Magliano-2">https://www.researchgate.net/profile/Maria-Magliano-2</a></td>
</tr>
</tbody>
</table>

<p>Es Doctora y Licenciada en Historia (UNC) e Investigadora Independiente de CONICET. Se especializa en Historia de América Latina  y en Estudios sobre migraciones internacionales. Entre sus principales publicaciones se encuentran el libro Entre márgenes, intersticios e intersecciones: desafíos pendientes entre género y migraciones; los artículos “La política en territorio. Género, migraciones y sostenibilidad de&#8230; </p>
<div class="link-more"><a href="https://ffyh.unc.edu.ar/historia/nuestrxs-docentes/magliano/">Lea más</a></div>
