{"id":4246,"date":"2022-07-28T18:53:11","date_gmt":"2022-07-28T18:53:11","guid":{"rendered":"https:\/\/ffyh.unc.edu.ar\/historia\/?page_id=4246"},"modified":"2022-08-08T21:38:18","modified_gmt":"2022-08-08T21:38:18","slug":"resiale","status":"publish","type":"page","link":"https:\/\/ffyh.unc.edu.ar\/historia\/nuestrxs-docentes\/resiale\/","title":{"rendered":"Jos\u00e9 Mar\u00eda Resiale Viano"},"content":{"rendered":"<table style=\"border-collapse: collapse;width: 100%\">\n<tbody>\n<tr>\n<td colspan=\"2\">\n<p style=\"text-align: justify\"><img data-recalc-dims=\"1\" decoding=\"async\" data-attachment-id=\"4877\" data-permalink=\"https:\/\/ffyh.unc.edu.ar\/historia\/nuestrxs-docentes\/resiale\/resiale_foto\/\" data-orig-file=\"https:\/\/i0.wp.com\/ffyh.unc.edu.ar\/historia\/wp-content\/uploads\/sites\/37\/2022\/08\/Resiale_foto.jpg?fit=320%2C320&amp;ssl=1\" data-orig-size=\"320,320\" data-comments-opened=\"0\" data-image-meta=\"{&quot;aperture&quot;:&quot;0&quot;,&quot;credit&quot;:&quot;Usuario&quot;,&quot;camera&quot;:&quot;&quot;,&quot;caption&quot;:&quot;&quot;,&quot;created_timestamp&quot;:&quot;1659970127&quot;,&quot;copyright&quot;:&quot;&quot;,&quot;focal_length&quot;:&quot;0&quot;,&quot;iso&quot;:&quot;0&quot;,&quot;shutter_speed&quot;:&quot;0&quot;,&quot;title&quot;:&quot;&quot;,&quot;orientation&quot;:&quot;1&quot;}\" data-image-title=\"Resiale_foto\" data-image-description=\"\" data-image-caption=\"\" data-medium-file=\"https:\/\/i0.wp.com\/ffyh.unc.edu.ar\/historia\/wp-content\/uploads\/sites\/37\/2022\/08\/Resiale_foto.jpg?fit=300%2C300&amp;ssl=1\" data-large-file=\"https:\/\/i0.wp.com\/ffyh.unc.edu.ar\/historia\/wp-content\/uploads\/sites\/37\/2022\/08\/Resiale_foto.jpg?fit=320%2C320&amp;ssl=1\" class=\"alignleft size-thumbnail wp-image-4877\" src=\"https:\/\/i0.wp.com\/ffyh.unc.edu.ar\/historia\/wp-content\/uploads\/sites\/37\/2022\/08\/Resiale_foto.jpg?resize=150%2C150\" alt=\"\" width=\"150\" height=\"150\" srcset=\"https:\/\/i0.wp.com\/ffyh.unc.edu.ar\/historia\/wp-content\/uploads\/sites\/37\/2022\/08\/Resiale_foto.jpg?resize=150%2C150&amp;ssl=1 150w, https:\/\/i0.wp.com\/ffyh.unc.edu.ar\/historia\/wp-content\/uploads\/sites\/37\/2022\/08\/Resiale_foto.jpg?resize=300%2C300&amp;ssl=1 300w, https:\/\/i0.wp.com\/ffyh.unc.edu.ar\/historia\/wp-content\/uploads\/sites\/37\/2022\/08\/Resiale_foto.jpg?w=320&amp;ssl=1 320w\" sizes=\"(max-width: 150px) 100vw, 150px\" \/>Profesor Asistente interino en Historia Contempor\u00e1nea de Asia y \u00c1frica. Es Profesor y Licenciado en Historia por la Universidad Nacional de C\u00f3rdoba (UNC), y Especialista en Estudios Chinos por la Universidad Nacional de La Plata. Becario Doctoral CONICET en el Centro de Investigaciones y Estudios sobre Cultura y Sociedad (CIECS).<\/p>\n<p style=\"text-align: justify\">Se especializa en historia econ\u00f3mica de la Rep\u00fablica Popular China y las relaciones econ\u00f3micas internacionales. Su tema de investigaci\u00f3n actual es la internacionalizaci\u00f3n de las empresas automotrices chinas en el MERCOSUR y la cadena regional de valor de la industria automotriz radicada en el MERCOSUR.<\/p>\n<p style=\"text-align: justify\">Entre sus publicaciones m\u00e1s recientes pueden mencionarse: \u201cLa expansi\u00f3n internacional de las empresas automotrices de China a trav\u00e9s de la inversi\u00f3n extranjera directa (2001-2020)\u201d (Instituto de Relaciones Internacionales, La Plata, 2022); \u201cLa industria automotriz china: un recorrido hist\u00f3rico por su desarrollo desde 1978\u201d (Centro Nacional de Historia, Caracas, 2021); \u201cDesarrollos recientes de la industria automotriz china en Am\u00e9rica Latina\u201d (Consejo de Relaciones Internacionales de Am\u00e9rica Latina, Santiago, 2019); \u201cLa industria automotriz china en el nuevo siglo: consolidaci\u00f3n local y expansi\u00f3n hacia nuevos mercados (2004-2019)\u201d (UNC, C\u00f3rdoba, 2019).<\/p>\n<p style=\"text-align: justify\">Es integrante del Programa de Investigaci\u00f3n \u201cEstudios sobre sobre China: econom\u00eda, pol\u00edtica e historia\u201d radicado en el CIECS, y del Proyecto \u201cFuentes ideol\u00f3gicas y persistencias culturales en el lenguaje pol\u00edtico de las \u00e9lites gubernamentales chinas. Una aproximaci\u00f3n hist\u00f3rica para la comprensi\u00f3n de las regulaciones y comunicaci\u00f3n estatal\u201d, radicado en el Centro de Investigaciones de la Facultad de Filosof\u00eda y Humanidades \u201cMar\u00eda Saleme de Burnichon\u201d (CIFFyH), UNC.<\/p>\n<\/td>\n<\/tr>\n<tr>\n<td style=\"width: 0.491159%\" colspan=\"2\">Contacto: <a href=\"mailto:jose.resiale@unc.edu.ar\">jose.resiale@unc.edu.ar<\/a><\/p>\n<p>CONICET: <a href=\"https:\/\/www.conicet.gov.ar\/new_scp\/detalle.php?id=53860&amp;datos_academicos=yes\" target=\"_blank\" rel=\"noopener\">https:\/\/www.conicet.gov.ar\/new_scp\/detalle.php?id=53860&amp;datos_academicos=yes<\/a><\/td>\n<\/tr>\n<\/tbody>\n<\/table>\n","protected":false},"excerpt":{"rendered":"<p>Profesor Asistente interino en Historia Contempor\u00e1nea de Asia y \u00c1frica. Es Profesor y Licenciado en Historia por la Universidad Nacional de C\u00f3rdoba (UNC), y Especialista en Estudios Chinos por la Universidad Nacional de La Plata. Becario Doctoral CONICET en el Centro de Investigaciones y Estudios sobre Cultura y Sociedad (CIECS). Se especializa en historia econ\u00f3mica&#8230; <\/p>\n<div class=\"link-more\"><a href=\"https:\/\/ffyh.unc.edu.ar\/historia\/nuestrxs-docentes\/resiale\/\">Lea m\u00e1s<\/a><\/div>\n","protected":false},"author":34,"featured_media":0,"parent":4089,"menu_order":0,"comment_status":"closed","ping_status":"closed","template":"","meta":{"_acf_changed":false,"_monsterinsights_skip_tracking":false,"_monsterinsights_sitenote_active":false,"_monsterinsights_sitenote_note":"","_monsterinsights_sitenote_category":0,"footnotes":""},"class_list":["post-4246","page","type-page","status-publish","hentry"],"acf":[],"jetpack_sharing_enabled":true,"_links":{"self":[{"href":"https:\/\/ffyh.unc.edu.ar\/historia\/wp-json\/wp\/v2\/pages\/4246","targetHints":{"allow":["GET"]}}],"collection":[{"href":"https:\/\/ffyh.unc.edu.ar\/historia\/wp-json\/wp\/v2\/pages"}],"about":[{"href":"https:\/\/ffyh.unc.edu.ar\/historia\/wp-json\/wp\/v2\/types\/page"}],"author":[{"embeddable":true,"href":"https:\/\/ffyh.unc.edu.ar\/historia\/wp-json\/wp\/v2\/users\/34"}],"replies":[{"embeddable":true,"href":"https:\/\/ffyh.unc.edu.ar\/historia\/wp-json\/wp\/v2\/comments?post=4246"}],"version-history":[{"count":5,"href":"https:\/\/ffyh.unc.edu.ar\/historia\/wp-json\/wp\/v2\/pages\/4246\/revisions"}],"predecessor-version":[{"id":4878,"href":"https:\/\/ffyh.unc.edu.ar\/historia\/wp-json\/wp\/v2\/pages\/4246\/revisions\/4878"}],"up":[{"embeddable":true,"href":"https:\/\/ffyh.unc.edu.ar\/historia\/wp-json\/wp\/v2\/pages\/4089"}],"wp:attachment":[{"href":"https:\/\/ffyh.unc.edu.ar\/historia\/wp-json\/wp\/v2\/media?parent=4246"}],"curies":[{"name":"wp","href":"https:\/\/api.w.org\/{rel}","templated":true}]}}

José María Resiale Viano

<table style="border-collapse: collapse;width: 100%">
<tbody>
<tr>
<td colspan="2">
<p style="text-align: justify"><img data-recalc-dims="1" decoding="async" data-attachment-id="4877" data-permalink="https://ffyh.unc.edu.ar/historia/nuestrxs-docentes/resiale/resiale_foto/" data-orig-file="https://i0.wp.com/ffyh.unc.edu.ar/historia/wp-content/uploads/sites/37/2022/08/Resiale_foto.jpg?fit=320%2C320&amp;ssl=1" data-orig-size="320,320" data-comments-opened="0" data-image-meta="{&quot;aperture&quot;:&quot;0&quot;,&quot;credit&quot;:&quot;Usuario&quot;,&quot;camera&quot;:&quot;&quot;,&quot;caption&quot;:&quot;&quot;,&quot;created_timestamp&quot;:&quot;1659970127&quot;,&quot;copyright&quot;:&quot;&quot;,&quot;focal_length&quot;:&quot;0&quot;,&quot;iso&quot;:&quot;0&quot;,&quot;shutter_speed&quot;:&quot;0&quot;,&quot;title&quot;:&quot;&quot;,&quot;orientation&quot;:&quot;1&quot;}" data-image-title="Resiale_foto" data-image-description="" data-image-caption="" data-medium-file="https://i0.wp.com/ffyh.unc.edu.ar/historia/wp-content/uploads/sites/37/2022/08/Resiale_foto.jpg?fit=300%2C300&amp;ssl=1" data-large-file="https://i0.wp.com/ffyh.unc.edu.ar/historia/wp-content/uploads/sites/37/2022/08/Resiale_foto.jpg?fit=320%2C320&amp;ssl=1" class="alignleft size-thumbnail wp-image-4877" src="https://i0.wp.com/ffyh.unc.edu.ar/historia/wp-content/uploads/sites/37/2022/08/Resiale_foto.jpg?resize=150%2C150" alt="" width="150" height="150" srcset="https://i0.wp.com/ffyh.unc.edu.ar/historia/wp-content/uploads/sites/37/2022/08/Resiale_foto.jpg?resize=150%2C150&amp;ssl=1 150w, https://i0.wp.com/ffyh.unc.edu.ar/historia/wp-content/uploads/sites/37/2022/08/Resiale_foto.jpg?resize=300%2C300&amp;ssl=1 300w, https://i0.wp.com/ffyh.unc.edu.ar/historia/wp-content/uploads/sites/37/2022/08/Resiale_foto.jpg?w=320&amp;ssl=1 320w" sizes="(max-width: 150px) 100vw, 150px" />Profesor Asistente interino en Historia Contemporánea de Asia y África. Es Profesor y Licenciado en Historia por la Universidad Nacional de Córdoba (UNC), y Especialista en Estudios Chinos por la Universidad Nacional de La Plata. Becario Doctoral CONICET en el Centro de Investigaciones y Estudios sobre Cultura y Sociedad (CIECS).</p>
<p style="text-align: justify">Se especializa en historia económica de la República Popular China y las relaciones económicas internacionales. Su tema de investigación actual es la internacionalización de las empresas automotrices chinas en el MERCOSUR y la cadena regional de valor de la industria automotriz radicada en el MERCOSUR.</p>
<p style="text-align: justify">Entre sus publicaciones más recientes pueden mencionarse: “La expansión internacional de las empresas automotrices de China a través de la inversión extranjera directa (2001-2020)” (Instituto de Relaciones Internacionales, La Plata, 2022); “La industria automotriz china: un recorrido histórico por su desarrollo desde 1978” (Centro Nacional de Historia, Caracas, 2021); “Desarrollos recientes de la industria automotriz china en América Latina” (Consejo de Relaciones Internacionales de América Latina, Santiago, 2019); “La industria automotriz china en el nuevo siglo: consolidación local y expansión hacia nuevos mercados (2004-2019)” (UNC, Córdoba, 2019).</p>
<p style="text-align: justify">Es integrante del Programa de Investigación “Estudios sobre sobre China: economía, política e historia” radicado en el CIECS, y del Proyecto “Fuentes ideológicas y persistencias culturales en el lenguaje político de las élites gubernamentales chinas. Una aproximación histórica para la comprensión de las regulaciones y comunicación estatal”, radicado en el Centro de Investigaciones de la Facultad de Filosofía y Humanidades “María Saleme de Burnichon” (CIFFyH), UNC.</p>
</td>
</tr>
<tr>
<td style="width: 0.491159%" colspan="2">Contacto: <a href="mailto:jose.resiale@unc.edu.ar">jose.resiale@unc.edu.ar</a></p>
<p>CONICET: <a href="https://www.conicet.gov.ar/new_scp/detalle.php?id=53860&amp;datos_academicos=yes" target="_blank" rel="noopener">https://www.conicet.gov.ar/new_scp/detalle.php?id=53860&amp;datos_academicos=yes</a></td>
</tr>
</tbody>
</table>

<p>Profesor Asistente interino en Historia Contemporánea de Asia y África. Es Profesor y Licenciado en Historia por la Universidad Nacional de Córdoba (UNC), y Especialista en Estudios Chinos por la Universidad Nacional de La Plata. Becario Doctoral CONICET en el Centro de Investigaciones y Estudios sobre Cultura y Sociedad (CIECS). Se especializa en historia económica&#8230; </p>
<div class="link-more"><a href="https://ffyh.unc.edu.ar/historia/nuestrxs-docentes/resiale/">Lea más</a></div>
