{"id":4250,"date":"2022-07-28T18:57:19","date_gmt":"2022-07-28T18:57:19","guid":{"rendered":"https:\/\/ffyh.unc.edu.ar\/historia\/?page_id=4250"},"modified":"2024-05-21T15:45:08","modified_gmt":"2024-05-21T15:45:08","slug":"solis","status":"publish","type":"page","link":"https:\/\/ffyh.unc.edu.ar\/historia\/nuestrxs-docentes\/solis\/","title":{"rendered":"Ana Carol Solis"},"content":{"rendered":"<table style=\"border-collapse: collapse;width: 100%\">\n<tbody>\n<tr>\n<td style=\"text-align: justify\" colspan=\"2\">\n<p style=\"text-align: justify\"><img data-recalc-dims=\"1\" decoding=\"async\" data-attachment-id=\"4875\" data-permalink=\"https:\/\/ffyh.unc.edu.ar\/historia\/nuestrxs-docentes\/solis\/solis_foto\/\" data-orig-file=\"https:\/\/i0.wp.com\/ffyh.unc.edu.ar\/historia\/wp-content\/uploads\/sites\/37\/2022\/08\/Solis_foto-e1659716507576.jpg?fit=150%2C196&amp;ssl=1\" data-orig-size=\"150,196\" data-comments-opened=\"0\" data-image-meta=\"{&quot;aperture&quot;:&quot;2.2&quot;,&quot;credit&quot;:&quot;&quot;,&quot;camera&quot;:&quot;SM-J260M&quot;,&quot;caption&quot;:&quot;&quot;,&quot;created_timestamp&quot;:&quot;1646949160&quot;,&quot;copyright&quot;:&quot;&quot;,&quot;focal_length&quot;:&quot;1.92&quot;,&quot;iso&quot;:&quot;800&quot;,&quot;shutter_speed&quot;:&quot;0.058823529411765&quot;,&quot;title&quot;:&quot;&quot;,&quot;orientation&quot;:&quot;1&quot;}\" data-image-title=\"Solis_foto\" data-image-description=\"\" data-image-caption=\"\" data-medium-file=\"https:\/\/i0.wp.com\/ffyh.unc.edu.ar\/historia\/wp-content\/uploads\/sites\/37\/2022\/08\/Solis_foto-e1659716507576.jpg?fit=230%2C300&amp;ssl=1\" data-large-file=\"https:\/\/i0.wp.com\/ffyh.unc.edu.ar\/historia\/wp-content\/uploads\/sites\/37\/2022\/08\/Solis_foto-e1659716507576.jpg?fit=785%2C1024&amp;ssl=1\" class=\"alignleft wp-image-4875\" src=\"https:\/\/i0.wp.com\/ffyh.unc.edu.ar\/historia\/wp-content\/uploads\/sites\/37\/2022\/08\/Solis_foto.jpg?resize=150%2C196\" alt=\"\" width=\"150\" height=\"196\" \/>Profesora titular interina de Historia Argentina II de la Escuela de Historia de la FFyH, adjunta interina de Historia Argentina Contempor\u00e1nea en la FCC y adjunta a cargo de la c\u00e1tedra Derechos Humanos de la carrera de ciencia pol\u00edtica de la FCS de la UNC. Es Profesora y Licenciada en Historia por la UNC, obtuvo el Premio Universidad y fue escolta de la Facultad. Es Magister en Partidos Pol\u00edticos y Doctora en Estudios Sociales de Am\u00e9rica Latina, ambas por el Centro de Estudios Avanzados de la Universidad Nacional de C\u00f3rdoba. Es investigadora del CIFFyH como directora del proyecto SECyT Consolidar \u201cMilitancias, dictaduras y derechos humanos en la historia reciente de C\u00f3rdoba\u201d desde 2016. Historiadora, docente y extensionista.<\/p>\n<p style=\"text-align: justify\">Especializada en historizar la cuesti\u00f3n de los derechos humanos entre los setenta y el presente, con inter\u00e9s en su construcci\u00f3n como problema p\u00fablico y desde una perspectiva que combina las potencialidades de historia reciente e historia local. Desde esta preocupaci\u00f3n general aborda la historia reciente de las militancias, en procesos represivos y democratizadores, en la hibridaci\u00f3n de enfoques cualitativos e interdisciplinarios. El movimiento de derechos humanos, las luchas defensistas, la pol\u00edtica represiva en diferentes \u00e1mbitos y niveles, los retornos a la militancia posdictadura, la democratizaci\u00f3n desde los barrios y los proyectos pol\u00edticos de la militancia engloban algunas de sus contribuciones tem\u00e1ticas particulares. Public\u00f3 dos libros colectivos como compiladora: (junto a Pablo Ponza) <em>C\u00f3rdoba a 40 a\u00f1os del golpe. Estudios de la dictadura en clave local. <\/em>Editorial, FFyH UNC, 2016, ebook. y<em> Palimpsesto. Militancias, dictaduras y derechos humanos.<\/em> Colecciones del Ciffyh. Editorial, FFyH UNC, 2021. Es coautora de\u00a0 <em>La protesta frente a las reformas neoliberales en la C\u00f3rdoba de fin de siglo.<\/em> C\u00f3rdoba, Ferreyra Editor, 2012.\u00a0 Adem\u00e1s de numerosos art\u00edculos y cap\u00edtulos de su autor\u00eda, ha coordinado dossier en revistas indexadas sobre derechos humanos y militancias.<\/p>\n<p>Se identifica con los debates y modos de hacer de la Historia Reciente Argentina y promueve activamente su incorporaci\u00f3n en la formaci\u00f3n de grado y posgrado, al igual que el di\u00e1logo de saberes entre investigaci\u00f3n, docencia y extensi\u00f3n. Ha trabajado intensamente en acciones de formaci\u00f3n y actualizaci\u00f3n docente y en actividades extensionistas con instituciones y organizaciones. Form\u00f3 parte de proyectos de divulgaci\u00f3n cient\u00edfica e historia p\u00fablica, como la creaci\u00f3n de los materiales did\u00e1cticos <em>Itinerarios. Recorridos por la Historia y de Itinerarios. Recorridos por el Aula de la Editorial de la UNC, 2018<\/em> en car\u00e1cter de coautora del cap\u00edtulo sobre la dictadura y fue miembro del equipo interinstitucional entre la UNC y el Ministerio de Educaci\u00f3n de la provincia. Particip\u00f3 como co-coordinadora del proyecto de Podcast Memorias en Com\u00fan de la Escuela de Historia. Ha sido Directora del Programa de Derechos Humanos de la Facultad de Filosof\u00eda y Humanidades en 2016-2017 y miembro docente de su consejo de coordinaci\u00f3n en 2013-2015 y 2018-2021. Fue vicedirectora de la Escuela de Historia de la FFyH UNC entre 2016 y 2018.<\/td>\n<\/tr>\n<tr>\n<td style=\"width: 0.491159%\" colspan=\"2\">Contacto: <a href=\"mailto:carol.solis@unc.edu.ar\">carol.solis@unc.edu.ar<\/a><\/td>\n<\/tr>\n<\/tbody>\n<\/table>\n","protected":false},"excerpt":{"rendered":"<p>Profesora titular interina de Historia Argentina II de la Escuela de Historia de la FFyH, adjunta interina de Historia Argentina Contempor\u00e1nea en la FCC y adjunta a cargo de la c\u00e1tedra Derechos Humanos de la carrera de ciencia pol\u00edtica de la FCS de la UNC. Es Profesora y Licenciada en Historia por la UNC, obtuvo&#8230; <\/p>\n<div class=\"link-more\"><a href=\"https:\/\/ffyh.unc.edu.ar\/historia\/nuestrxs-docentes\/solis\/\">Lea m\u00e1s<\/a><\/div>\n","protected":false},"author":34,"featured_media":0,"parent":4089,"menu_order":0,"comment_status":"closed","ping_status":"closed","template":"","meta":{"_acf_changed":false,"_monsterinsights_skip_tracking":false,"_monsterinsights_sitenote_active":false,"_monsterinsights_sitenote_note":"","_monsterinsights_sitenote_category":0,"footnotes":""},"class_list":["post-4250","page","type-page","status-publish","hentry"],"acf":[],"jetpack_sharing_enabled":true,"_links":{"self":[{"href":"https:\/\/ffyh.unc.edu.ar\/historia\/wp-json\/wp\/v2\/pages\/4250","targetHints":{"allow":["GET"]}}],"collection":[{"href":"https:\/\/ffyh.unc.edu.ar\/historia\/wp-json\/wp\/v2\/pages"}],"about":[{"href":"https:\/\/ffyh.unc.edu.ar\/historia\/wp-json\/wp\/v2\/types\/page"}],"author":[{"embeddable":true,"href":"https:\/\/ffyh.unc.edu.ar\/historia\/wp-json\/wp\/v2\/users\/34"}],"replies":[{"embeddable":true,"href":"https:\/\/ffyh.unc.edu.ar\/historia\/wp-json\/wp\/v2\/comments?post=4250"}],"version-history":[{"count":6,"href":"https:\/\/ffyh.unc.edu.ar\/historia\/wp-json\/wp\/v2\/pages\/4250\/revisions"}],"predecessor-version":[{"id":5927,"href":"https:\/\/ffyh.unc.edu.ar\/historia\/wp-json\/wp\/v2\/pages\/4250\/revisions\/5927"}],"up":[{"embeddable":true,"href":"https:\/\/ffyh.unc.edu.ar\/historia\/wp-json\/wp\/v2\/pages\/4089"}],"wp:attachment":[{"href":"https:\/\/ffyh.unc.edu.ar\/historia\/wp-json\/wp\/v2\/media?parent=4250"}],"curies":[{"name":"wp","href":"https:\/\/api.w.org\/{rel}","templated":true}]}}

<table style="border-collapse: collapse;width: 100%">
<tbody>
<tr>
<td style="text-align: justify" colspan="2">
<p style="text-align: justify"><img data-recalc-dims="1" decoding="async" data-attachment-id="4875" data-permalink="https://ffyh.unc.edu.ar/historia/nuestrxs-docentes/solis/solis_foto/" data-orig-file="https://i0.wp.com/ffyh.unc.edu.ar/historia/wp-content/uploads/sites/37/2022/08/Solis_foto-e1659716507576.jpg?fit=150%2C196&amp;ssl=1" data-orig-size="150,196" data-comments-opened="0" data-image-meta="{&quot;aperture&quot;:&quot;2.2&quot;,&quot;credit&quot;:&quot;&quot;,&quot;camera&quot;:&quot;SM-J260M&quot;,&quot;caption&quot;:&quot;&quot;,&quot;created_timestamp&quot;:&quot;1646949160&quot;,&quot;copyright&quot;:&quot;&quot;,&quot;focal_length&quot;:&quot;1.92&quot;,&quot;iso&quot;:&quot;800&quot;,&quot;shutter_speed&quot;:&quot;0.058823529411765&quot;,&quot;title&quot;:&quot;&quot;,&quot;orientation&quot;:&quot;1&quot;}" data-image-title="Solis_foto" data-image-description="" data-image-caption="" data-medium-file="https://i0.wp.com/ffyh.unc.edu.ar/historia/wp-content/uploads/sites/37/2022/08/Solis_foto-e1659716507576.jpg?fit=230%2C300&amp;ssl=1" data-large-file="https://i0.wp.com/ffyh.unc.edu.ar/historia/wp-content/uploads/sites/37/2022/08/Solis_foto-e1659716507576.jpg?fit=785%2C1024&amp;ssl=1" class="alignleft wp-image-4875" src="https://i0.wp.com/ffyh.unc.edu.ar/historia/wp-content/uploads/sites/37/2022/08/Solis_foto.jpg?resize=150%2C196" alt="" width="150" height="196" />Profesora titular interina de Historia Argentina II de la Escuela de Historia de la FFyH, adjunta interina de Historia Argentina Contemporánea en la FCC y adjunta a cargo de la cátedra Derechos Humanos de la carrera de ciencia política de la FCS de la UNC. Es Profesora y Licenciada en Historia por la UNC, obtuvo el Premio Universidad y fue escolta de la Facultad. Es Magister en Partidos Políticos y Doctora en Estudios Sociales de América Latina, ambas por el Centro de Estudios Avanzados de la Universidad Nacional de Córdoba. Es investigadora del CIFFyH como directora del proyecto SECyT Consolidar “Militancias, dictaduras y derechos humanos en la historia reciente de Córdoba” desde 2016. Historiadora, docente y extensionista.</p>
<p style="text-align: justify">Especializada en historizar la cuestión de los derechos humanos entre los setenta y el presente, con interés en su construcción como problema público y desde una perspectiva que combina las potencialidades de historia reciente e historia local. Desde esta preocupación general aborda la historia reciente de las militancias, en procesos represivos y democratizadores, en la hibridación de enfoques cualitativos e interdisciplinarios. El movimiento de derechos humanos, las luchas defensistas, la política represiva en diferentes ámbitos y niveles, los retornos a la militancia posdictadura, la democratización desde los barrios y los proyectos políticos de la militancia engloban algunas de sus contribuciones temáticas particulares. Publicó dos libros colectivos como compiladora: (junto a Pablo Ponza) <em>Córdoba a 40 años del golpe. Estudios de la dictadura en clave local. </em>Editorial, FFyH UNC, 2016, ebook. y<em> Palimpsesto. Militancias, dictaduras y derechos humanos.</em> Colecciones del Ciffyh. Editorial, FFyH UNC, 2021. Es coautora de  <em>La protesta frente a las reformas neoliberales en la Córdoba de fin de siglo.</em> Córdoba, Ferreyra Editor, 2012.  Además de numerosos artículos y capítulos de su autoría, ha coordinado dossier en revistas indexadas sobre derechos humanos y militancias.</p>
<p>Se identifica con los debates y modos de hacer de la Historia Reciente Argentina y promueve activamente su incorporación en la formación de grado y posgrado, al igual que el diálogo de saberes entre investigación, docencia y extensión. Ha trabajado intensamente en acciones de formación y actualización docente y en actividades extensionistas con instituciones y organizaciones. Formó parte de proyectos de divulgación científica e historia pública, como la creación de los materiales didácticos <em>Itinerarios. Recorridos por la Historia y de Itinerarios. Recorridos por el Aula de la Editorial de la UNC, 2018</em> en carácter de coautora del capítulo sobre la dictadura y fue miembro del equipo interinstitucional entre la UNC y el Ministerio de Educación de la provincia. Participó como co-coordinadora del proyecto de Podcast Memorias en Común de la Escuela de Historia. Ha sido Directora del Programa de Derechos Humanos de la Facultad de Filosofía y Humanidades en 2016-2017 y miembro docente de su consejo de coordinación en 2013-2015 y 2018-2021. Fue vicedirectora de la Escuela de Historia de la FFyH UNC entre 2016 y 2018.</td>
</tr>
<tr>
<td style="width: 0.491159%" colspan="2">Contacto: <a href="mailto:carol.solis@unc.edu.ar">carol.solis@unc.edu.ar</a></td>
</tr>
</tbody>
</table>

<p>Profesora titular interina de Historia Argentina II de la Escuela de Historia de la FFyH, adjunta interina de Historia Argentina Contemporánea en la FCC y adjunta a cargo de la cátedra Derechos Humanos de la carrera de ciencia política de la FCS de la UNC. Es Profesora y Licenciada en Historia por la UNC, obtuvo&#8230; </p>
<div class="link-more"><a href="https://ffyh.unc.edu.ar/historia/nuestrxs-docentes/solis/">Lea más</a></div>
