{"id":4264,"date":"2022-07-28T19:02:34","date_gmt":"2022-07-28T19:02:34","guid":{"rendered":"https:\/\/ffyh.unc.edu.ar\/historia\/?page_id=4264"},"modified":"2022-07-30T14:11:09","modified_gmt":"2022-07-30T14:11:09","slug":"remedi","status":"publish","type":"page","link":"https:\/\/ffyh.unc.edu.ar\/historia\/nuestrxs-docentes\/remedi\/","title":{"rendered":"Fernando Remedi"},"content":{"rendered":"<table style=\"border-collapse: collapse;width: 100%;height: 639px\">\n<tbody>\n<tr style=\"height: 594px\">\n<td style=\"height: 594px\" colspan=\"2\">\n<p style=\"text-align: justify\">Profesor Adjunto dedicaci\u00f3n semiexclusiva. Es Doctor en Historia (Universidad Cat\u00f3lica de C\u00f3rdoba, 2005), Licenciado en Historia (Universidad Nacional de C\u00f3rdoba, 1997). Investigador Independiente del Consejo Nacional de Investigaciones Cient\u00edficas y T\u00e9cnicas. Su campo de investigaci\u00f3n es la historia social de la Argentina y de C\u00f3rdoba entre 1870 y 1930, focalizando la atenci\u00f3n sobre los grupos sociales, sus experiencias, condiciones de vida y de trabajo y la construcci\u00f3n de identidades sociales. Adem\u00e1s, indaga sobre los desarrollos te\u00f3rico-metodol\u00f3gicos de la historiograf\u00eda argentina, inserta en el contexto internacional. Su proyecto personal en curso se titula \u201cEl mundo de los pobres en el marco del crecimiento econ\u00f3mico y la modernizaci\u00f3n (C\u00f3rdoba, 1870-1930)\u201d y dirige un proyecto colectivo denominado \u00abProducci\u00f3n y reproducci\u00f3n de la desigualdad social en clave diacr\u00f3nica\u00bb. En los \u00faltimos a\u00f1os sus investigaciones se concentraron en el estudio sistem\u00e1tico de las trabajadoras del servicio dom\u00e9stico y, m\u00e1s recientemente, en la mendicidad y en el trabajo infantil en C\u00f3rdoba entre 1870 y 1930.<\/p>\n<p style=\"text-align: justify\">Ha publicado numerosos art\u00edculos en revistas nacionales e internacionales, cap\u00edtulos de libros y una decena de libros (tres de autor), entre ellos \u201cDime qu\u00e9 comes y c\u00f3mo lo comes y te dir\u00e9 qui\u00e9n eres. Una historia social del consumo alimentario en la modernizaci\u00f3n argentina. C\u00f3rdoba, 1870-1930\u201d; con Teresita Rodr\u00edguez Morales, \u201cLos grupos sociales en la modernizaci\u00f3n latinoamericana de entre siglos. Actores, escenarios y representaciones (Argentina, Chile y M\u00e9xico, ss. XIX-XX)\u201d; con Mario Barbosa Cruz, \u201cCuesti\u00f3n social, pol\u00edticas sociales y construcci\u00f3n del Estado Social en Am\u00e9rica Latina, siglo XX\u201d y la compilaci\u00f3n \u201cLas fuentes documentales en la historia social latinoamericana\u201d.<\/p>\n<\/td>\n<\/tr>\n<tr style=\"height: 45px\">\n<td style=\"width: 0.491159%;height: 45px\" colspan=\"2\">Contacto: <a href=\"mailto:fernando.remedi@unc.edu.ar\">fernando.remedi@unc.edu.ar<\/a><\/td>\n<\/tr>\n<\/tbody>\n<\/table>\n","protected":false},"excerpt":{"rendered":"<p>Profesor Adjunto dedicaci\u00f3n semiexclusiva. Es Doctor en Historia (Universidad Cat\u00f3lica de C\u00f3rdoba, 2005), Licenciado en Historia (Universidad Nacional de C\u00f3rdoba, 1997). Investigador Independiente del Consejo Nacional de Investigaciones Cient\u00edficas y T\u00e9cnicas. Su campo de investigaci\u00f3n es la historia social de la Argentina y de C\u00f3rdoba entre 1870 y 1930, focalizando la atenci\u00f3n sobre los grupos&#8230; <\/p>\n<div class=\"link-more\"><a href=\"https:\/\/ffyh.unc.edu.ar\/historia\/nuestrxs-docentes\/remedi\/\">Lea m\u00e1s<\/a><\/div>\n","protected":false},"author":34,"featured_media":0,"parent":4089,"menu_order":0,"comment_status":"closed","ping_status":"closed","template":"","meta":{"_acf_changed":false,"saved_in_kubio":false,"_monsterinsights_skip_tracking":false,"_monsterinsights_sitenote_active":false,"_monsterinsights_sitenote_note":"","_monsterinsights_sitenote_category":0,"footnotes":""},"class_list":["post-4264","page","type-page","status-publish","hentry"],"acf":[],"kubio_ai_page_context":{"short_desc":"","purpose":"general"},"jetpack_sharing_enabled":true,"_links":{"self":[{"href":"https:\/\/ffyh.unc.edu.ar\/historia\/wp-json\/wp\/v2\/pages\/4264","targetHints":{"allow":["GET"]}}],"collection":[{"href":"https:\/\/ffyh.unc.edu.ar\/historia\/wp-json\/wp\/v2\/pages"}],"about":[{"href":"https:\/\/ffyh.unc.edu.ar\/historia\/wp-json\/wp\/v2\/types\/page"}],"author":[{"embeddable":true,"href":"https:\/\/ffyh.unc.edu.ar\/historia\/wp-json\/wp\/v2\/users\/34"}],"replies":[{"embeddable":true,"href":"https:\/\/ffyh.unc.edu.ar\/historia\/wp-json\/wp\/v2\/comments?post=4264"}],"version-history":[{"count":4,"href":"https:\/\/ffyh.unc.edu.ar\/historia\/wp-json\/wp\/v2\/pages\/4264\/revisions"}],"predecessor-version":[{"id":4697,"href":"https:\/\/ffyh.unc.edu.ar\/historia\/wp-json\/wp\/v2\/pages\/4264\/revisions\/4697"}],"up":[{"embeddable":true,"href":"https:\/\/ffyh.unc.edu.ar\/historia\/wp-json\/wp\/v2\/pages\/4089"}],"wp:attachment":[{"href":"https:\/\/ffyh.unc.edu.ar\/historia\/wp-json\/wp\/v2\/media?parent=4264"}],"curies":[{"name":"wp","href":"https:\/\/api.w.org\/{rel}","templated":true}]}}