{"id":4274,"date":"2022-07-28T19:07:31","date_gmt":"2022-07-28T19:07:31","guid":{"rendered":"https:\/\/ffyh.unc.edu.ar\/historia\/?page_id=4274"},"modified":"2022-11-17T13:35:51","modified_gmt":"2022-11-17T13:35:51","slug":"blancof","status":"publish","type":"page","link":"https:\/\/ffyh.unc.edu.ar\/historia\/nuestrxs-docentes\/blancof\/","title":{"rendered":"Fernando Blanco"},"content":{"rendered":"<table style=\"border-collapse: collapse;width: 100%\">\n<tbody>\n<tr>\n<td style=\"width: 99.8788%\" colspan=\"2\"><img data-recalc-dims=\"1\" decoding=\"async\" data-attachment-id=\"4950\" data-permalink=\"https:\/\/ffyh.unc.edu.ar\/historia\/nuestrxs-docentes\/blancof\/20220701_101549\/\" data-orig-file=\"https:\/\/i0.wp.com\/ffyh.unc.edu.ar\/historia\/wp-content\/uploads\/sites\/37\/2022\/08\/20220701_101549.jpg?fit=2241%2C2409&amp;ssl=1\" data-orig-size=\"2241,2409\" data-comments-opened=\"0\" data-image-meta=\"{&quot;aperture&quot;:&quot;2.2&quot;,&quot;credit&quot;:&quot;&quot;,&quot;camera&quot;:&quot;SM-A217M&quot;,&quot;caption&quot;:&quot;&quot;,&quot;created_timestamp&quot;:&quot;1656670548&quot;,&quot;copyright&quot;:&quot;&quot;,&quot;focal_length&quot;:&quot;3.39&quot;,&quot;iso&quot;:&quot;80&quot;,&quot;shutter_speed&quot;:&quot;0.02&quot;,&quot;title&quot;:&quot;&quot;,&quot;orientation&quot;:&quot;1&quot;}\" data-image-title=\"20220701_101549\" data-image-description=\"\" data-image-caption=\"\" data-medium-file=\"https:\/\/i0.wp.com\/ffyh.unc.edu.ar\/historia\/wp-content\/uploads\/sites\/37\/2022\/08\/20220701_101549.jpg?fit=279%2C300&amp;ssl=1\" data-large-file=\"https:\/\/i0.wp.com\/ffyh.unc.edu.ar\/historia\/wp-content\/uploads\/sites\/37\/2022\/08\/20220701_101549.jpg?fit=953%2C1024&amp;ssl=1\" class=\"alignleft size-thumbnail wp-image-4950\" src=\"https:\/\/i0.wp.com\/ffyh.unc.edu.ar\/historia\/wp-content\/uploads\/sites\/37\/2022\/08\/20220701_101549.jpg?resize=150%2C150\" alt=\"\" width=\"150\" height=\"150\" srcset=\"https:\/\/i0.wp.com\/ffyh.unc.edu.ar\/historia\/wp-content\/uploads\/sites\/37\/2022\/08\/20220701_101549.jpg?resize=150%2C150&amp;ssl=1 150w, https:\/\/i0.wp.com\/ffyh.unc.edu.ar\/historia\/wp-content\/uploads\/sites\/37\/2022\/08\/20220701_101549.jpg?zoom=2&amp;resize=150%2C150 300w, https:\/\/i0.wp.com\/ffyh.unc.edu.ar\/historia\/wp-content\/uploads\/sites\/37\/2022\/08\/20220701_101549.jpg?zoom=3&amp;resize=150%2C150 450w\" sizes=\"(max-width: 150px) 100vw, 150px\" \/><\/p>\n<p style=\"text-align: justify\">Fernando Luis Blanco. Licenciado en Historia por la Universidad Nacional de C\u00f3rdoba. Mag\u00edster y Doctor en Historia por la Universidade Federal do Rio Grande do Sul, Porto Alegre, Brasil. Profesor Adjunto Regular (ded. exclusiva) en la c\u00e1tedra de Historia de la Cultura, con carga anexa en Antropolog\u00eda Social y Cultural y Etnohistoria Andina.<\/p>\n<p style=\"text-align: justify\">En el \u00e1mbito de Investigaci\u00f3n es Director del Programa Antropolog\u00eda e Historia de la Relaci\u00f3n Capital \u2013 Trabajo en el Centro de Investigaciones y Estudios sobre Cultura y Sociedad. CIECS-CONICET-UNC. Las \u00c1reas de investigaci\u00f3n han sido la Etnohistoria del Chaco, trabajo ind\u00edgena, racismo y Fronteras \u00e9tnicas. Actualmente investiga la \u201cAntropolog\u00eda monstruosa. Representaciones de la ciencia teratol\u00f3gica desde el siglo XVIII\u201d. Ha dirgido y dirige doctorandos y becarios de Conicet. Tambi\u00e9n orient\u00f3 varios Trabajos Finales en la carrera de Historia y en la de Cine y TV.<\/p>\n<p style=\"text-align: justify\">En el \u00e1mbito de la gesti\u00f3n se desempe\u00f1\u00f3 como consiliario estudiantil en el HCS, Vicedirector y Director de la Escuela de Historia y consejero docente de Historia. Participa como consejero en el CIECS-Conicet<\/p>\n<p style=\"text-align: justify\">Entre algunas publicaciones: \u201cTutela, Paternalismo y Etnocidio. Las pol\u00edticas indigenistas de los socios del Mercosur (Brasil y Argentina) Un estudio de las pol\u00edticas territoriales indigenistas. Comparaci\u00f3n de Brasil y Argentina\u201d; \u201cEstado y Naci\u00f3n. Territorios y Fronteras Culturales\u201d; Co-Editor de <em>De sujetos, definiciones y fronteras. Ensayos sobre marginalidad, disciplinamiento y exclusi\u00f3n en Am\u00e9rica; c<\/em>ompilador de <em>La din\u00e1mica de la Relaci\u00f3n Capital-Trabajo en las transformaciones del mundo contempor\u00e1neo: Su expresi\u00f3n en el mercado de trabajo en Europa y Am\u00e9rica Latina.\u00a0 <\/em>Compilador\u00a0 de <em>Fronteras, ind\u00edgenas y migrantes en Am\u00e9rica del Sur. Historia y Antropolog\u00eda<\/em>.<\/p>\n<p style=\"text-align: justify\">Tambi\u00e9n ha participado como jurado en numerosas tesis de doctorados y maestr\u00edas en varias universidades nacionales.<\/p>\n<\/td>\n<\/tr>\n<tr>\n<td style=\"width: 87.2727%\">Contacto:\u00a0\u00a0<i>fernando.blanco@unc.edu.ar<\/i><\/td>\n<td style=\"width: 12.6061%\"><\/td>\n<\/tr>\n<\/tbody>\n<\/table>\n","protected":false},"excerpt":{"rendered":"<p>Fernando Luis Blanco. Licenciado en Historia por la Universidad Nacional de C\u00f3rdoba. Mag\u00edster y Doctor en Historia por la Universidade Federal do Rio Grande do Sul, Porto Alegre, Brasil. Profesor Adjunto Regular (ded. exclusiva) en la c\u00e1tedra de Historia de la Cultura, con carga anexa en Antropolog\u00eda Social y Cultural y Etnohistoria Andina. En el&#8230; <\/p>\n<div class=\"link-more\"><a href=\"https:\/\/ffyh.unc.edu.ar\/historia\/nuestrxs-docentes\/blancof\/\">Lea m\u00e1s<\/a><\/div>\n","protected":false},"author":34,"featured_media":0,"parent":4089,"menu_order":0,"comment_status":"closed","ping_status":"closed","template":"","meta":{"_acf_changed":false,"_monsterinsights_skip_tracking":false,"_monsterinsights_sitenote_active":false,"_monsterinsights_sitenote_note":"","_monsterinsights_sitenote_category":0,"footnotes":""},"class_list":["post-4274","page","type-page","status-publish","hentry"],"acf":[],"jetpack_sharing_enabled":true,"_links":{"self":[{"href":"https:\/\/ffyh.unc.edu.ar\/historia\/wp-json\/wp\/v2\/pages\/4274","targetHints":{"allow":["GET"]}}],"collection":[{"href":"https:\/\/ffyh.unc.edu.ar\/historia\/wp-json\/wp\/v2\/pages"}],"about":[{"href":"https:\/\/ffyh.unc.edu.ar\/historia\/wp-json\/wp\/v2\/types\/page"}],"author":[{"embeddable":true,"href":"https:\/\/ffyh.unc.edu.ar\/historia\/wp-json\/wp\/v2\/users\/34"}],"replies":[{"embeddable":true,"href":"https:\/\/ffyh.unc.edu.ar\/historia\/wp-json\/wp\/v2\/comments?post=4274"}],"version-history":[{"count":7,"href":"https:\/\/ffyh.unc.edu.ar\/historia\/wp-json\/wp\/v2\/pages\/4274\/revisions"}],"predecessor-version":[{"id":4951,"href":"https:\/\/ffyh.unc.edu.ar\/historia\/wp-json\/wp\/v2\/pages\/4274\/revisions\/4951"}],"up":[{"embeddable":true,"href":"https:\/\/ffyh.unc.edu.ar\/historia\/wp-json\/wp\/v2\/pages\/4089"}],"wp:attachment":[{"href":"https:\/\/ffyh.unc.edu.ar\/historia\/wp-json\/wp\/v2\/media?parent=4274"}],"curies":[{"name":"wp","href":"https:\/\/api.w.org\/{rel}","templated":true}]}}

<table style="border-collapse: collapse;width: 100%">
<tbody>
<tr>
<td style="width: 99.8788%" colspan="2"><img data-recalc-dims="1" decoding="async" data-attachment-id="4950" data-permalink="https://ffyh.unc.edu.ar/historia/nuestrxs-docentes/blancof/20220701_101549/" data-orig-file="https://i0.wp.com/ffyh.unc.edu.ar/historia/wp-content/uploads/sites/37/2022/08/20220701_101549.jpg?fit=2241%2C2409&amp;ssl=1" data-orig-size="2241,2409" data-comments-opened="0" data-image-meta="{&quot;aperture&quot;:&quot;2.2&quot;,&quot;credit&quot;:&quot;&quot;,&quot;camera&quot;:&quot;SM-A217M&quot;,&quot;caption&quot;:&quot;&quot;,&quot;created_timestamp&quot;:&quot;1656670548&quot;,&quot;copyright&quot;:&quot;&quot;,&quot;focal_length&quot;:&quot;3.39&quot;,&quot;iso&quot;:&quot;80&quot;,&quot;shutter_speed&quot;:&quot;0.02&quot;,&quot;title&quot;:&quot;&quot;,&quot;orientation&quot;:&quot;1&quot;}" data-image-title="20220701_101549" data-image-description="" data-image-caption="" data-medium-file="https://i0.wp.com/ffyh.unc.edu.ar/historia/wp-content/uploads/sites/37/2022/08/20220701_101549.jpg?fit=279%2C300&amp;ssl=1" data-large-file="https://i0.wp.com/ffyh.unc.edu.ar/historia/wp-content/uploads/sites/37/2022/08/20220701_101549.jpg?fit=953%2C1024&amp;ssl=1" class="alignleft size-thumbnail wp-image-4950" src="https://i0.wp.com/ffyh.unc.edu.ar/historia/wp-content/uploads/sites/37/2022/08/20220701_101549.jpg?resize=150%2C150" alt="" width="150" height="150" srcset="https://i0.wp.com/ffyh.unc.edu.ar/historia/wp-content/uploads/sites/37/2022/08/20220701_101549.jpg?resize=150%2C150&amp;ssl=1 150w, https://i0.wp.com/ffyh.unc.edu.ar/historia/wp-content/uploads/sites/37/2022/08/20220701_101549.jpg?zoom=2&amp;resize=150%2C150 300w, https://i0.wp.com/ffyh.unc.edu.ar/historia/wp-content/uploads/sites/37/2022/08/20220701_101549.jpg?zoom=3&amp;resize=150%2C150 450w" sizes="(max-width: 150px) 100vw, 150px" /></p>
<p style="text-align: justify">Fernando Luis Blanco. Licenciado en Historia por la Universidad Nacional de Córdoba. Magíster y Doctor en Historia por la Universidade Federal do Rio Grande do Sul, Porto Alegre, Brasil. Profesor Adjunto Regular (ded. exclusiva) en la cátedra de Historia de la Cultura, con carga anexa en Antropología Social y Cultural y Etnohistoria Andina.</p>
<p style="text-align: justify">En el ámbito de Investigación es Director del Programa Antropología e Historia de la Relación Capital – Trabajo en el Centro de Investigaciones y Estudios sobre Cultura y Sociedad. CIECS-CONICET-UNC. Las Áreas de investigación han sido la Etnohistoria del Chaco, trabajo indígena, racismo y Fronteras étnicas. Actualmente investiga la “Antropología monstruosa. Representaciones de la ciencia teratológica desde el siglo XVIII”. Ha dirgido y dirige doctorandos y becarios de Conicet. También orientó varios Trabajos Finales en la carrera de Historia y en la de Cine y TV.</p>
<p style="text-align: justify">En el ámbito de la gestión se desempeñó como consiliario estudiantil en el HCS, Vicedirector y Director de la Escuela de Historia y consejero docente de Historia. Participa como consejero en el CIECS-Conicet</p>
<p style="text-align: justify">Entre algunas publicaciones: “Tutela, Paternalismo y Etnocidio. Las políticas indigenistas de los socios del Mercosur (Brasil y Argentina) Un estudio de las políticas territoriales indigenistas. Comparación de Brasil y Argentina”; “Estado y Nación. Territorios y Fronteras Culturales”; Co-Editor de <em>De sujetos, definiciones y fronteras. Ensayos sobre marginalidad, disciplinamiento y exclusión en América; c</em>ompilador de <em>La dinámica de la Relación Capital-Trabajo en las transformaciones del mundo contemporáneo: Su expresión en el mercado de trabajo en Europa y América Latina.  </em>Compilador  de <em>Fronteras, indígenas y migrantes en América del Sur. Historia y Antropología</em>.</p>
<p style="text-align: justify">También ha participado como jurado en numerosas tesis de doctorados y maestrías en varias universidades nacionales.</p>
</td>
</tr>
<tr>
<td style="width: 87.2727%">Contacto:  <i>fernando.blanco@unc.edu.ar</i></td>
<td style="width: 12.6061%"></td>
</tr>
</tbody>
</table>

<p>Fernando Luis Blanco. Licenciado en Historia por la Universidad Nacional de Córdoba. Magíster y Doctor en Historia por la Universidade Federal do Rio Grande do Sul, Porto Alegre, Brasil. Profesor Adjunto Regular (ded. exclusiva) en la cátedra de Historia de la Cultura, con carga anexa en Antropología Social y Cultural y Etnohistoria Andina. En el&#8230; </p>
<div class="link-more"><a href="https://ffyh.unc.edu.ar/historia/nuestrxs-docentes/blancof/">Lea más</a></div>
