{"id":4287,"date":"2022-07-28T19:13:17","date_gmt":"2022-07-28T19:13:17","guid":{"rendered":"https:\/\/ffyh.unc.edu.ar\/historia\/?page_id=4287"},"modified":"2024-05-31T18:01:19","modified_gmt":"2024-05-31T18:01:19","slug":"reche","status":"publish","type":"page","link":"https:\/\/ffyh.unc.edu.ar\/historia\/nuestrxs-docentes\/reche\/","title":{"rendered":"Federico Reche"},"content":{"rendered":"<table style=\"border-collapse: collapse;width: 100%;height: 90px\">\n<tbody>\n<tr style=\"height: 45px\">\n<td style=\"height: 45px;text-align: justify\" colspan=\"2\"><img data-recalc-dims=\"1\" decoding=\"async\" data-attachment-id=\"4853\" data-permalink=\"https:\/\/ffyh.unc.edu.ar\/historia\/nuestrxs-docentes\/reche\/reche_foto\/\" data-orig-file=\"https:\/\/i0.wp.com\/ffyh.unc.edu.ar\/historia\/wp-content\/uploads\/sites\/37\/2022\/08\/Reche_foto.jpeg?fit=1069%2C1069&amp;ssl=1\" data-orig-size=\"1069,1069\" data-comments-opened=\"0\" data-image-meta=\"{&quot;aperture&quot;:&quot;0&quot;,&quot;credit&quot;:&quot;&quot;,&quot;camera&quot;:&quot;&quot;,&quot;caption&quot;:&quot;&quot;,&quot;created_timestamp&quot;:&quot;1659613642&quot;,&quot;copyright&quot;:&quot;&quot;,&quot;focal_length&quot;:&quot;0&quot;,&quot;iso&quot;:&quot;0&quot;,&quot;shutter_speed&quot;:&quot;0&quot;,&quot;title&quot;:&quot;&quot;,&quot;orientation&quot;:&quot;1&quot;}\" data-image-title=\"Reche_foto\" data-image-description=\"\" data-image-caption=\"\" data-medium-file=\"https:\/\/i0.wp.com\/ffyh.unc.edu.ar\/historia\/wp-content\/uploads\/sites\/37\/2022\/08\/Reche_foto.jpeg?fit=300%2C300&amp;ssl=1\" data-large-file=\"https:\/\/i0.wp.com\/ffyh.unc.edu.ar\/historia\/wp-content\/uploads\/sites\/37\/2022\/08\/Reche_foto.jpeg?fit=1000%2C1000&amp;ssl=1\" class=\"alignleft size-thumbnail wp-image-4853\" src=\"https:\/\/i0.wp.com\/ffyh.unc.edu.ar\/historia\/wp-content\/uploads\/sites\/37\/2022\/08\/Reche_foto.jpeg?resize=150%2C150\" alt=\"\" width=\"150\" height=\"150\" srcset=\"https:\/\/i0.wp.com\/ffyh.unc.edu.ar\/historia\/wp-content\/uploads\/sites\/37\/2022\/08\/Reche_foto.jpeg?resize=150%2C150&amp;ssl=1 150w, https:\/\/i0.wp.com\/ffyh.unc.edu.ar\/historia\/wp-content\/uploads\/sites\/37\/2022\/08\/Reche_foto.jpeg?resize=300%2C300&amp;ssl=1 300w, https:\/\/i0.wp.com\/ffyh.unc.edu.ar\/historia\/wp-content\/uploads\/sites\/37\/2022\/08\/Reche_foto.jpeg?resize=1024%2C1024&amp;ssl=1 1024w, https:\/\/i0.wp.com\/ffyh.unc.edu.ar\/historia\/wp-content\/uploads\/sites\/37\/2022\/08\/Reche_foto.jpeg?resize=768%2C768&amp;ssl=1 768w, https:\/\/i0.wp.com\/ffyh.unc.edu.ar\/historia\/wp-content\/uploads\/sites\/37\/2022\/08\/Reche_foto.jpeg?w=1069&amp;ssl=1 1069w\" sizes=\"(max-width: 150px) 100vw, 150px\" \/>Profesor Asistente por concurso en la C\u00e1tedra de Econom\u00eda Pol\u00edtica. Es Licenciado en Historia por la Universidad Nacional de C\u00f3rdoba (UNC), M\u00e1ster en Pensamiento Econ\u00f3mico por la Universidad Complutense de Madrid (UCM), tesista de la Maestr\u00eda en Sociolog\u00eda Econ\u00f3mica del Instituto de Altos Estudios Sociales de la Universidad Nacional de San Mart\u00edn (IDAES-UNSAM) y estudiante del Doctorado en Historia (FFyH-UNC). Se desempe\u00f1a tambi\u00e9n Profesor Asistente concursado de Econom\u00eda Pol\u00edtica I y Profesor Adjunto a cargo interino del Seminario de Desarrollo Social y Econ\u00f3mico en la Facultad de Ciencias Sociales de la UNC.&nbsp;<\/p>\n<p>Ha participado de diversos proyectos de investigaci\u00f3n relativos a la Econom\u00eda Pol\u00edtica, la Historia del Pensamiento Econ\u00f3mico y la Historia Argentina. Actualmente integra el Proyecto Consolidar (Secyt-UNC) \u201cProblemas de econom\u00eda pol\u00edtica argentina: mercado de trabajo, relaci\u00f3n Estado-empresarios y desigualdad de ingresos\u201d dirigido por la Dra. Silvia Mor\u00f3n y el Programa \u201cEstudios sobre<br \/>\nHistoria Reciente Argentina\u201d (CEA-FCS) dirigido por la Dra. Alicia Servetto. Se especializa en los problemas sobre el desarrollo y la industrializaci\u00f3n argentina y en las ideas econ\u00f3micas en Am\u00e9rica Latina. Sus investigaciones han abordado estos asuntos de manera multidisciplinar desde la Econom\u00eda Pol\u00edtica, la Sociolog\u00eda Econ\u00f3mica y la Historia. Ha publicado diversos art\u00edculos y cap\u00edtulos de libros sobre estas tem\u00e1ticas.<\/p>\n<p>Ha participado de proyectos de Extensi\u00f3n universitaria y dictado cursos de formaci\u00f3n docente y sindical sobre temas de Econom\u00eda Pol\u00edtica e Historia Econ\u00f3mica Argentina. Ha sido consejero en el HCD de la FFyH y en el Consejo de la Escuela de Historia. Es miembro de la Asociaci\u00f3n Argentina de Historia Econ\u00f3mica (AAHE), la Asociaci\u00f3n Latinoamericana de Historia del Pensamiento Econ\u00f3mico (ALAHPE) y el Grupo de Trabajo de Historia del Pensamiento Econ\u00f3mico -Young Scholars Initiative, Institute for New Economic Thinking-.<\/td>\n<\/tr>\n<tr style=\"height: 45px\">\n<td style=\"width: 0.491159%;height: 45px\" colspan=\"2\">Contacto: <a href=\"mailto:federico.reche@unc.edu.ar\">federico.reche@unc.edu.ar<\/a><\/p>\n<p>ACADEMIA.EDU: <a href=\"https:\/\/cordoba.academia.edu\/FedericoReche\">https:\/\/cordoba.academia.edu\/FedericoReche<\/a><\/td>\n<\/tr>\n<\/tbody>\n<\/table>\n","protected":false},"excerpt":{"rendered":"<p>Profesor Asistente por concurso en la C\u00e1tedra de Econom\u00eda Pol\u00edtica. Es Licenciado en Historia por la Universidad Nacional de C\u00f3rdoba (UNC), M\u00e1ster en Pensamiento Econ\u00f3mico por la Universidad Complutense de Madrid (UCM), tesista de la Maestr\u00eda en Sociolog\u00eda Econ\u00f3mica del Instituto de Altos Estudios Sociales de la Universidad Nacional de San Mart\u00edn (IDAES-UNSAM) y estudiante&#8230; <\/p>\n<div class=\"link-more\"><a href=\"https:\/\/ffyh.unc.edu.ar\/historia\/nuestrxs-docentes\/reche\/\">Lea m\u00e1s<\/a><\/div>\n","protected":false},"author":34,"featured_media":0,"parent":4089,"menu_order":0,"comment_status":"closed","ping_status":"closed","template":"","meta":{"_acf_changed":false,"_monsterinsights_skip_tracking":false,"_monsterinsights_sitenote_active":false,"_monsterinsights_sitenote_note":"","_monsterinsights_sitenote_category":0,"footnotes":""},"class_list":["post-4287","page","type-page","status-publish","hentry"],"acf":[],"jetpack_sharing_enabled":true,"_links":{"self":[{"href":"https:\/\/ffyh.unc.edu.ar\/historia\/wp-json\/wp\/v2\/pages\/4287","targetHints":{"allow":["GET"]}}],"collection":[{"href":"https:\/\/ffyh.unc.edu.ar\/historia\/wp-json\/wp\/v2\/pages"}],"about":[{"href":"https:\/\/ffyh.unc.edu.ar\/historia\/wp-json\/wp\/v2\/types\/page"}],"author":[{"embeddable":true,"href":"https:\/\/ffyh.unc.edu.ar\/historia\/wp-json\/wp\/v2\/users\/34"}],"replies":[{"embeddable":true,"href":"https:\/\/ffyh.unc.edu.ar\/historia\/wp-json\/wp\/v2\/comments?post=4287"}],"version-history":[{"count":7,"href":"https:\/\/ffyh.unc.edu.ar\/historia\/wp-json\/wp\/v2\/pages\/4287\/revisions"}],"predecessor-version":[{"id":5938,"href":"https:\/\/ffyh.unc.edu.ar\/historia\/wp-json\/wp\/v2\/pages\/4287\/revisions\/5938"}],"up":[{"embeddable":true,"href":"https:\/\/ffyh.unc.edu.ar\/historia\/wp-json\/wp\/v2\/pages\/4089"}],"wp:attachment":[{"href":"https:\/\/ffyh.unc.edu.ar\/historia\/wp-json\/wp\/v2\/media?parent=4287"}],"curies":[{"name":"wp","href":"https:\/\/api.w.org\/{rel}","templated":true}]}}