{"id":4289,"date":"2022-07-28T19:13:44","date_gmt":"2022-07-28T19:13:44","guid":{"rendered":"https:\/\/ffyh.unc.edu.ar\/historia\/?page_id=4289"},"modified":"2022-09-20T13:17:36","modified_gmt":"2022-09-20T13:17:36","slug":"saiz","status":"publish","type":"page","link":"https:\/\/ffyh.unc.edu.ar\/historia\/nuestrxs-docentes\/saiz\/","title":{"rendered":"Sergio Saiz Bonzano"},"content":{"rendered":"<table style=\"border-collapse: collapse;width: 100%\">\n<tbody>\n<tr>\n<td colspan=\"2\">\n<p style=\"text-align: justify\"><img data-recalc-dims=\"1\" decoding=\"async\" data-attachment-id=\"5017\" data-permalink=\"https:\/\/ffyh.unc.edu.ar\/historia\/nuestrxs-docentes\/saiz\/c0-sergio-saiz-bonzano\/\" data-orig-file=\"https:\/\/i0.wp.com\/ffyh.unc.edu.ar\/historia\/wp-content\/uploads\/sites\/37\/2022\/09\/C0.-Sergio-Saiz-Bonzano.png?fit=354%2C354&amp;ssl=1\" data-orig-size=\"354,354\" data-comments-opened=\"0\" data-image-meta=\"{&quot;aperture&quot;:&quot;0&quot;,&quot;credit&quot;:&quot;&quot;,&quot;camera&quot;:&quot;&quot;,&quot;caption&quot;:&quot;&quot;,&quot;created_timestamp&quot;:&quot;0&quot;,&quot;copyright&quot;:&quot;&quot;,&quot;focal_length&quot;:&quot;0&quot;,&quot;iso&quot;:&quot;0&quot;,&quot;shutter_speed&quot;:&quot;0&quot;,&quot;title&quot;:&quot;&quot;,&quot;orientation&quot;:&quot;0&quot;}\" data-image-title=\"C0. Sergio Saiz Bonzano\" data-image-description=\"\" data-image-caption=\"\" data-medium-file=\"https:\/\/i0.wp.com\/ffyh.unc.edu.ar\/historia\/wp-content\/uploads\/sites\/37\/2022\/09\/C0.-Sergio-Saiz-Bonzano.png?fit=300%2C300&amp;ssl=1\" data-large-file=\"https:\/\/i0.wp.com\/ffyh.unc.edu.ar\/historia\/wp-content\/uploads\/sites\/37\/2022\/09\/C0.-Sergio-Saiz-Bonzano.png?fit=354%2C354&amp;ssl=1\" class=\"alignleft size-thumbnail wp-image-5017\" src=\"https:\/\/i0.wp.com\/ffyh.unc.edu.ar\/historia\/wp-content\/uploads\/sites\/37\/2022\/09\/C0.-Sergio-Saiz-Bonzano.png?resize=150%2C150\" alt=\"\" width=\"150\" height=\"150\" srcset=\"https:\/\/i0.wp.com\/ffyh.unc.edu.ar\/historia\/wp-content\/uploads\/sites\/37\/2022\/09\/C0.-Sergio-Saiz-Bonzano.png?resize=150%2C150&amp;ssl=1 150w, https:\/\/i0.wp.com\/ffyh.unc.edu.ar\/historia\/wp-content\/uploads\/sites\/37\/2022\/09\/C0.-Sergio-Saiz-Bonzano.png?resize=300%2C300&amp;ssl=1 300w, https:\/\/i0.wp.com\/ffyh.unc.edu.ar\/historia\/wp-content\/uploads\/sites\/37\/2022\/09\/C0.-Sergio-Saiz-Bonzano.png?w=354&amp;ssl=1 354w\" sizes=\"(max-width: 150px) 100vw, 150px\" \/>Profesor Asistente interino en \u201cEconom\u00eda Pol\u00edtica\u201d (FFyH-UNC), Profesor Adjunto a cargo por concurso en \u201cEconom\u00eda Pol\u00edtica I\u201d (FCS-UNC) y como Docente responsable del M\u00f3dulo Econom\u00eda Pol\u00edtica del Programa de Formaci\u00f3n Pol\u00edtico-Sindical de la Uni\u00f3n de Educadores de la Provincia de C\u00f3rdoba.<\/p>\n<p style=\"text-align: justify\">Licenciado en Historia y Doctorando en Historia (FFyH-UNC), desarrolla estudios sobre din\u00e1mica de acumulaci\u00f3n en la historia argentina reciente.\u00a0En 2011 public\u00f3 su Tesis de Licenciatura, \u201cR\u00e9gimen social de acumulaci\u00f3n. Estructura y acci\u00f3n al interior del conflicto capital-trabajo. Aportes para el estudio de la convertibilidad argentina\u201d, y entre su producci\u00f3n en publicaciones con referato se encuentra \u201cEl regreso de la miseria planificada: disputa hegem\u00f3nica y din\u00e1mica de acumulaci\u00f3n en Argentina bajo la Alianza Cambiemos\u201d, en co-autor\u00eda con S. Mor\u00f3n, J. Almada y F. Reche; \u201cEstado y lucha de clases: \u00bfinstrumento, sujeto o territorio? Una aproximaci\u00f3n a la articulaci\u00f3n de lo econ\u00f3mico y lo pol\u00edtico desde la categor\u00eda R\u00e9gimen Social de Acumulaci\u00f3n\u201d; as\u00ed como \u201cLa categor\u00eda \u00abr\u00e9gimen de acumulaci\u00f3n\u00bb: l\u00edmites y potencialidades para el estudio de la historia econ\u00f3mica argentina. Hacia una propuesta para su reconceptualizaci\u00f3n\u201d, en co-autor\u00eda con J. Almada y F. Reche. Como parte de su trabajo extensionista ha publicado tambi\u00e9n distintos materiales de divulgaci\u00f3n en torno a la teor\u00eda econ\u00f3mica y diferentes problemas macroecon\u00f3micos actuales; entre ellos: \u201cEl valor como problema\u201d, \u201cEsa particular mercanc\u00eda llamada dinero\u201d, \u201cInflaci\u00f3n: abordajes te\u00f3ricos y propuestas de pol\u00edtica\u201d, \u201cLa deuda externa\u201d, \u201cEndeudamiento y valorizaci\u00f3n financiera\u201d.<\/p>\n<p style=\"text-align: justify\">Desde el a\u00f1o 2010 participa de proyectos de investigaci\u00f3n acreditados y actualmente es Investigador Responsable del Proyecto \u201cLo econ\u00f3mico y lo pol\u00edtico como dimensiones co-constitutivas de la realidad social. Aportes te\u00f3ricos y metodol\u00f3gicos para el estudio situado del conflicto capital-trabajo en Argentina\u201d (SECyT-UNC, CONSOLIDAR &#8211; Categor\u00eda III), radicado en el \u00c1rea de Historia del CIFFyH.<\/p>\n<\/td>\n<\/tr>\n<tr>\n<td style=\"width: 0.491159%\" colspan=\"2\">Contacto: <a href=\"mailto:s.saizbonzano@unc.edu.ar\"><em>s.saizbonzano@unc.edu.ar<\/em><\/a><\/td>\n<\/tr>\n<\/tbody>\n<\/table>\n","protected":false},"excerpt":{"rendered":"<p>Profesor Asistente interino en \u201cEconom\u00eda Pol\u00edtica\u201d (FFyH-UNC), Profesor Adjunto a cargo por concurso en \u201cEconom\u00eda Pol\u00edtica I\u201d (FCS-UNC) y como Docente responsable del M\u00f3dulo Econom\u00eda Pol\u00edtica del Programa de Formaci\u00f3n Pol\u00edtico-Sindical de la Uni\u00f3n de Educadores de la Provincia de C\u00f3rdoba. Licenciado en Historia y Doctorando en Historia (FFyH-UNC), desarrolla estudios sobre din\u00e1mica de acumulaci\u00f3n&#8230; <\/p>\n<div class=\"link-more\"><a href=\"https:\/\/ffyh.unc.edu.ar\/historia\/nuestrxs-docentes\/saiz\/\">Lea m\u00e1s<\/a><\/div>\n","protected":false},"author":34,"featured_media":0,"parent":4089,"menu_order":0,"comment_status":"closed","ping_status":"closed","template":"","meta":{"_acf_changed":false,"_monsterinsights_skip_tracking":false,"_monsterinsights_sitenote_active":false,"_monsterinsights_sitenote_note":"","_monsterinsights_sitenote_category":0,"footnotes":""},"class_list":["post-4289","page","type-page","status-publish","hentry"],"acf":[],"jetpack_sharing_enabled":true,"_links":{"self":[{"href":"https:\/\/ffyh.unc.edu.ar\/historia\/wp-json\/wp\/v2\/pages\/4289","targetHints":{"allow":["GET"]}}],"collection":[{"href":"https:\/\/ffyh.unc.edu.ar\/historia\/wp-json\/wp\/v2\/pages"}],"about":[{"href":"https:\/\/ffyh.unc.edu.ar\/historia\/wp-json\/wp\/v2\/types\/page"}],"author":[{"embeddable":true,"href":"https:\/\/ffyh.unc.edu.ar\/historia\/wp-json\/wp\/v2\/users\/34"}],"replies":[{"embeddable":true,"href":"https:\/\/ffyh.unc.edu.ar\/historia\/wp-json\/wp\/v2\/comments?post=4289"}],"version-history":[{"count":5,"href":"https:\/\/ffyh.unc.edu.ar\/historia\/wp-json\/wp\/v2\/pages\/4289\/revisions"}],"predecessor-version":[{"id":5018,"href":"https:\/\/ffyh.unc.edu.ar\/historia\/wp-json\/wp\/v2\/pages\/4289\/revisions\/5018"}],"up":[{"embeddable":true,"href":"https:\/\/ffyh.unc.edu.ar\/historia\/wp-json\/wp\/v2\/pages\/4089"}],"wp:attachment":[{"href":"https:\/\/ffyh.unc.edu.ar\/historia\/wp-json\/wp\/v2\/media?parent=4289"}],"curies":[{"name":"wp","href":"https:\/\/api.w.org\/{rel}","templated":true}]}}

<table style="border-collapse: collapse;width: 100%">
<tbody>
<tr>
<td colspan="2">
<p style="text-align: justify"><img data-recalc-dims="1" decoding="async" data-attachment-id="5017" data-permalink="https://ffyh.unc.edu.ar/historia/nuestrxs-docentes/saiz/c0-sergio-saiz-bonzano/" data-orig-file="https://i0.wp.com/ffyh.unc.edu.ar/historia/wp-content/uploads/sites/37/2022/09/C0.-Sergio-Saiz-Bonzano.png?fit=354%2C354&amp;ssl=1" data-orig-size="354,354" data-comments-opened="0" data-image-meta="{&quot;aperture&quot;:&quot;0&quot;,&quot;credit&quot;:&quot;&quot;,&quot;camera&quot;:&quot;&quot;,&quot;caption&quot;:&quot;&quot;,&quot;created_timestamp&quot;:&quot;0&quot;,&quot;copyright&quot;:&quot;&quot;,&quot;focal_length&quot;:&quot;0&quot;,&quot;iso&quot;:&quot;0&quot;,&quot;shutter_speed&quot;:&quot;0&quot;,&quot;title&quot;:&quot;&quot;,&quot;orientation&quot;:&quot;0&quot;}" data-image-title="C0. Sergio Saiz Bonzano" data-image-description="" data-image-caption="" data-medium-file="https://i0.wp.com/ffyh.unc.edu.ar/historia/wp-content/uploads/sites/37/2022/09/C0.-Sergio-Saiz-Bonzano.png?fit=300%2C300&amp;ssl=1" data-large-file="https://i0.wp.com/ffyh.unc.edu.ar/historia/wp-content/uploads/sites/37/2022/09/C0.-Sergio-Saiz-Bonzano.png?fit=354%2C354&amp;ssl=1" class="alignleft size-thumbnail wp-image-5017" src="https://i0.wp.com/ffyh.unc.edu.ar/historia/wp-content/uploads/sites/37/2022/09/C0.-Sergio-Saiz-Bonzano.png?resize=150%2C150" alt="" width="150" height="150" srcset="https://i0.wp.com/ffyh.unc.edu.ar/historia/wp-content/uploads/sites/37/2022/09/C0.-Sergio-Saiz-Bonzano.png?resize=150%2C150&amp;ssl=1 150w, https://i0.wp.com/ffyh.unc.edu.ar/historia/wp-content/uploads/sites/37/2022/09/C0.-Sergio-Saiz-Bonzano.png?resize=300%2C300&amp;ssl=1 300w, https://i0.wp.com/ffyh.unc.edu.ar/historia/wp-content/uploads/sites/37/2022/09/C0.-Sergio-Saiz-Bonzano.png?w=354&amp;ssl=1 354w" sizes="(max-width: 150px) 100vw, 150px" />Profesor Asistente interino en “Economía Política” (FFyH-UNC), Profesor Adjunto a cargo por concurso en “Economía Política I” (FCS-UNC) y como Docente responsable del Módulo Economía Política del Programa de Formación Político-Sindical de la Unión de Educadores de la Provincia de Córdoba.</p>
<p style="text-align: justify">Licenciado en Historia y Doctorando en Historia (FFyH-UNC), desarrolla estudios sobre dinámica de acumulación en la historia argentina reciente. En 2011 publicó su Tesis de Licenciatura, “Régimen social de acumulación. Estructura y acción al interior del conflicto capital-trabajo. Aportes para el estudio de la convertibilidad argentina”, y entre su producción en publicaciones con referato se encuentra “El regreso de la miseria planificada: disputa hegemónica y dinámica de acumulación en Argentina bajo la Alianza Cambiemos”, en co-autoría con S. Morón, J. Almada y F. Reche; “Estado y lucha de clases: ¿instrumento, sujeto o territorio? Una aproximación a la articulación de lo económico y lo político desde la categoría Régimen Social de Acumulación”; así como “La categoría «régimen de acumulación»: límites y potencialidades para el estudio de la historia económica argentina. Hacia una propuesta para su reconceptualización”, en co-autoría con J. Almada y F. Reche. Como parte de su trabajo extensionista ha publicado también distintos materiales de divulgación en torno a la teoría económica y diferentes problemas macroeconómicos actuales; entre ellos: “El valor como problema”, “Esa particular mercancía llamada dinero”, “Inflación: abordajes teóricos y propuestas de política”, “La deuda externa”, “Endeudamiento y valorización financiera”.</p>
<p style="text-align: justify">Desde el año 2010 participa de proyectos de investigación acreditados y actualmente es Investigador Responsable del Proyecto “Lo económico y lo político como dimensiones co-constitutivas de la realidad social. Aportes teóricos y metodológicos para el estudio situado del conflicto capital-trabajo en Argentina” (SECyT-UNC, CONSOLIDAR &#8211; Categoría III), radicado en el Área de Historia del CIFFyH.</p>
</td>
</tr>
<tr>
<td style="width: 0.491159%" colspan="2">Contacto: <a href="mailto:s.saizbonzano@unc.edu.ar"><em>s.saizbonzano@unc.edu.ar</em></a></td>
</tr>
</tbody>
</table>

<p>Profesor Asistente interino en “Economía Política” (FFyH-UNC), Profesor Adjunto a cargo por concurso en “Economía Política I” (FCS-UNC) y como Docente responsable del Módulo Economía Política del Programa de Formación Político-Sindical de la Unión de Educadores de la Provincia de Córdoba. Licenciado en Historia y Doctorando en Historia (FFyH-UNC), desarrolla estudios sobre dinámica de acumulación&#8230; </p>
<div class="link-more"><a href="https://ffyh.unc.edu.ar/historia/nuestrxs-docentes/saiz/">Lea más</a></div>
