{"id":4308,"date":"2022-07-28T19:23:30","date_gmt":"2022-07-28T19:23:30","guid":{"rendered":"https:\/\/ffyh.unc.edu.ar\/historia\/?page_id=4308"},"modified":"2026-02-14T21:38:47","modified_gmt":"2026-02-14T21:38:47","slug":"molina","status":"publish","type":"page","link":"https:\/\/ffyh.unc.edu.ar\/historia\/nuestrxs-docentes\/molina\/","title":{"rendered":"E. Pablo Molina Ahumada"},"content":{"rendered":"<table style=\"border-collapse: collapse;width: 100%\">\n<tbody>\n<tr>\n<td colspan=\"2\">\n<p style=\"text-align: justify\">Es pro<img data-recalc-dims=\"1\" decoding=\"async\" data-attachment-id=\"5242\" data-permalink=\"https:\/\/ffyh.unc.edu.ar\/historia\/nuestrxs-docentes\/molina\/molina-ahumada_perfil\/\" data-orig-file=\"https:\/\/i0.wp.com\/ffyh.unc.edu.ar\/historia\/wp-content\/uploads\/sites\/37\/2023\/03\/Molina-Ahumada_Perfil.jpg?fit=1200%2C1200&amp;ssl=1\" data-orig-size=\"1200,1200\" data-comments-opened=\"0\" data-image-meta=\"{&quot;aperture&quot;:&quot;0&quot;,&quot;credit&quot;:&quot;&quot;,&quot;camera&quot;:&quot;&quot;,&quot;caption&quot;:&quot;&quot;,&quot;created_timestamp&quot;:&quot;1610652673&quot;,&quot;copyright&quot;:&quot;&quot;,&quot;focal_length&quot;:&quot;0&quot;,&quot;iso&quot;:&quot;0&quot;,&quot;shutter_speed&quot;:&quot;0&quot;,&quot;title&quot;:&quot;&quot;,&quot;orientation&quot;:&quot;1&quot;}\" data-image-title=\"Molina Ahumada_Perfil\" data-image-description=\"\" data-image-caption=\"\" data-medium-file=\"https:\/\/i0.wp.com\/ffyh.unc.edu.ar\/historia\/wp-content\/uploads\/sites\/37\/2023\/03\/Molina-Ahumada_Perfil.jpg?fit=300%2C300&amp;ssl=1\" data-large-file=\"https:\/\/i0.wp.com\/ffyh.unc.edu.ar\/historia\/wp-content\/uploads\/sites\/37\/2023\/03\/Molina-Ahumada_Perfil.jpg?fit=1000%2C1000&amp;ssl=1\" class=\"alignleft wp-image-5242 size-thumbnail\" src=\"https:\/\/i0.wp.com\/ffyh.unc.edu.ar\/historia\/wp-content\/uploads\/sites\/37\/2023\/03\/Molina-Ahumada_Perfil.jpg?resize=150%2C150\" alt=\"\" width=\"150\" height=\"150\" srcset=\"https:\/\/i0.wp.com\/ffyh.unc.edu.ar\/historia\/wp-content\/uploads\/sites\/37\/2023\/03\/Molina-Ahumada_Perfil.jpg?resize=150%2C150&amp;ssl=1 150w, https:\/\/i0.wp.com\/ffyh.unc.edu.ar\/historia\/wp-content\/uploads\/sites\/37\/2023\/03\/Molina-Ahumada_Perfil.jpg?resize=300%2C300&amp;ssl=1 300w, https:\/\/i0.wp.com\/ffyh.unc.edu.ar\/historia\/wp-content\/uploads\/sites\/37\/2023\/03\/Molina-Ahumada_Perfil.jpg?resize=1024%2C1024&amp;ssl=1 1024w, https:\/\/i0.wp.com\/ffyh.unc.edu.ar\/historia\/wp-content\/uploads\/sites\/37\/2023\/03\/Molina-Ahumada_Perfil.jpg?resize=768%2C768&amp;ssl=1 768w, https:\/\/i0.wp.com\/ffyh.unc.edu.ar\/historia\/wp-content\/uploads\/sites\/37\/2023\/03\/Molina-Ahumada_Perfil.jpg?w=1200&amp;ssl=1 1200w\" sizes=\"(max-width: 150px) 100vw, 150px\" \/>fesor Titular por concurso de \u201cMetodolog\u00eda de la Investigaci\u00f3n\u201d en la Escuela de Bibliotecolog\u00eda; Profesor Asistente por concurso en \u00abHistoria de la Cultura\u00bb en la Escuela de Historia (FFyH) y Profesor Titular por concurso en \u201cObservaci\u00f3n y pr\u00e1ctica de la Ense\u00f1anza\u201d (Espa\u00f1ol) en la Facultad de Lenguas, UNC. Posee formaci\u00f3n como Profesor y Licenciado en Letras Modernas y Doctor en Letras (FFyH, UNC). Su campo de especializaci\u00f3n comprende la cr\u00edtica literaria, la historia cultural y la semi\u00f3tica cultural, con particular inter\u00e9s en el estudio de la cultura digital y los videojuegos. Ha sido becario de doctorado y posdoctorado (SECyT y CONICET).<\/p>\n<p style=\"text-align: justify\">Algunas de sus publicaciones son: libro <em><a href=\"http:\/\/hdl.handle.net\/11086\/5750\">Elogio de la derrota. H\u00e9roes del fracaso en Luis Mateo D\u00edez<\/a> <\/em>; cap\u00edtulo \u201cTierras salvajes. Orden ret\u00f3rico y videojuegos b\u00e9licos\u201d ; y los art\u00edculos \u201c<a href=\"https:\/\/iieac.criticadeartes.una.edu.ar\/wp-content\/uploads\/2021\/03\/2021-una-ca-cuaderno-iieac-nro-6.pdf\">Emociones virtuales: asimetr\u00eda y di\u00e1logo en videojuegos de David Cage<\/a>\u201d, \u201c<a href=\"https:\/\/revistas.ucm.es\/index.php\/DIDA\/article\/view\/77656\">En la frontera digital. Did\u00e1ctica de la literatura y videojuego en el abordaje de <em>Remember Me<\/em> y <em>Life is Strange<\/em><\/a>\u201d, \u201c<a href=\"https:\/\/www.designisfels.net\/capitulo\/i30-05-ciberespacio-y-semiotica-de-la-otredad\/\">Ciberespacio y semi\u00f3tica de la otredad<\/a>\u201d; \u201c<a href=\"https:\/\/publicaciones.sociales.uba.ar\/index.php\/lis\/article\/view\/3852\">H\u00e9roe y ciudad digital<\/a>\u201d y \u201c<a href=\"https:\/\/perio.unlp.edu.ar\/ojs\/index.php\/question\/article\/view\/4048\">Jugar a la guerra: ret\u00f3rica y pol\u00edtica en videojuegos b\u00e9licos<\/a>\u201d.<\/p>\n<p style=\"text-align: justify\">Ha desarrollado actividades docentes y de investigaci\u00f3n en universidades de Espa\u00f1a y Brasil gracias a becas internacionales y ha dictado cursos de posgrado en centros universitarios de Argentina. Como investigador, integr\u00f3 entre 2002 y 2015 el equipo de investigaci\u00f3n sobre \u201cRet\u00f3rica de la Cultura\u201d, dirigido por la Dra. Silvia Barei. Desde 2014, dirige y co-dirige equipos acreditados sobre tem\u00e1ticas vinculadas a la cr\u00edtica literaria, la cultura digital, los estudios de performance y la cr\u00edtica de videojuegos. En 2018, codirigi\u00f3 junto a la Dra. M\u00f3nica Jacobo (FA, UNC) el proyecto CONSOLIDAR \u201cExperiencias digitales: subjetividades, arte y cultura contempor\u00e1nea\u201d. Actualmente (2023-2027), dirige junto al Dr. Gustavo Bl\u00e1zquez el proyecto CONSOLIDAR \u00abAntropolog\u00eda de la fiesta y el juego: formas de sociabilidad, performance y subjetividades contempor\u00e1neas\u00bb, inscripto en el Programa Subjetividades y Sujeciones en la C\u00f3rdoba contempor\u00e1nea (dirigido por el Dr. G. Bl\u00e1zquez y la Dra. M. G. Lugones, radicado en el CIFFyH, 2024-2026).<\/p>\n<p style=\"text-align: justify\">En 2005 fue galardonado con el Premio de la Academia Argentina de Letras. Ha sido Vicepresidente y Presidente (a cargo) de la Asociaci\u00f3n Argentina de Ret\u00f3rica (AAR) y Director de la carrera de Especializaci\u00f3n en Estudios de Performance (Facultad de Artes, UNC). Ha sido, entre 2018-2021 y luego entre 2021-2023,\u00a0 Vicedirector de la Escuela de Historia (FFyH, UNC). Actualmente, se desempe\u00f1a como Director de dicha Escuela (2025-2027).<\/p>\n<\/td>\n<\/tr>\n<tr>\n<td style=\"width: 0.491159%\" colspan=\"2\">Contacto: <a href=\"mailto:pablomolina@unc.edu.ar\">pablomolina@unc.edu.ar<\/a><\/p>\n<p>Sigeva UNC: <a href=\"https:\/\/sigeva-scp.unc.edu.ar\/detalle.php?keywords=&amp;id=3053&amp;datos_academicos=yes\" target=\"_blank\" rel=\"noopener\">link a informaci\u00f3n en base de datos<\/a><br \/>\nORCID: <a href=\"https:\/\/orcid.org\/0000-0002-2992-6208\" target=\"_blank\" rel=\"noopener\">https:\/\/orcid.org\/0000-0002-2992-6208<\/a><\/td>\n<\/tr>\n<\/tbody>\n<\/table>\n","protected":false},"excerpt":{"rendered":"<p>Es profesor Titular por concurso de \u201cMetodolog\u00eda de la Investigaci\u00f3n\u201d en la Escuela de Bibliotecolog\u00eda; Profesor Asistente por concurso en \u00abHistoria de la Cultura\u00bb en la Escuela de Historia (FFyH) y Profesor Titular por concurso en \u201cObservaci\u00f3n y pr\u00e1ctica de la Ense\u00f1anza\u201d (Espa\u00f1ol) en la Facultad de Lenguas, UNC. Posee formaci\u00f3n como Profesor y Licenciado&#8230; <\/p>\n<div class=\"link-more\"><a href=\"https:\/\/ffyh.unc.edu.ar\/historia\/nuestrxs-docentes\/molina\/\">Lea m\u00e1s<\/a><\/div>\n","protected":false},"author":34,"featured_media":0,"parent":4089,"menu_order":0,"comment_status":"closed","ping_status":"closed","template":"","meta":{"_acf_changed":false,"_monsterinsights_skip_tracking":false,"_monsterinsights_sitenote_active":false,"_monsterinsights_sitenote_note":"","_monsterinsights_sitenote_category":0,"footnotes":""},"class_list":["post-4308","page","type-page","status-publish","hentry"],"acf":[],"jetpack_sharing_enabled":true,"_links":{"self":[{"href":"https:\/\/ffyh.unc.edu.ar\/historia\/wp-json\/wp\/v2\/pages\/4308","targetHints":{"allow":["GET"]}}],"collection":[{"href":"https:\/\/ffyh.unc.edu.ar\/historia\/wp-json\/wp\/v2\/pages"}],"about":[{"href":"https:\/\/ffyh.unc.edu.ar\/historia\/wp-json\/wp\/v2\/types\/page"}],"author":[{"embeddable":true,"href":"https:\/\/ffyh.unc.edu.ar\/historia\/wp-json\/wp\/v2\/users\/34"}],"replies":[{"embeddable":true,"href":"https:\/\/ffyh.unc.edu.ar\/historia\/wp-json\/wp\/v2\/comments?post=4308"}],"version-history":[{"count":15,"href":"https:\/\/ffyh.unc.edu.ar\/historia\/wp-json\/wp\/v2\/pages\/4308\/revisions"}],"predecessor-version":[{"id":6821,"href":"https:\/\/ffyh.unc.edu.ar\/historia\/wp-json\/wp\/v2\/pages\/4308\/revisions\/6821"}],"up":[{"embeddable":true,"href":"https:\/\/ffyh.unc.edu.ar\/historia\/wp-json\/wp\/v2\/pages\/4089"}],"wp:attachment":[{"href":"https:\/\/ffyh.unc.edu.ar\/historia\/wp-json\/wp\/v2\/media?parent=4308"}],"curies":[{"name":"wp","href":"https:\/\/api.w.org\/{rel}","templated":true}]}}

<table style="border-collapse: collapse;width: 100%">
<tbody>
<tr>
<td colspan="2">
<p style="text-align: justify">Es pro<img data-recalc-dims="1" decoding="async" data-attachment-id="5242" data-permalink="https://ffyh.unc.edu.ar/historia/nuestrxs-docentes/molina/molina-ahumada_perfil/" data-orig-file="https://i0.wp.com/ffyh.unc.edu.ar/historia/wp-content/uploads/sites/37/2023/03/Molina-Ahumada_Perfil.jpg?fit=1200%2C1200&amp;ssl=1" data-orig-size="1200,1200" data-comments-opened="0" data-image-meta="{&quot;aperture&quot;:&quot;0&quot;,&quot;credit&quot;:&quot;&quot;,&quot;camera&quot;:&quot;&quot;,&quot;caption&quot;:&quot;&quot;,&quot;created_timestamp&quot;:&quot;1610652673&quot;,&quot;copyright&quot;:&quot;&quot;,&quot;focal_length&quot;:&quot;0&quot;,&quot;iso&quot;:&quot;0&quot;,&quot;shutter_speed&quot;:&quot;0&quot;,&quot;title&quot;:&quot;&quot;,&quot;orientation&quot;:&quot;1&quot;}" data-image-title="Molina Ahumada_Perfil" data-image-description="" data-image-caption="" data-medium-file="https://i0.wp.com/ffyh.unc.edu.ar/historia/wp-content/uploads/sites/37/2023/03/Molina-Ahumada_Perfil.jpg?fit=300%2C300&amp;ssl=1" data-large-file="https://i0.wp.com/ffyh.unc.edu.ar/historia/wp-content/uploads/sites/37/2023/03/Molina-Ahumada_Perfil.jpg?fit=1000%2C1000&amp;ssl=1" class="alignleft wp-image-5242 size-thumbnail" src="https://i0.wp.com/ffyh.unc.edu.ar/historia/wp-content/uploads/sites/37/2023/03/Molina-Ahumada_Perfil.jpg?resize=150%2C150" alt="" width="150" height="150" srcset="https://i0.wp.com/ffyh.unc.edu.ar/historia/wp-content/uploads/sites/37/2023/03/Molina-Ahumada_Perfil.jpg?resize=150%2C150&amp;ssl=1 150w, https://i0.wp.com/ffyh.unc.edu.ar/historia/wp-content/uploads/sites/37/2023/03/Molina-Ahumada_Perfil.jpg?resize=300%2C300&amp;ssl=1 300w, https://i0.wp.com/ffyh.unc.edu.ar/historia/wp-content/uploads/sites/37/2023/03/Molina-Ahumada_Perfil.jpg?resize=1024%2C1024&amp;ssl=1 1024w, https://i0.wp.com/ffyh.unc.edu.ar/historia/wp-content/uploads/sites/37/2023/03/Molina-Ahumada_Perfil.jpg?resize=768%2C768&amp;ssl=1 768w, https://i0.wp.com/ffyh.unc.edu.ar/historia/wp-content/uploads/sites/37/2023/03/Molina-Ahumada_Perfil.jpg?w=1200&amp;ssl=1 1200w" sizes="(max-width: 150px) 100vw, 150px" />fesor Titular por concurso de “Metodología de la Investigación” en la Escuela de Bibliotecología; Profesor Asistente por concurso en «Historia de la Cultura» en la Escuela de Historia (FFyH) y Profesor Titular por concurso en “Observación y práctica de la Enseñanza” (Español) en la Facultad de Lenguas, UNC. Posee formación como Profesor y Licenciado en Letras Modernas y Doctor en Letras (FFyH, UNC). Su campo de especialización comprende la crítica literaria, la historia cultural y la semiótica cultural, con particular interés en el estudio de la cultura digital y los videojuegos. Ha sido becario de doctorado y posdoctorado (SECyT y CONICET).</p>
<p style="text-align: justify">Algunas de sus publicaciones son: libro <em><a href="http://hdl.handle.net/11086/5750">Elogio de la derrota. Héroes del fracaso en Luis Mateo Díez</a> </em>; capítulo “Tierras salvajes. Orden retórico y videojuegos bélicos” ; y los artículos “<a href="https://iieac.criticadeartes.una.edu.ar/wp-content/uploads/2021/03/2021-una-ca-cuaderno-iieac-nro-6.pdf">Emociones virtuales: asimetría y diálogo en videojuegos de David Cage</a>”, “<a href="https://revistas.ucm.es/index.php/DIDA/article/view/77656">En la frontera digital. Didáctica de la literatura y videojuego en el abordaje de <em>Remember Me</em> y <em>Life is Strange</em></a>”, “<a href="https://www.designisfels.net/capitulo/i30-05-ciberespacio-y-semiotica-de-la-otredad/">Ciberespacio y semiótica de la otredad</a>”; “<a href="https://publicaciones.sociales.uba.ar/index.php/lis/article/view/3852">Héroe y ciudad digital</a>” y “<a href="https://perio.unlp.edu.ar/ojs/index.php/question/article/view/4048">Jugar a la guerra: retórica y política en videojuegos bélicos</a>”.</p>
<p style="text-align: justify">Ha desarrollado actividades docentes y de investigación en universidades de España y Brasil gracias a becas internacionales y ha dictado cursos de posgrado en centros universitarios de Argentina. Como investigador, integró entre 2002 y 2015 el equipo de investigación sobre “Retórica de la Cultura”, dirigido por la Dra. Silvia Barei. Desde 2014, dirige y co-dirige equipos acreditados sobre temáticas vinculadas a la crítica literaria, la cultura digital, los estudios de performance y la crítica de videojuegos. En 2018, codirigió junto a la Dra. Mónica Jacobo (FA, UNC) el proyecto CONSOLIDAR “Experiencias digitales: subjetividades, arte y cultura contemporánea”. Actualmente (2023-2027), dirige junto al Dr. Gustavo Blázquez el proyecto CONSOLIDAR «Antropología de la fiesta y el juego: formas de sociabilidad, performance y subjetividades contemporáneas», inscripto en el Programa Subjetividades y Sujeciones en la Córdoba contemporánea (dirigido por el Dr. G. Blázquez y la Dra. M. G. Lugones, radicado en el CIFFyH, 2024-2026).</p>
<p style="text-align: justify">En 2005 fue galardonado con el Premio de la Academia Argentina de Letras. Ha sido Vicepresidente y Presidente (a cargo) de la Asociación Argentina de Retórica (AAR) y Director de la carrera de Especialización en Estudios de Performance (Facultad de Artes, UNC). Ha sido, entre 2018-2021 y luego entre 2021-2023,  Vicedirector de la Escuela de Historia (FFyH, UNC). Actualmente, se desempeña como Director de dicha Escuela (2025-2027).</p>
</td>
</tr>
<tr>
<td style="width: 0.491159%" colspan="2">Contacto: <a href="mailto:pablomolina@unc.edu.ar">pablomolina@unc.edu.ar</a></p>
<p>Sigeva UNC: <a href="https://sigeva-scp.unc.edu.ar/detalle.php?keywords=&amp;id=3053&amp;datos_academicos=yes" target="_blank" rel="noopener">link a información en base de datos</a><br />
ORCID: <a href="https://orcid.org/0000-0002-2992-6208" target="_blank" rel="noopener">https://orcid.org/0000-0002-2992-6208</a></td>
</tr>
</tbody>
</table>

<p>Es profesor Titular por concurso de “Metodología de la Investigación” en la Escuela de Bibliotecología; Profesor Asistente por concurso en «Historia de la Cultura» en la Escuela de Historia (FFyH) y Profesor Titular por concurso en “Observación y práctica de la Enseñanza” (Español) en la Facultad de Lenguas, UNC. Posee formación como Profesor y Licenciado&#8230; </p>
<div class="link-more"><a href="https://ffyh.unc.edu.ar/historia/nuestrxs-docentes/molina/">Lea más</a></div>
