{"id":4318,"date":"2022-07-28T19:25:24","date_gmt":"2022-07-28T19:25:24","guid":{"rendered":"https:\/\/ffyh.unc.edu.ar\/historia\/?page_id=4318"},"modified":"2022-07-30T13:14:22","modified_gmt":"2022-07-30T13:14:22","slug":"olivera","status":"publish","type":"page","link":"https:\/\/ffyh.unc.edu.ar\/historia\/nuestrxs-docentes\/olivera\/","title":{"rendered":"Gabriela Olivera"},"content":{"rendered":"<table style=\"border-collapse: collapse;width: 100%\">\n<tbody>\n<tr>\n<td colspan=\"2\">\n<p style=\"text-align: justify\"><img data-recalc-dims=\"1\" decoding=\"async\" data-attachment-id=\"4661\" data-permalink=\"https:\/\/ffyh.unc.edu.ar\/historia\/nuestrxs-docentes\/olivera\/olivera_foto\/\" data-orig-file=\"https:\/\/i0.wp.com\/ffyh.unc.edu.ar\/historia\/wp-content\/uploads\/sites\/37\/2022\/07\/Olivera_foto.jpg?fit=843%2C843&amp;ssl=1\" data-orig-size=\"843,843\" data-comments-opened=\"0\" data-image-meta=\"{&quot;aperture&quot;:&quot;0&quot;,&quot;credit&quot;:&quot;&quot;,&quot;camera&quot;:&quot;&quot;,&quot;caption&quot;:&quot;&quot;,&quot;created_timestamp&quot;:&quot;1658961384&quot;,&quot;copyright&quot;:&quot;&quot;,&quot;focal_length&quot;:&quot;0&quot;,&quot;iso&quot;:&quot;0&quot;,&quot;shutter_speed&quot;:&quot;0&quot;,&quot;title&quot;:&quot;&quot;,&quot;orientation&quot;:&quot;1&quot;}\" data-image-title=\"Olivera_foto\" data-image-description=\"\" data-image-caption=\"\" data-medium-file=\"https:\/\/i0.wp.com\/ffyh.unc.edu.ar\/historia\/wp-content\/uploads\/sites\/37\/2022\/07\/Olivera_foto.jpg?fit=300%2C300&amp;ssl=1\" data-large-file=\"https:\/\/i0.wp.com\/ffyh.unc.edu.ar\/historia\/wp-content\/uploads\/sites\/37\/2022\/07\/Olivera_foto.jpg?fit=843%2C843&amp;ssl=1\" class=\"alignleft size-thumbnail wp-image-4661\" src=\"https:\/\/i0.wp.com\/ffyh.unc.edu.ar\/historia\/wp-content\/uploads\/sites\/37\/2022\/07\/Olivera_foto.jpg?resize=150%2C150\" alt=\"\" width=\"150\" height=\"150\" srcset=\"https:\/\/i0.wp.com\/ffyh.unc.edu.ar\/historia\/wp-content\/uploads\/sites\/37\/2022\/07\/Olivera_foto.jpg?resize=150%2C150&amp;ssl=1 150w, https:\/\/i0.wp.com\/ffyh.unc.edu.ar\/historia\/wp-content\/uploads\/sites\/37\/2022\/07\/Olivera_foto.jpg?resize=300%2C300&amp;ssl=1 300w, https:\/\/i0.wp.com\/ffyh.unc.edu.ar\/historia\/wp-content\/uploads\/sites\/37\/2022\/07\/Olivera_foto.jpg?resize=768%2C768&amp;ssl=1 768w, https:\/\/i0.wp.com\/ffyh.unc.edu.ar\/historia\/wp-content\/uploads\/sites\/37\/2022\/07\/Olivera_foto.jpg?w=843&amp;ssl=1 843w\" sizes=\"(max-width: 150px) 100vw, 150px\" \/>Profesora Adjunta a cargo. Doctora en Historia por la Universidad Nacional de C\u00f3rdoba. Curs\u00f3 estudios de posgrado en la Universidad de Uppsala (Suecia). Dirige Becarios Doctorales, Posdoctorales y a un Investigador de CONICET, instituci\u00f3n donde fue Investigadora Independiente hasta el a\u00f1o 2018, cuando se jubil\u00f3. Dirige adem\u00e1s Proyectos de Doctorado y Licenciatura.<\/p>\n<p style=\"text-align: justify\">Ha publicado y compilado diversos libros, cap\u00edtulos de libros, art\u00edculos de libros en Revistas Nacionales e Internacionales referidos al cooperativismo agrario, a la agricultura familiar, empresarial, a la institucionalidad agraria y a las pol\u00edticas p\u00fablicas durante la vigencia del agronegocio en Argentina.<\/p>\n<p style=\"text-align: justify\">Desde 2018 dirige el Proyecto de Investigaci\u00f3n titulado \u201cEstado, asociaciones agrarias y territorios en disputa: problemas, debates y dimensiones (Argentina, mediados del s. XX a la actualidad\u201d (SECyT-UNC).<\/p>\n<\/td>\n<\/tr>\n<tr>\n<td style=\"width: 0.491159%\" colspan=\"2\">Contacto: <a href=\"mailto:golivera@unc.edu.ar\">golivera@unc.edu.ar<\/a><\/td>\n<\/tr>\n<\/tbody>\n<\/table>\n","protected":false},"excerpt":{"rendered":"<p>Profesora Adjunta a cargo. Doctora en Historia por la Universidad Nacional de C\u00f3rdoba. Curs\u00f3 estudios de posgrado en la Universidad de Uppsala (Suecia). Dirige Becarios Doctorales, Posdoctorales y a un Investigador de CONICET, instituci\u00f3n donde fue Investigadora Independiente hasta el a\u00f1o 2018, cuando se jubil\u00f3. Dirige adem\u00e1s Proyectos de Doctorado y Licenciatura. Ha publicado y&#8230; <\/p>\n<div class=\"link-more\"><a href=\"https:\/\/ffyh.unc.edu.ar\/historia\/nuestrxs-docentes\/olivera\/\">Lea m\u00e1s<\/a><\/div>\n","protected":false},"author":34,"featured_media":0,"parent":4089,"menu_order":0,"comment_status":"closed","ping_status":"closed","template":"","meta":{"_acf_changed":false,"_monsterinsights_skip_tracking":false,"_monsterinsights_sitenote_active":false,"_monsterinsights_sitenote_note":"","_monsterinsights_sitenote_category":0,"footnotes":""},"class_list":["post-4318","page","type-page","status-publish","hentry"],"acf":[],"jetpack_sharing_enabled":true,"_links":{"self":[{"href":"https:\/\/ffyh.unc.edu.ar\/historia\/wp-json\/wp\/v2\/pages\/4318","targetHints":{"allow":["GET"]}}],"collection":[{"href":"https:\/\/ffyh.unc.edu.ar\/historia\/wp-json\/wp\/v2\/pages"}],"about":[{"href":"https:\/\/ffyh.unc.edu.ar\/historia\/wp-json\/wp\/v2\/types\/page"}],"author":[{"embeddable":true,"href":"https:\/\/ffyh.unc.edu.ar\/historia\/wp-json\/wp\/v2\/users\/34"}],"replies":[{"embeddable":true,"href":"https:\/\/ffyh.unc.edu.ar\/historia\/wp-json\/wp\/v2\/comments?post=4318"}],"version-history":[{"count":4,"href":"https:\/\/ffyh.unc.edu.ar\/historia\/wp-json\/wp\/v2\/pages\/4318\/revisions"}],"predecessor-version":[{"id":4662,"href":"https:\/\/ffyh.unc.edu.ar\/historia\/wp-json\/wp\/v2\/pages\/4318\/revisions\/4662"}],"up":[{"embeddable":true,"href":"https:\/\/ffyh.unc.edu.ar\/historia\/wp-json\/wp\/v2\/pages\/4089"}],"wp:attachment":[{"href":"https:\/\/ffyh.unc.edu.ar\/historia\/wp-json\/wp\/v2\/media?parent=4318"}],"curies":[{"name":"wp","href":"https:\/\/api.w.org\/{rel}","templated":true}]}}

<table style="border-collapse: collapse;width: 100%">
<tbody>
<tr>
<td colspan="2">
<p style="text-align: justify"><img data-recalc-dims="1" decoding="async" data-attachment-id="4661" data-permalink="https://ffyh.unc.edu.ar/historia/nuestrxs-docentes/olivera/olivera_foto/" data-orig-file="https://i0.wp.com/ffyh.unc.edu.ar/historia/wp-content/uploads/sites/37/2022/07/Olivera_foto.jpg?fit=843%2C843&amp;ssl=1" data-orig-size="843,843" data-comments-opened="0" data-image-meta="{&quot;aperture&quot;:&quot;0&quot;,&quot;credit&quot;:&quot;&quot;,&quot;camera&quot;:&quot;&quot;,&quot;caption&quot;:&quot;&quot;,&quot;created_timestamp&quot;:&quot;1658961384&quot;,&quot;copyright&quot;:&quot;&quot;,&quot;focal_length&quot;:&quot;0&quot;,&quot;iso&quot;:&quot;0&quot;,&quot;shutter_speed&quot;:&quot;0&quot;,&quot;title&quot;:&quot;&quot;,&quot;orientation&quot;:&quot;1&quot;}" data-image-title="Olivera_foto" data-image-description="" data-image-caption="" data-medium-file="https://i0.wp.com/ffyh.unc.edu.ar/historia/wp-content/uploads/sites/37/2022/07/Olivera_foto.jpg?fit=300%2C300&amp;ssl=1" data-large-file="https://i0.wp.com/ffyh.unc.edu.ar/historia/wp-content/uploads/sites/37/2022/07/Olivera_foto.jpg?fit=843%2C843&amp;ssl=1" class="alignleft size-thumbnail wp-image-4661" src="https://i0.wp.com/ffyh.unc.edu.ar/historia/wp-content/uploads/sites/37/2022/07/Olivera_foto.jpg?resize=150%2C150" alt="" width="150" height="150" srcset="https://i0.wp.com/ffyh.unc.edu.ar/historia/wp-content/uploads/sites/37/2022/07/Olivera_foto.jpg?resize=150%2C150&amp;ssl=1 150w, https://i0.wp.com/ffyh.unc.edu.ar/historia/wp-content/uploads/sites/37/2022/07/Olivera_foto.jpg?resize=300%2C300&amp;ssl=1 300w, https://i0.wp.com/ffyh.unc.edu.ar/historia/wp-content/uploads/sites/37/2022/07/Olivera_foto.jpg?resize=768%2C768&amp;ssl=1 768w, https://i0.wp.com/ffyh.unc.edu.ar/historia/wp-content/uploads/sites/37/2022/07/Olivera_foto.jpg?w=843&amp;ssl=1 843w" sizes="(max-width: 150px) 100vw, 150px" />Profesora Adjunta a cargo. Doctora en Historia por la Universidad Nacional de Córdoba. Cursó estudios de posgrado en la Universidad de Uppsala (Suecia). Dirige Becarios Doctorales, Posdoctorales y a un Investigador de CONICET, institución donde fue Investigadora Independiente hasta el año 2018, cuando se jubiló. Dirige además Proyectos de Doctorado y Licenciatura.</p>
<p style="text-align: justify">Ha publicado y compilado diversos libros, capítulos de libros, artículos de libros en Revistas Nacionales e Internacionales referidos al cooperativismo agrario, a la agricultura familiar, empresarial, a la institucionalidad agraria y a las políticas públicas durante la vigencia del agronegocio en Argentina.</p>
<p style="text-align: justify">Desde 2018 dirige el Proyecto de Investigación titulado “Estado, asociaciones agrarias y territorios en disputa: problemas, debates y dimensiones (Argentina, mediados del s. XX a la actualidad” (SECyT-UNC).</p>
</td>
</tr>
<tr>
<td style="width: 0.491159%" colspan="2">Contacto: <a href="mailto:golivera@unc.edu.ar">golivera@unc.edu.ar</a></td>
</tr>
</tbody>
</table>

<p>Profesora Adjunta a cargo. Doctora en Historia por la Universidad Nacional de Córdoba. Cursó estudios de posgrado en la Universidad de Uppsala (Suecia). Dirige Becarios Doctorales, Posdoctorales y a un Investigador de CONICET, institución donde fue Investigadora Independiente hasta el año 2018, cuando se jubiló. Dirige además Proyectos de Doctorado y Licenciatura. Ha publicado y&#8230; </p>
<div class="link-more"><a href="https://ffyh.unc.edu.ar/historia/nuestrxs-docentes/olivera/">Lea más</a></div>
