{"id":4320,"date":"2022-07-28T19:25:47","date_gmt":"2022-07-28T19:25:47","guid":{"rendered":"https:\/\/ffyh.unc.edu.ar\/historia\/?page_id=4320"},"modified":"2022-11-17T13:39:25","modified_gmt":"2022-11-17T13:39:25","slug":"tognetti","status":"publish","type":"page","link":"https:\/\/ffyh.unc.edu.ar\/historia\/nuestrxs-docentes\/tognetti\/","title":{"rendered":"Luis Alberto Tognetti"},"content":{"rendered":"<table style=\"border-collapse: collapse;width: 100%\">\n<tbody>\n<tr>\n<td style=\"text-align: justify\" colspan=\"2\">\n<p style=\"text-align: justify\"><img data-recalc-dims=\"1\" loading=\"lazy\" decoding=\"async\" data-attachment-id=\"4737\" data-permalink=\"https:\/\/ffyh.unc.edu.ar\/historia\/nuestrxs-docentes\/tognetti\/tognetti_foto\/\" data-orig-file=\"https:\/\/i0.wp.com\/ffyh.unc.edu.ar\/historia\/wp-content\/uploads\/sites\/37\/2022\/07\/Tognetti_foto.jpg?fit=333%2C333&amp;ssl=1\" data-orig-size=\"333,333\" data-comments-opened=\"0\" data-image-meta=\"{&quot;aperture&quot;:&quot;0&quot;,&quot;credit&quot;:&quot;&quot;,&quot;camera&quot;:&quot;&quot;,&quot;caption&quot;:&quot;&quot;,&quot;created_timestamp&quot;:&quot;1658961392&quot;,&quot;copyright&quot;:&quot;&quot;,&quot;focal_length&quot;:&quot;0&quot;,&quot;iso&quot;:&quot;0&quot;,&quot;shutter_speed&quot;:&quot;0&quot;,&quot;title&quot;:&quot;&quot;,&quot;orientation&quot;:&quot;1&quot;}\" data-image-title=\"Tognetti_foto\" data-image-description=\"\" data-image-caption=\"\" data-medium-file=\"https:\/\/i0.wp.com\/ffyh.unc.edu.ar\/historia\/wp-content\/uploads\/sites\/37\/2022\/07\/Tognetti_foto.jpg?fit=300%2C300&amp;ssl=1\" data-large-file=\"https:\/\/i0.wp.com\/ffyh.unc.edu.ar\/historia\/wp-content\/uploads\/sites\/37\/2022\/07\/Tognetti_foto.jpg?fit=333%2C333&amp;ssl=1\" class=\"alignleft size-thumbnail wp-image-4737\" src=\"https:\/\/i0.wp.com\/ffyh.unc.edu.ar\/historia\/wp-content\/uploads\/sites\/37\/2022\/07\/Tognetti_foto.jpg?resize=150%2C150\" alt=\"\" width=\"150\" height=\"150\" srcset=\"https:\/\/i0.wp.com\/ffyh.unc.edu.ar\/historia\/wp-content\/uploads\/sites\/37\/2022\/07\/Tognetti_foto.jpg?resize=150%2C150&amp;ssl=1 150w, https:\/\/i0.wp.com\/ffyh.unc.edu.ar\/historia\/wp-content\/uploads\/sites\/37\/2022\/07\/Tognetti_foto.jpg?resize=300%2C300&amp;ssl=1 300w, https:\/\/i0.wp.com\/ffyh.unc.edu.ar\/historia\/wp-content\/uploads\/sites\/37\/2022\/07\/Tognetti_foto.jpg?w=333&amp;ssl=1 333w\" sizes=\"(max-width: 150px) 100vw, 150px\" \/>Profesor Asistente simple. Es Licenciado y Doctor en Historia por la UNC. Su \u00e1rea de Especialidad es Historia Agraria Argentina e Historia Econ\u00f3mica. Investigador Independiente del CONICET y vice director de CIECS (Centro de Investigaciones y Estudios sobre Cultura y Sociedad) desde 2018; miembro del Consejo Asesor de Investigaciones de la Facultad de Ciencias Sociales, miembro del Consejo Editorial de Mundo Agrario (2018-2023), Universidad Nacional de La Plata; evaluador-refer\u00ed de Revista Izquierdas (Chile), Historia Agraria (Espa\u00f1a), Am\u00e9rica Latina en la Historia Econ\u00f3mica (M\u00e9xico), Historia Cr\u00edtica (Colombia), Quinto Sol (Argentina), entre otras.<\/p>\n<p style=\"text-align: justify\">Entre sus principales publicaciones se encuentran el libro <em>Cuestiones agrarias argentinas: la tierra como bien de producci\u00f3n e intercambio<\/em>; los cap\u00edtulos de libros <strong>\u201c<\/strong>La colonizaci\u00f3n agraria como negocio inmobiliario a fines del siglo XIX. Una revisi\u00f3n de sus factores explicativos aplicados al espacio pampeano cordob\u00e9s\u201d; \u201cConformaci\u00f3n de los mercados de tierras y estructura agraria en perspectiva comparada. C\u00f3rdoba y Buenos Aires, 1860-1914\u201d; y\u00a0 \u201cDerechos de propiedad, mercados de tierra y contratos agrarios en el espacio pampeano cordob\u00e9s: tem\u00e1ticas indagadas y propuestas de investigaci\u00f3n desde una perspectiva local\u201d. Tambi\u00e9n ha publicado numerosos art\u00edculos tales como \u201cLos t\u00edtulos coloniales y la propiedad plena en la regi\u00f3n pampeana cordobesa a fines del siglo XIX\u201d; \u201cCambios en la circulaci\u00f3n de la tierra en un espacio de la regi\u00f3n pampeana argentina durante la segunda mitad del siglo XIX\u201d;\u00a0 \u201cLa difusi\u00f3n de la aparcer\u00eda durante la expansi\u00f3n triguera en un espacio de la regi\u00f3n pampeana argentina. Marcos Ju\u00e1rez 1885-1905\u201d;\u00a0 \u201cRiesgo e incertidumbre en la compra a cr\u00e9dito de parcelas en las colonias de Marcos Ju\u00e1rez (C\u00f3rdoba) a fines del siglo XIX\u201d; \u201cFerrocarril y especializaci\u00f3n triguera del sureste cordob\u00e9s a fines del siglo XIX. Un estudio de caso a trav\u00e9s de la teor\u00eda del principal y el agente\u201d; y \u201cLos derechos de propiedad fiscal en la frontera sur: expansi\u00f3n provincial y definici\u00f3n de los territorios nacionales. Argentina 1860-1880\u201d.<\/p>\n<p>Actualmente se desempe\u00f1a como Director del Programa: \u201cDerechos de propiedad, mercados y contratos agrarios. Siglos XIX y XX\u201d (CIECS, CONICET-UNC). Su investigaci\u00f3n individual se enfoca en la incorporaci\u00f3n de innovaciones mec\u00e1nicas y biol\u00f3gicas durante el proceso de especializaci\u00f3n triguera de fines del XIX y comienzos del XX. Igualmente, trabajo sobre la dispersi\u00f3n y variabilidad de los ingresos de los agricultores en el espacio pampeano cordob\u00e9s a fines del siglo XIX.<\/td>\n<\/tr>\n<tr>\n<td style=\"width: 0.491159%\" colspan=\"2\">Contacto: <i>luis.tognetti@unc.edu.ar<\/i><\/p>\n<p>ORCID ID: https:\/\/orcid.org\/0000-0001-6077-3783<\/td>\n<\/tr>\n<\/tbody>\n<\/table>\n","protected":false},"excerpt":{"rendered":"<p>Profesor Asistente simple. Es Licenciado y Doctor en Historia por la UNC. Su \u00e1rea de Especialidad es Historia Agraria Argentina e Historia Econ\u00f3mica. Investigador Independiente del CONICET y vice director de CIECS (Centro de Investigaciones y Estudios sobre Cultura y Sociedad) desde 2018; miembro del Consejo Asesor de Investigaciones de la Facultad de Ciencias Sociales,&#8230; <\/p>\n<div class=\"link-more\"><a href=\"https:\/\/ffyh.unc.edu.ar\/historia\/nuestrxs-docentes\/tognetti\/\">Lea m\u00e1s<\/a><\/div>\n","protected":false},"author":34,"featured_media":0,"parent":4089,"menu_order":0,"comment_status":"closed","ping_status":"closed","template":"","meta":{"_acf_changed":false,"saved_in_kubio":false,"_monsterinsights_skip_tracking":false,"_monsterinsights_sitenote_active":false,"_monsterinsights_sitenote_note":"","_monsterinsights_sitenote_category":0,"footnotes":""},"class_list":["post-4320","page","type-page","status-publish","hentry"],"acf":[],"kubio_ai_page_context":{"short_desc":"","purpose":"general"},"jetpack_sharing_enabled":true,"_links":{"self":[{"href":"https:\/\/ffyh.unc.edu.ar\/historia\/wp-json\/wp\/v2\/pages\/4320","targetHints":{"allow":["GET"]}}],"collection":[{"href":"https:\/\/ffyh.unc.edu.ar\/historia\/wp-json\/wp\/v2\/pages"}],"about":[{"href":"https:\/\/ffyh.unc.edu.ar\/historia\/wp-json\/wp\/v2\/types\/page"}],"author":[{"embeddable":true,"href":"https:\/\/ffyh.unc.edu.ar\/historia\/wp-json\/wp\/v2\/users\/34"}],"replies":[{"embeddable":true,"href":"https:\/\/ffyh.unc.edu.ar\/historia\/wp-json\/wp\/v2\/comments?post=4320"}],"version-history":[{"count":5,"href":"https:\/\/ffyh.unc.edu.ar\/historia\/wp-json\/wp\/v2\/pages\/4320\/revisions"}],"predecessor-version":[{"id":5078,"href":"https:\/\/ffyh.unc.edu.ar\/historia\/wp-json\/wp\/v2\/pages\/4320\/revisions\/5078"}],"up":[{"embeddable":true,"href":"https:\/\/ffyh.unc.edu.ar\/historia\/wp-json\/wp\/v2\/pages\/4089"}],"wp:attachment":[{"href":"https:\/\/ffyh.unc.edu.ar\/historia\/wp-json\/wp\/v2\/media?parent=4320"}],"curies":[{"name":"wp","href":"https:\/\/api.w.org\/{rel}","templated":true}]}}