{"id":4883,"date":"2022-08-08T21:56:43","date_gmt":"2022-08-08T21:56:43","guid":{"rendered":"https:\/\/ffyh.unc.edu.ar\/historia\/?page_id=4883"},"modified":"2026-02-12T16:09:23","modified_gmt":"2026-02-12T16:09:23","slug":"diego-garcia","status":"publish","type":"page","link":"https:\/\/ffyh.unc.edu.ar\/historia\/nuestrxs-docentes\/diego-garcia\/","title":{"rendered":"Diego Garc\u00eda"},"content":{"rendered":"<table style=\"border-collapse: collapse;width: 100%\">\n<tbody>\n<tr>\n<td colspan=\"2\">\n<p style=\"text-align: justify\"><img data-recalc-dims=\"1\" decoding=\"async\" data-attachment-id=\"6804\" data-permalink=\"https:\/\/ffyh.unc.edu.ar\/historia\/nuestrxs-docentes\/philp\/x-jpg\/\" data-orig-file=\"https:\/\/i0.wp.com\/ffyh.unc.edu.ar\/historia\/wp-content\/uploads\/sites\/37\/2026\/02\/x.jpg.jpeg?fit=535%2C547&amp;ssl=1\" data-orig-size=\"535,547\" data-comments-opened=\"0\" data-image-meta=\"{&quot;aperture&quot;:&quot;0&quot;,&quot;credit&quot;:&quot;&quot;,&quot;camera&quot;:&quot;&quot;,&quot;caption&quot;:&quot;&quot;,&quot;created_timestamp&quot;:&quot;0&quot;,&quot;copyright&quot;:&quot;&quot;,&quot;focal_length&quot;:&quot;0&quot;,&quot;iso&quot;:&quot;0&quot;,&quot;shutter_speed&quot;:&quot;0&quot;,&quot;title&quot;:&quot;&quot;,&quot;orientation&quot;:&quot;0&quot;}\" data-image-title=\"x.jpg\" data-image-description=\"\" data-image-caption=\"\" data-medium-file=\"https:\/\/i0.wp.com\/ffyh.unc.edu.ar\/historia\/wp-content\/uploads\/sites\/37\/2026\/02\/x.jpg.jpeg?fit=293%2C300&amp;ssl=1\" data-large-file=\"https:\/\/i0.wp.com\/ffyh.unc.edu.ar\/historia\/wp-content\/uploads\/sites\/37\/2026\/02\/x.jpg.jpeg?fit=535%2C547&amp;ssl=1\" class=\"wp-image-6804 size-thumbnail alignleft\" src=\"https:\/\/i0.wp.com\/ffyh.unc.edu.ar\/historia\/wp-content\/uploads\/sites\/37\/2026\/02\/x.jpg.jpeg?resize=150%2C150\" alt=\"\" width=\"150\" height=\"150\" srcset=\"https:\/\/i0.wp.com\/ffyh.unc.edu.ar\/historia\/wp-content\/uploads\/sites\/37\/2026\/02\/x.jpg.jpeg?resize=150%2C150&amp;ssl=1 150w, https:\/\/i0.wp.com\/ffyh.unc.edu.ar\/historia\/wp-content\/uploads\/sites\/37\/2026\/02\/x.jpg.jpeg?zoom=2&amp;resize=150%2C150 300w, https:\/\/i0.wp.com\/ffyh.unc.edu.ar\/historia\/wp-content\/uploads\/sites\/37\/2026\/02\/x.jpg.jpeg?zoom=3&amp;resize=150%2C150 450w\" sizes=\"(max-width: 150px) 100vw, 150px\" \/>Historiador. Profesor Titular en la Escuela de Bibliotecolog\u00eda y Profesor Asistente en el Curso de Nivelaci\u00f3n de la Escuela de Historia, ambas de la Facultad de Filosof\u00eda y Humanidades, Universidad Nacional de C\u00f3rdoba. Coordinador acad\u00e9mico e investigador del Programa de Historia y Antropolog\u00eda de C\u00f3rdoba del IDACOR (Conicet\/UNC).<\/p>\n<p style=\"text-align: justify\">Sus temas de investigaci\u00f3n se enmarcan en la historia intelectual, la historia de la historiograf\u00eda y los estudios del libro y la edici\u00f3n, privilegiando las conexiones entre ciencias sociales, pol\u00edtica y mundo editorial. Actualmente est\u00e1 desarrollando un proyecto sobre las disputas pol\u00edticas, sociales, est\u00e9ticas y acad\u00e9micas en torno a la memoria social del Cordobazo (1969).<\/p>\n<p style=\"text-align: justify\">Ha dictado diversos cursos y seminarios de grado y posgrado. Es autor de numerosas publicaciones, entre las que se destacan el libro <a href=\"https:\/\/mampa.isep-cba.edu.ar\/s\/EspacioMAMPA\/item\/175\"><em>Un acontecimiento escurridizo. El Cordobazo: sentidos en disputa<\/em><\/a> (ISEP, 2023); la coedici\u00f3n con M. Cort\u00e9s de <a href=\"https:\/\/fondoeditorial.unmsm.edu.pe\/libros\/redescubriendo-a-maritegui-el-coloquio-de-mxico-1980\"><em>Redescubriendo Mari\u00e1tegui. El Coloquio de M\u00e9xico. Textos, discusiones y documentos<\/em><\/a> (Universidad Mayor de San Marcos, 2023); y, junto con A. C. Ag\u00fcero, <em>Culturas interiores. C\u00f3rdoba en la geograf\u00eda nacional e internacional de la cultura<\/em> (Eduvim, 2016).<\/p>\n<\/td>\n<\/tr>\n<tr>\n<td style=\"width: 0.491159%\" colspan=\"2\">Contacto: <a href=\"mailto:diego.garcia@unc.edu.ar\">diego.garcia@unc.edu.ar<\/a><\/p>\n<div>Academia.edu: <a href=\"https:\/\/cordoba.academia.edu\/DiegoGarc%C3%ADa\" target=\"_blank\" rel=\"noopener\" data-saferedirecturl=\"https:\/\/www.google.com\/url?q=https:\/\/cordoba.academia.edu\/DiegoGarc%25C3%25ADa&amp;source=gmail&amp;ust=1770989077297000&amp;usg=AOvVaw15PIK-0xAANYXKHzDDOMqt\">https:\/\/cordoba.academia.edu\/<wbr \/>DiegoGarc%C3%ADa<\/a><\/div>\n<div><\/div>\n<\/td>\n<\/tr>\n<\/tbody>\n<\/table>\n","protected":false},"excerpt":{"rendered":"<p>Historiador. Profesor Titular en la Escuela de Bibliotecolog\u00eda y Profesor Asistente en el Curso de Nivelaci\u00f3n de la Escuela de Historia, ambas de la Facultad de Filosof\u00eda y Humanidades, Universidad Nacional de C\u00f3rdoba. Coordinador acad\u00e9mico e investigador del Programa de Historia y Antropolog\u00eda de C\u00f3rdoba del IDACOR (Conicet\/UNC). Sus temas de investigaci\u00f3n se enmarcan en&#8230; <\/p>\n<div class=\"link-more\"><a href=\"https:\/\/ffyh.unc.edu.ar\/historia\/nuestrxs-docentes\/diego-garcia\/\">Lea m\u00e1s<\/a><\/div>\n","protected":false},"author":34,"featured_media":0,"parent":4089,"menu_order":0,"comment_status":"closed","ping_status":"closed","template":"","meta":{"_acf_changed":false,"_monsterinsights_skip_tracking":false,"_monsterinsights_sitenote_active":false,"_monsterinsights_sitenote_note":"","_monsterinsights_sitenote_category":0,"footnotes":""},"class_list":["post-4883","page","type-page","status-publish","hentry"],"acf":[],"jetpack_sharing_enabled":true,"_links":{"self":[{"href":"https:\/\/ffyh.unc.edu.ar\/historia\/wp-json\/wp\/v2\/pages\/4883","targetHints":{"allow":["GET"]}}],"collection":[{"href":"https:\/\/ffyh.unc.edu.ar\/historia\/wp-json\/wp\/v2\/pages"}],"about":[{"href":"https:\/\/ffyh.unc.edu.ar\/historia\/wp-json\/wp\/v2\/types\/page"}],"author":[{"embeddable":true,"href":"https:\/\/ffyh.unc.edu.ar\/historia\/wp-json\/wp\/v2\/users\/34"}],"replies":[{"embeddable":true,"href":"https:\/\/ffyh.unc.edu.ar\/historia\/wp-json\/wp\/v2\/comments?post=4883"}],"version-history":[{"count":7,"href":"https:\/\/ffyh.unc.edu.ar\/historia\/wp-json\/wp\/v2\/pages\/4883\/revisions"}],"predecessor-version":[{"id":6819,"href":"https:\/\/ffyh.unc.edu.ar\/historia\/wp-json\/wp\/v2\/pages\/4883\/revisions\/6819"}],"up":[{"embeddable":true,"href":"https:\/\/ffyh.unc.edu.ar\/historia\/wp-json\/wp\/v2\/pages\/4089"}],"wp:attachment":[{"href":"https:\/\/ffyh.unc.edu.ar\/historia\/wp-json\/wp\/v2\/media?parent=4883"}],"curies":[{"name":"wp","href":"https:\/\/api.w.org\/{rel}","templated":true}]}}

Diego García

<table style="border-collapse: collapse;width: 100%">
<tbody>
<tr>
<td colspan="2">
<p style="text-align: justify"><img data-recalc-dims="1" decoding="async" data-attachment-id="6804" data-permalink="https://ffyh.unc.edu.ar/historia/nuestrxs-docentes/philp/x-jpg/" data-orig-file="https://i0.wp.com/ffyh.unc.edu.ar/historia/wp-content/uploads/sites/37/2026/02/x.jpg.jpeg?fit=535%2C547&amp;ssl=1" data-orig-size="535,547" data-comments-opened="0" data-image-meta="{&quot;aperture&quot;:&quot;0&quot;,&quot;credit&quot;:&quot;&quot;,&quot;camera&quot;:&quot;&quot;,&quot;caption&quot;:&quot;&quot;,&quot;created_timestamp&quot;:&quot;0&quot;,&quot;copyright&quot;:&quot;&quot;,&quot;focal_length&quot;:&quot;0&quot;,&quot;iso&quot;:&quot;0&quot;,&quot;shutter_speed&quot;:&quot;0&quot;,&quot;title&quot;:&quot;&quot;,&quot;orientation&quot;:&quot;0&quot;}" data-image-title="x.jpg" data-image-description="" data-image-caption="" data-medium-file="https://i0.wp.com/ffyh.unc.edu.ar/historia/wp-content/uploads/sites/37/2026/02/x.jpg.jpeg?fit=293%2C300&amp;ssl=1" data-large-file="https://i0.wp.com/ffyh.unc.edu.ar/historia/wp-content/uploads/sites/37/2026/02/x.jpg.jpeg?fit=535%2C547&amp;ssl=1" class="wp-image-6804 size-thumbnail alignleft" src="https://i0.wp.com/ffyh.unc.edu.ar/historia/wp-content/uploads/sites/37/2026/02/x.jpg.jpeg?resize=150%2C150" alt="" width="150" height="150" srcset="https://i0.wp.com/ffyh.unc.edu.ar/historia/wp-content/uploads/sites/37/2026/02/x.jpg.jpeg?resize=150%2C150&amp;ssl=1 150w, https://i0.wp.com/ffyh.unc.edu.ar/historia/wp-content/uploads/sites/37/2026/02/x.jpg.jpeg?zoom=2&amp;resize=150%2C150 300w, https://i0.wp.com/ffyh.unc.edu.ar/historia/wp-content/uploads/sites/37/2026/02/x.jpg.jpeg?zoom=3&amp;resize=150%2C150 450w" sizes="(max-width: 150px) 100vw, 150px" />Historiador. Profesor Titular en la Escuela de Bibliotecología y Profesor Asistente en el Curso de Nivelación de la Escuela de Historia, ambas de la Facultad de Filosofía y Humanidades, Universidad Nacional de Córdoba. Coordinador académico e investigador del Programa de Historia y Antropología de Córdoba del IDACOR (Conicet/UNC).</p>
<p style="text-align: justify">Sus temas de investigación se enmarcan en la historia intelectual, la historia de la historiografía y los estudios del libro y la edición, privilegiando las conexiones entre ciencias sociales, política y mundo editorial. Actualmente está desarrollando un proyecto sobre las disputas políticas, sociales, estéticas y académicas en torno a la memoria social del Cordobazo (1969).</p>
<p style="text-align: justify">Ha dictado diversos cursos y seminarios de grado y posgrado. Es autor de numerosas publicaciones, entre las que se destacan el libro <a href="https://mampa.isep-cba.edu.ar/s/EspacioMAMPA/item/175"><em>Un acontecimiento escurridizo. El Cordobazo: sentidos en disputa</em></a> (ISEP, 2023); la coedición con M. Cortés de <a href="https://fondoeditorial.unmsm.edu.pe/libros/redescubriendo-a-maritegui-el-coloquio-de-mxico-1980"><em>Redescubriendo Mariátegui. El Coloquio de México. Textos, discusiones y documentos</em></a> (Universidad Mayor de San Marcos, 2023); y, junto con A. C. Agüero, <em>Culturas interiores. Córdoba en la geografía nacional e internacional de la cultura</em> (Eduvim, 2016).</p>
</td>
</tr>
<tr>
<td style="width: 0.491159%" colspan="2">Contacto: <a href="mailto:diego.garcia@unc.edu.ar">diego.garcia@unc.edu.ar</a></p>
<div>Academia.edu: <a href="https://cordoba.academia.edu/DiegoGarc%C3%ADa" target="_blank" rel="noopener" data-saferedirecturl="https://www.google.com/url?q=https://cordoba.academia.edu/DiegoGarc%25C3%25ADa&amp;source=gmail&amp;ust=1770989077297000&amp;usg=AOvVaw15PIK-0xAANYXKHzDDOMqt">https://cordoba.academia.edu/<wbr />DiegoGarc%C3%ADa</a></div>
<div></div>
</td>
</tr>
</tbody>
</table>

<p>Historiador. Profesor Titular en la Escuela de Bibliotecología y Profesor Asistente en el Curso de Nivelación de la Escuela de Historia, ambas de la Facultad de Filosofía y Humanidades, Universidad Nacional de Córdoba. Coordinador académico e investigador del Programa de Historia y Antropología de Córdoba del IDACOR (Conicet/UNC). Sus temas de investigación se enmarcan en&#8230; </p>
<div class="link-more"><a href="https://ffyh.unc.edu.ar/historia/nuestrxs-docentes/diego-garcia/">Lea más</a></div>
