{"id":5066,"date":"2022-11-17T12:37:15","date_gmt":"2022-11-17T12:37:15","guid":{"rendered":"https:\/\/ffyh.unc.edu.ar\/historia\/?page_id=5066"},"modified":"2023-02-17T18:03:32","modified_gmt":"2023-02-17T18:03:32","slug":"carbonetti","status":"publish","type":"page","link":"https:\/\/ffyh.unc.edu.ar\/historia\/nuestrxs-docentes\/carbonetti\/","title":{"rendered":"Adri\u00e1n Carbonetti"},"content":{"rendered":"<p style=\"text-align: justify\"><img data-recalc-dims=\"1\" decoding=\"async\" data-attachment-id=\"5064\" data-permalink=\"https:\/\/ffyh.unc.edu.ar\/historia\/nuestrxs-docentes\/bb11b3ae-41cc-4bee-b7b3-251fe9c5355b\/\" data-orig-file=\"https:\/\/i0.wp.com\/ffyh.unc.edu.ar\/historia\/wp-content\/uploads\/sites\/37\/2022\/11\/bb11b3ae-41cc-4bee-b7b3-251fe9c5355b.jpg?fit=912%2C1032&amp;ssl=1\" data-orig-size=\"912,1032\" data-comments-opened=\"0\" data-image-meta=\"{&quot;aperture&quot;:&quot;0&quot;,&quot;credit&quot;:&quot;&quot;,&quot;camera&quot;:&quot;&quot;,&quot;caption&quot;:&quot;&quot;,&quot;created_timestamp&quot;:&quot;0&quot;,&quot;copyright&quot;:&quot;&quot;,&quot;focal_length&quot;:&quot;0&quot;,&quot;iso&quot;:&quot;0&quot;,&quot;shutter_speed&quot;:&quot;0&quot;,&quot;title&quot;:&quot;&quot;,&quot;orientation&quot;:&quot;0&quot;}\" data-image-title=\"bb11b3ae-41cc-4bee-b7b3-251fe9c5355b\" data-image-description=\"\" data-image-caption=\"\" data-medium-file=\"https:\/\/i0.wp.com\/ffyh.unc.edu.ar\/historia\/wp-content\/uploads\/sites\/37\/2022\/11\/bb11b3ae-41cc-4bee-b7b3-251fe9c5355b.jpg?fit=265%2C300&amp;ssl=1\" data-large-file=\"https:\/\/i0.wp.com\/ffyh.unc.edu.ar\/historia\/wp-content\/uploads\/sites\/37\/2022\/11\/bb11b3ae-41cc-4bee-b7b3-251fe9c5355b.jpg?fit=905%2C1024&amp;ssl=1\" class=\"alignleft size-thumbnail wp-image-5064\" src=\"https:\/\/i0.wp.com\/ffyh.unc.edu.ar\/historia\/wp-content\/uploads\/sites\/37\/2022\/11\/bb11b3ae-41cc-4bee-b7b3-251fe9c5355b.jpg?resize=150%2C150\" alt=\"\" width=\"150\" height=\"150\" srcset=\"https:\/\/i0.wp.com\/ffyh.unc.edu.ar\/historia\/wp-content\/uploads\/sites\/37\/2022\/11\/bb11b3ae-41cc-4bee-b7b3-251fe9c5355b.jpg?resize=150%2C150&amp;ssl=1 150w, https:\/\/i0.wp.com\/ffyh.unc.edu.ar\/historia\/wp-content\/uploads\/sites\/37\/2022\/11\/bb11b3ae-41cc-4bee-b7b3-251fe9c5355b.jpg?zoom=2&amp;resize=150%2C150 300w, https:\/\/i0.wp.com\/ffyh.unc.edu.ar\/historia\/wp-content\/uploads\/sites\/37\/2022\/11\/bb11b3ae-41cc-4bee-b7b3-251fe9c5355b.jpg?zoom=3&amp;resize=150%2C150 450w\" sizes=\"(max-width: 150px) 100vw, 150px\" \/> Licenciado en Historia (FFyH-UNC), Magister en Demograf\u00eda (CEA-UNC)\u00a0 y Doctor en Demograf\u00eda (FCE-UNC). Profesor Titular en el Centro de Estudios Avanzados de la Facultad de Ciencias Sociales, Universidad Nacional de C\u00f3rdoba y en la Facultad de Humanidades y Ciencias de la Universidad Nacional del Litoral. Profesor adjunto concursado en \u00abTaller de Aplicaci\u00f3n\u00bb en la Escuela de Historia (FFyH-UNC) (en uso de licencia) y Profesor Adjunto a cargo de Demograf\u00eda Hist\u00f3rica como carga anexa en la misma Escuela. Es investigador Principal de la carrera de investigador cient\u00edfico del CONICET y Director regular del Centro de Investigaciones y Estudios sobre Cultura y Sociedad (CIECS-CONICET).<\/p>\n<p>Se ha especializado en demograf\u00eda hist\u00f3rica y dentro de ella sobre la historia social de la salud y la enfermedad. Dentro de esta se ha interesado en la historia de las endemias como la tuberculosis y del epidemias y pandemias como el c\u00f3lera y la gripe espa\u00f1ola. A su vez investigado sobre las ocupaciones en salud en los censos de poblaci\u00f3n de 1869, 1895 y 1914, en la actualidad sus investigaciones se dirigen en dos perspectivas: historia del curanderismo a trav\u00e9s del censo de poblaci\u00f3n de 1869 y la historia de las vacunas y las campa\u00f1as de vacunaci\u00f3n. Su \u00faltimo libro como autor junto a Mar\u00eda Dolores Rivero se titula Argentina en tiempos de pandemia: la gripe espa\u00f1ola de 1918-1919. Leer el pasado para comprender el presente, Editorial de la Universidad Nacional de C\u00f3rdoba. Entre los art\u00edculos en revistas cient\u00edficas \u201cLa elaboraci\u00f3n de vacuna y suero durante la gripe espa\u00f1ola en Argentina. Iniciativas estatales en la periferia de la ciencia (1918-1919)\u201d, Dynamis, vol 41 N\u00b0 1, Universidad de Granada; Debates pol\u00edtico-cient\u00edficos en torno a la vacuna Friedmann como iniciativa estatal para la \u201cextinci\u00f3n de la tuberculosis\u201d. Argentina, 1934, revista Nuevo Mundo, Mundos Nuevos; entre los cap\u00edtulos de libros: Sistema de salud y medidas sanitarias durante la pandemia de gripe espa\u00f1ola en Argentina (1918-1919), en el libro Del c\u00f3lera al covid-19: un recorrido por viejas y nuevas pandemias en Argentina, compilado por Adriana \u00c1lvarez.<\/p>\n<p>En la actualidad se encuentra dirigiendo un proyecto PICT titulado \u201cLa construcci\u00f3n de la confianza en la campa\u00f1a de vacunaci\u00f3n en el marco de la pandemia de COVID-19 en la Argentina: un estudio hist\u00f3rico y etnogr\u00e1fico\u201d.<\/p>\n<p>Contacto: <em>adrian.carbonetti@unc.edu.ar\u00a0<\/em><\/p>\n","protected":false},"excerpt":{"rendered":"<p>Licenciado en Historia (FFyH-UNC), Magister en Demograf\u00eda (CEA-UNC)\u00a0 y Doctor en Demograf\u00eda (FCE-UNC). Profesor Titular en el Centro de Estudios Avanzados de la Facultad de Ciencias Sociales, Universidad Nacional de C\u00f3rdoba y en la Facultad de Humanidades y Ciencias de la Universidad Nacional del Litoral. Profesor adjunto concursado en \u00abTaller de Aplicaci\u00f3n\u00bb en la Escuela&#8230; <\/p>\n<div class=\"link-more\"><a href=\"https:\/\/ffyh.unc.edu.ar\/historia\/nuestrxs-docentes\/carbonetti\/\">Lea m\u00e1s<\/a><\/div>\n","protected":false},"author":34,"featured_media":0,"parent":4089,"menu_order":0,"comment_status":"closed","ping_status":"closed","template":"","meta":{"_acf_changed":false,"_monsterinsights_skip_tracking":false,"_monsterinsights_sitenote_active":false,"_monsterinsights_sitenote_note":"","_monsterinsights_sitenote_category":0,"footnotes":""},"class_list":["post-5066","page","type-page","status-publish","hentry"],"acf":[],"jetpack_sharing_enabled":true,"_links":{"self":[{"href":"https:\/\/ffyh.unc.edu.ar\/historia\/wp-json\/wp\/v2\/pages\/5066","targetHints":{"allow":["GET"]}}],"collection":[{"href":"https:\/\/ffyh.unc.edu.ar\/historia\/wp-json\/wp\/v2\/pages"}],"about":[{"href":"https:\/\/ffyh.unc.edu.ar\/historia\/wp-json\/wp\/v2\/types\/page"}],"author":[{"embeddable":true,"href":"https:\/\/ffyh.unc.edu.ar\/historia\/wp-json\/wp\/v2\/users\/34"}],"replies":[{"embeddable":true,"href":"https:\/\/ffyh.unc.edu.ar\/historia\/wp-json\/wp\/v2\/comments?post=5066"}],"version-history":[{"count":4,"href":"https:\/\/ffyh.unc.edu.ar\/historia\/wp-json\/wp\/v2\/pages\/5066\/revisions"}],"predecessor-version":[{"id":5238,"href":"https:\/\/ffyh.unc.edu.ar\/historia\/wp-json\/wp\/v2\/pages\/5066\/revisions\/5238"}],"up":[{"embeddable":true,"href":"https:\/\/ffyh.unc.edu.ar\/historia\/wp-json\/wp\/v2\/pages\/4089"}],"wp:attachment":[{"href":"https:\/\/ffyh.unc.edu.ar\/historia\/wp-json\/wp\/v2\/media?parent=5066"}],"curies":[{"name":"wp","href":"https:\/\/api.w.org\/{rel}","templated":true}]}}

Adrián Carbonetti

<p style="text-align: justify"><img data-recalc-dims="1" decoding="async" data-attachment-id="5064" data-permalink="https://ffyh.unc.edu.ar/historia/nuestrxs-docentes/bb11b3ae-41cc-4bee-b7b3-251fe9c5355b/" data-orig-file="https://i0.wp.com/ffyh.unc.edu.ar/historia/wp-content/uploads/sites/37/2022/11/bb11b3ae-41cc-4bee-b7b3-251fe9c5355b.jpg?fit=912%2C1032&amp;ssl=1" data-orig-size="912,1032" data-comments-opened="0" data-image-meta="{&quot;aperture&quot;:&quot;0&quot;,&quot;credit&quot;:&quot;&quot;,&quot;camera&quot;:&quot;&quot;,&quot;caption&quot;:&quot;&quot;,&quot;created_timestamp&quot;:&quot;0&quot;,&quot;copyright&quot;:&quot;&quot;,&quot;focal_length&quot;:&quot;0&quot;,&quot;iso&quot;:&quot;0&quot;,&quot;shutter_speed&quot;:&quot;0&quot;,&quot;title&quot;:&quot;&quot;,&quot;orientation&quot;:&quot;0&quot;}" data-image-title="bb11b3ae-41cc-4bee-b7b3-251fe9c5355b" data-image-description="" data-image-caption="" data-medium-file="https://i0.wp.com/ffyh.unc.edu.ar/historia/wp-content/uploads/sites/37/2022/11/bb11b3ae-41cc-4bee-b7b3-251fe9c5355b.jpg?fit=265%2C300&amp;ssl=1" data-large-file="https://i0.wp.com/ffyh.unc.edu.ar/historia/wp-content/uploads/sites/37/2022/11/bb11b3ae-41cc-4bee-b7b3-251fe9c5355b.jpg?fit=905%2C1024&amp;ssl=1" class="alignleft size-thumbnail wp-image-5064" src="https://i0.wp.com/ffyh.unc.edu.ar/historia/wp-content/uploads/sites/37/2022/11/bb11b3ae-41cc-4bee-b7b3-251fe9c5355b.jpg?resize=150%2C150" alt="" width="150" height="150" srcset="https://i0.wp.com/ffyh.unc.edu.ar/historia/wp-content/uploads/sites/37/2022/11/bb11b3ae-41cc-4bee-b7b3-251fe9c5355b.jpg?resize=150%2C150&amp;ssl=1 150w, https://i0.wp.com/ffyh.unc.edu.ar/historia/wp-content/uploads/sites/37/2022/11/bb11b3ae-41cc-4bee-b7b3-251fe9c5355b.jpg?zoom=2&amp;resize=150%2C150 300w, https://i0.wp.com/ffyh.unc.edu.ar/historia/wp-content/uploads/sites/37/2022/11/bb11b3ae-41cc-4bee-b7b3-251fe9c5355b.jpg?zoom=3&amp;resize=150%2C150 450w" sizes="(max-width: 150px) 100vw, 150px" /> Licenciado en Historia (FFyH-UNC), Magister en Demografía (CEA-UNC)  y Doctor en Demografía (FCE-UNC). Profesor Titular en el Centro de Estudios Avanzados de la Facultad de Ciencias Sociales, Universidad Nacional de Córdoba y en la Facultad de Humanidades y Ciencias de la Universidad Nacional del Litoral. Profesor adjunto concursado en «Taller de Aplicación» en la Escuela de Historia (FFyH-UNC) (en uso de licencia) y Profesor Adjunto a cargo de Demografía Histórica como carga anexa en la misma Escuela. Es investigador Principal de la carrera de investigador científico del CONICET y Director regular del Centro de Investigaciones y Estudios sobre Cultura y Sociedad (CIECS-CONICET).</p>
<p>Se ha especializado en demografía histórica y dentro de ella sobre la historia social de la salud y la enfermedad. Dentro de esta se ha interesado en la historia de las endemias como la tuberculosis y del epidemias y pandemias como el cólera y la gripe española. A su vez investigado sobre las ocupaciones en salud en los censos de población de 1869, 1895 y 1914, en la actualidad sus investigaciones se dirigen en dos perspectivas: historia del curanderismo a través del censo de población de 1869 y la historia de las vacunas y las campañas de vacunación. Su último libro como autor junto a María Dolores Rivero se titula Argentina en tiempos de pandemia: la gripe española de 1918-1919. Leer el pasado para comprender el presente, Editorial de la Universidad Nacional de Córdoba. Entre los artículos en revistas científicas “La elaboración de vacuna y suero durante la gripe española en Argentina. Iniciativas estatales en la periferia de la ciencia (1918-1919)”, Dynamis, vol 41 N° 1, Universidad de Granada; Debates político-científicos en torno a la vacuna Friedmann como iniciativa estatal para la “extinción de la tuberculosis”. Argentina, 1934, revista Nuevo Mundo, Mundos Nuevos; entre los capítulos de libros: Sistema de salud y medidas sanitarias durante la pandemia de gripe española en Argentina (1918-1919), en el libro Del cólera al covid-19: un recorrido por viejas y nuevas pandemias en Argentina, compilado por Adriana Álvarez.</p>
<p>En la actualidad se encuentra dirigiendo un proyecto PICT titulado “La construcción de la confianza en la campaña de vacunación en el marco de la pandemia de COVID-19 en la Argentina: un estudio histórico y etnográfico”.</p>
<p>Contacto: <em>adrian.carbonetti@unc.edu.ar </em></p>

<p>Licenciado en Historia (FFyH-UNC), Magister en Demografía (CEA-UNC)  y Doctor en Demografía (FCE-UNC). Profesor Titular en el Centro de Estudios Avanzados de la Facultad de Ciencias Sociales, Universidad Nacional de Córdoba y en la Facultad de Humanidades y Ciencias de la Universidad Nacional del Litoral. Profesor adjunto concursado en «Taller de Aplicación» en la Escuela&#8230; </p>
<div class="link-more"><a href="https://ffyh.unc.edu.ar/historia/nuestrxs-docentes/carbonetti/">Lea más</a></div>
