{"id":5246,"date":"2023-03-22T23:02:48","date_gmt":"2023-03-22T23:02:48","guid":{"rendered":"https:\/\/ffyh.unc.edu.ar\/historia\/?page_id=5246"},"modified":"2023-12-15T12:41:46","modified_gmt":"2023-12-15T12:41:46","slug":"historias-de-invierno-primavera-2022","status":"publish","type":"page","link":"https:\/\/ffyh.unc.edu.ar\/historia\/extension-historia\/historias-de-invierno-primavera-2022\/","title":{"rendered":"Historias de Invierno \/ Primavera 2022"},"content":{"rendered":"<p><img data-recalc-dims=\"1\" fetchpriority=\"high\" decoding=\"async\" data-attachment-id=\"4916\" data-permalink=\"https:\/\/ffyh.unc.edu.ar\/historia\/extension-historia\/mesa-de-trabajo-30\/\" data-orig-file=\"https:\/\/i0.wp.com\/ffyh.unc.edu.ar\/historia\/wp-content\/uploads\/sites\/37\/2022\/08\/Mesa-de-trabajo-30-scaled.jpg?fit=2560%2C980&amp;ssl=1\" data-orig-size=\"2560,980\" data-comments-opened=\"0\" data-image-meta=\"{&quot;aperture&quot;:&quot;0&quot;,&quot;credit&quot;:&quot;&quot;,&quot;camera&quot;:&quot;&quot;,&quot;caption&quot;:&quot;&quot;,&quot;created_timestamp&quot;:&quot;0&quot;,&quot;copyright&quot;:&quot;&quot;,&quot;focal_length&quot;:&quot;0&quot;,&quot;iso&quot;:&quot;0&quot;,&quot;shutter_speed&quot;:&quot;0&quot;,&quot;title&quot;:&quot;&quot;,&quot;orientation&quot;:&quot;0&quot;}\" data-image-title=\"Mesa de trabajo 30\" data-image-description=\"\" data-image-caption=\"\" data-medium-file=\"https:\/\/i0.wp.com\/ffyh.unc.edu.ar\/historia\/wp-content\/uploads\/sites\/37\/2022\/08\/Mesa-de-trabajo-30-scaled.jpg?fit=300%2C115&amp;ssl=1\" data-large-file=\"https:\/\/i0.wp.com\/ffyh.unc.edu.ar\/historia\/wp-content\/uploads\/sites\/37\/2022\/08\/Mesa-de-trabajo-30-scaled.jpg?fit=1000%2C383&amp;ssl=1\" class=\"aligncenter wp-image-4916 size-large\" src=\"https:\/\/i0.wp.com\/ffyh.unc.edu.ar\/historia\/wp-content\/uploads\/sites\/37\/2022\/08\/Mesa-de-trabajo-30.jpg?resize=1000%2C383\" alt=\"\" width=\"1000\" height=\"383\" srcset=\"https:\/\/i0.wp.com\/ffyh.unc.edu.ar\/historia\/wp-content\/uploads\/sites\/37\/2022\/08\/Mesa-de-trabajo-30-scaled.jpg?resize=1024%2C392&amp;ssl=1 1024w, https:\/\/i0.wp.com\/ffyh.unc.edu.ar\/historia\/wp-content\/uploads\/sites\/37\/2022\/08\/Mesa-de-trabajo-30-scaled.jpg?resize=300%2C115&amp;ssl=1 300w, https:\/\/i0.wp.com\/ffyh.unc.edu.ar\/historia\/wp-content\/uploads\/sites\/37\/2022\/08\/Mesa-de-trabajo-30-scaled.jpg?resize=768%2C294&amp;ssl=1 768w, https:\/\/i0.wp.com\/ffyh.unc.edu.ar\/historia\/wp-content\/uploads\/sites\/37\/2022\/08\/Mesa-de-trabajo-30-scaled.jpg?resize=1536%2C588&amp;ssl=1 1536w, https:\/\/i0.wp.com\/ffyh.unc.edu.ar\/historia\/wp-content\/uploads\/sites\/37\/2022\/08\/Mesa-de-trabajo-30-scaled.jpg?resize=2048%2C784&amp;ssl=1 2048w, https:\/\/i0.wp.com\/ffyh.unc.edu.ar\/historia\/wp-content\/uploads\/sites\/37\/2022\/08\/Mesa-de-trabajo-30-scaled.jpg?resize=600%2C230&amp;ssl=1 600w\" sizes=\"(max-width: 1000px) 100vw, 1000px\" \/><\/p>\n<p style=\"text-align: center\"><span style=\"font-size: 24pt;color: #800000\"><b><i>Historias de Invierno. Historias de Primavera<\/i><\/b><\/span><\/p>\n<p style=\"text-align: center\"><b>Cursos de Historia para Adultos Mayores<br \/>\n<\/b><\/p>\n<hr \/>\n<p style=\"text-align: justify\">La Escuela de Historia y la Secretar\u00eda de Extensi\u00f3n de la Facultad de Filosof\u00eda y Humanidades proponen cursos de extensi\u00f3n sobre temas hist\u00f3ricos para adultos mayores, con el objeto de formentar el di\u00e1logo de saberes y la divulgaci\u00f3n social del conocimiento hist\u00f3rico. Son cursos abiertos, p\u00fablicos y gratuitos, con cupo de 60 asistentes cada uno, desarrollados a trav\u00e9s de encuentros virtuales semanales de 2 hs (por plataforma <strong>Google Meet<\/strong>), entre agosto y septiembre\u00a0 (<em>Historias de Invierno<\/em>) y octubre y noviembre (<em>Historias de Primavera<\/em>). La diversidad de tem\u00e1ticas, abordadas por equipos de docentes, egresados\/as y estudiantes de nuestra Escuela busca generar un di\u00e1logo amplio y diverso en torno a la historia.<\/p>\n<p style=\"text-align: center\"><span style=\"color: #ff6600\"><strong>Las inscripciones para los cursos de Invierno\/Primavera 2022<br \/>\n<\/strong><strong>se realizar\u00e1n mediante formulario al final de cada bloque (Septiembre, Octubre y Noviembre)<\/strong><\/span><span style=\"color: #ff0000\"><strong><br \/>\n<\/strong><\/span><\/p>\n<hr \/>\n<p style=\"text-align: justify\"><strong>Grilla de cursos 2022<\/strong><\/p>\n<p style=\"text-align: center\"><img data-recalc-dims=\"1\" decoding=\"async\" data-attachment-id=\"4897\" data-permalink=\"https:\/\/ffyh.unc.edu.ar\/historia\/extension-historia\/whatsapp-image-2022-08-22-at-5-34-01-pm\/\" data-orig-file=\"https:\/\/i0.wp.com\/ffyh.unc.edu.ar\/historia\/wp-content\/uploads\/sites\/37\/2022\/08\/WhatsApp-Image-2022-08-22-at-5.34.01-PM.jpeg?fit=1280%2C245&amp;ssl=1\" data-orig-size=\"1280,245\" data-comments-opened=\"0\" data-image-meta=\"{&quot;aperture&quot;:&quot;0&quot;,&quot;credit&quot;:&quot;&quot;,&quot;camera&quot;:&quot;&quot;,&quot;caption&quot;:&quot;&quot;,&quot;created_timestamp&quot;:&quot;0&quot;,&quot;copyright&quot;:&quot;&quot;,&quot;focal_length&quot;:&quot;0&quot;,&quot;iso&quot;:&quot;0&quot;,&quot;shutter_speed&quot;:&quot;0&quot;,&quot;title&quot;:&quot;&quot;,&quot;orientation&quot;:&quot;0&quot;}\" data-image-title=\"WhatsApp Image 2022-08-22 at 5.34.01 PM\" data-image-description=\"\" data-image-caption=\"\" data-medium-file=\"https:\/\/i0.wp.com\/ffyh.unc.edu.ar\/historia\/wp-content\/uploads\/sites\/37\/2022\/08\/WhatsApp-Image-2022-08-22-at-5.34.01-PM.jpeg?fit=300%2C57&amp;ssl=1\" data-large-file=\"https:\/\/i0.wp.com\/ffyh.unc.edu.ar\/historia\/wp-content\/uploads\/sites\/37\/2022\/08\/WhatsApp-Image-2022-08-22-at-5.34.01-PM.jpeg?fit=1000%2C191&amp;ssl=1\" class=\"aligncenter wp-image-4897 size-large\" src=\"https:\/\/i0.wp.com\/ffyh.unc.edu.ar\/historia\/wp-content\/uploads\/sites\/37\/2022\/08\/WhatsApp-Image-2022-08-22-at-5.34.01-PM.jpeg?resize=1000%2C191\" alt=\"\" width=\"1000\" height=\"191\" srcset=\"https:\/\/i0.wp.com\/ffyh.unc.edu.ar\/historia\/wp-content\/uploads\/sites\/37\/2022\/08\/WhatsApp-Image-2022-08-22-at-5.34.01-PM.jpeg?resize=1024%2C196&amp;ssl=1 1024w, https:\/\/i0.wp.com\/ffyh.unc.edu.ar\/historia\/wp-content\/uploads\/sites\/37\/2022\/08\/WhatsApp-Image-2022-08-22-at-5.34.01-PM.jpeg?resize=300%2C57&amp;ssl=1 300w, https:\/\/i0.wp.com\/ffyh.unc.edu.ar\/historia\/wp-content\/uploads\/sites\/37\/2022\/08\/WhatsApp-Image-2022-08-22-at-5.34.01-PM.jpeg?resize=768%2C147&amp;ssl=1 768w, https:\/\/i0.wp.com\/ffyh.unc.edu.ar\/historia\/wp-content\/uploads\/sites\/37\/2022\/08\/WhatsApp-Image-2022-08-22-at-5.34.01-PM.jpeg?resize=600%2C115&amp;ssl=1 600w, https:\/\/i0.wp.com\/ffyh.unc.edu.ar\/historia\/wp-content\/uploads\/sites\/37\/2022\/08\/WhatsApp-Image-2022-08-22-at-5.34.01-PM.jpeg?w=1280&amp;ssl=1 1280w\" sizes=\"(max-width: 1000px) 100vw, 1000px\" \/><\/p>\n<p><strong>SEPTIEMBRE<\/strong><\/p>\n<p style=\"text-align: center\"><strong>\u00bfC\u00f3mo s\u00e9 si soy racista? Contribuciones hist\u00f3rico-antropol\u00f3gicas para una problem\u00e1tica actual <\/strong>(Martes de 18 a 20 hs)<br \/>\n6, 13, 20 y 27 de septiembre<br \/>\n<a href=\"https:\/\/drive.google.com\/file\/d\/1dYOCvAh2hpJdiR6kYRLUHkoge1Lo9f8c\/view?usp=sharing\" target=\"_blank\" rel=\"noopener\">Programa del curso<\/a> (reedici\u00f3n del curso ya dictado en Verano-Oto\u00f1o)<\/p>\n<p style=\"text-align: center\"><strong><em>Episodios neoliberales I: gestaci\u00f3n, implementaciones y experiencias en Chile y Argentina<\/em> <\/strong>(Viernes de 18 a 20 hs)<br \/>\n9, 16, 23 y 30 de septiembre<br \/>\n<a href=\"https:\/\/drive.google.com\/file\/d\/1c8FqaRmcavqQw1E1rbtsdNfePho8ytc1\/view?usp=sharing\" target=\"_blank\" rel=\"noopener\">Programa del curso<\/a><\/p>\n<p style=\"text-align: center\"><strong><em>Memorias y olvidos en la historia de C\u00f3rdoba<\/em> <\/strong>(Lunes de 18 a 20 hs)<br \/>\n5, 12, 19 y 26 de septiembre<br \/>\n<a href=\"https:\/\/drive.google.com\/file\/d\/1sDnt7jWGx3CnmjgPi2xjd1KSVBzZWa7C\/view?usp=sharing\" target=\"_blank\" rel=\"noopener\">Programa del curso<\/a><\/p>\n<p style=\"text-align: center\"><strong><em>Historia de (y desde) las cosas. Casa y objetos en la vida cotidiana de C\u00f3rdoba, siglos XVIII y XIX<\/em><\/strong> (Mi\u00e9rcoles de 18 a 20 hs)<br \/>\n7, 14, 21 y 28 de septiembre<br \/>\n<a href=\"https:\/\/drive.google.com\/file\/d\/13HLJu_oMHcH6B0qiovmlhNv-HpeCJrOT\/view?usp=sharing\" target=\"_blank\" rel=\"noopener\">Programa del curso<\/a><\/p>\n<p style=\"text-align: center\"><strong><em>De brujas, aquelarres y hogueras en la Edad Moderna<\/em> <\/strong>(Mi\u00e9rcoles de 10 a 12 hs)<br \/>\n<del>7<\/del>, 14, 21 y 28 de septiembre y 12 de octubre <span style=\"color: #ff0000\">(Inicia el 14 de septiembre)<\/span><br \/>\n<a href=\"https:\/\/drive.google.com\/file\/d\/1E0rTwIhOn83Uinw1eOseQFLdsVMAk78S\/view?usp=sharing\" target=\"_blank\" rel=\"noopener\">Programa del curso<\/a> (reedici\u00f3n del curso ya dictado en Verano-Oto\u00f1o)<\/p>\n<p style=\"text-align: center\"><a href=\"https:\/\/forms.gle\/sRJdWNYZqrKva7SW9\" target=\"_blank\" rel=\"noopener\"><strong><span style=\"color: #ff0000\">Ingresar a formulario de Inscripci\u00f3n para Cursos Septiembre 2022<\/span><\/strong><\/a><\/p>\n<p>&nbsp;<\/p>\n<p><img data-recalc-dims=\"1\" decoding=\"async\" data-attachment-id=\"4917\" data-permalink=\"https:\/\/ffyh.unc.edu.ar\/historia\/extension-historia\/mesa-de-trabajo-29\/\" data-orig-file=\"https:\/\/i0.wp.com\/ffyh.unc.edu.ar\/historia\/wp-content\/uploads\/sites\/37\/2022\/08\/Mesa-de-trabajo-29-scaled.jpg?fit=2560%2C489&amp;ssl=1\" data-orig-size=\"2560,489\" data-comments-opened=\"0\" data-image-meta=\"{&quot;aperture&quot;:&quot;0&quot;,&quot;credit&quot;:&quot;&quot;,&quot;camera&quot;:&quot;&quot;,&quot;caption&quot;:&quot;&quot;,&quot;created_timestamp&quot;:&quot;0&quot;,&quot;copyright&quot;:&quot;&quot;,&quot;focal_length&quot;:&quot;0&quot;,&quot;iso&quot;:&quot;0&quot;,&quot;shutter_speed&quot;:&quot;0&quot;,&quot;title&quot;:&quot;&quot;,&quot;orientation&quot;:&quot;0&quot;}\" data-image-title=\"Mesa de trabajo 29\" data-image-description=\"\" data-image-caption=\"\" data-medium-file=\"https:\/\/i0.wp.com\/ffyh.unc.edu.ar\/historia\/wp-content\/uploads\/sites\/37\/2022\/08\/Mesa-de-trabajo-29-scaled.jpg?fit=300%2C57&amp;ssl=1\" data-large-file=\"https:\/\/i0.wp.com\/ffyh.unc.edu.ar\/historia\/wp-content\/uploads\/sites\/37\/2022\/08\/Mesa-de-trabajo-29-scaled.jpg?fit=1000%2C191&amp;ssl=1\" class=\"aligncenter wp-image-4917 size-large\" src=\"https:\/\/i0.wp.com\/ffyh.unc.edu.ar\/historia\/wp-content\/uploads\/sites\/37\/2022\/08\/Mesa-de-trabajo-29.jpg?resize=1000%2C191\" alt=\"\" width=\"1000\" height=\"191\" srcset=\"https:\/\/i0.wp.com\/ffyh.unc.edu.ar\/historia\/wp-content\/uploads\/sites\/37\/2022\/08\/Mesa-de-trabajo-29-scaled.jpg?resize=1024%2C196&amp;ssl=1 1024w, https:\/\/i0.wp.com\/ffyh.unc.edu.ar\/historia\/wp-content\/uploads\/sites\/37\/2022\/08\/Mesa-de-trabajo-29-scaled.jpg?resize=300%2C57&amp;ssl=1 300w, https:\/\/i0.wp.com\/ffyh.unc.edu.ar\/historia\/wp-content\/uploads\/sites\/37\/2022\/08\/Mesa-de-trabajo-29-scaled.jpg?resize=768%2C147&amp;ssl=1 768w, https:\/\/i0.wp.com\/ffyh.unc.edu.ar\/historia\/wp-content\/uploads\/sites\/37\/2022\/08\/Mesa-de-trabajo-29-scaled.jpg?resize=1536%2C294&amp;ssl=1 1536w, https:\/\/i0.wp.com\/ffyh.unc.edu.ar\/historia\/wp-content\/uploads\/sites\/37\/2022\/08\/Mesa-de-trabajo-29-scaled.jpg?resize=2048%2C392&amp;ssl=1 2048w, https:\/\/i0.wp.com\/ffyh.unc.edu.ar\/historia\/wp-content\/uploads\/sites\/37\/2022\/08\/Mesa-de-trabajo-29-scaled.jpg?resize=600%2C115&amp;ssl=1 600w\" sizes=\"(max-width: 1000px) 100vw, 1000px\" \/><\/p>\n<p><strong>OCTUBRE<\/strong><\/p>\n<p style=\"text-align: center\"><em><strong>Leyendo im\u00e1genes antiguas: interpelar el Egipto fara\u00f3nico a trav\u00e9s de su iconograf\u00eda <\/strong><\/em>(Martes de 16 a 18 hs)<br \/>\n4, 11, 18 y 25 de octubre<br \/>\n<a href=\"https:\/\/drive.google.com\/file\/d\/1sXjMlJffFGzDEc-gdXg3Nc77-UBBUd6Z\/view?usp=sharing\" target=\"_blank\" rel=\"noopener\">Programa del curso<\/a> (reedici\u00f3n del curso dictado en Verano-Oto\u00f1o)<\/p>\n<p style=\"text-align: center\"><strong><em>Un continente en movimiento. Estructura y acciones pol\u00edticas en Am\u00e9rica Latina a fines del siglo XX y principios del XXI<\/em> <\/strong>(Martes de 18 a 20 hs)<br \/>\n4, 11, 18 y 25 de octubre<br \/>\n<a href=\"https:\/\/drive.google.com\/file\/d\/1MbQr6Sr2T1czT9WI56k2FuAy-i0g8VES\/view?usp=sharing\" target=\"_blank\" rel=\"noopener\">Programa del curso<\/a><\/p>\n<p style=\"text-align: center\"><span style=\"color: #808080\"><strong><em>\u00bfLa permanente crisis argentina? Un recorrido por 1989 y 2001 para repensar colectivamente nuestra historia reciente y nuestro presente<\/em> <\/strong>(mi\u00e9rcoles de 18 a 20 hs)<br \/>\n5, 12, 19 y 26 de octubre<\/span><br \/>\n<a href=\"https:\/\/drive.google.com\/file\/d\/14J3HirupYGY4n7UTt7gb1J_R6xMlidki\/view?usp=sharing\" target=\"_blank\" rel=\"noopener\"><span style=\"color: #808080\">Programa del curso<\/span><\/a><\/p>\n<p style=\"text-align: center\"><span style=\"color: #ff0000\"><span style=\"color: #808080\"><strong><em>Episodios neoliberales II: procesos de financiarizaci\u00f3n y gobierno a trav\u00e9s de la deuda<\/em> <\/strong>(S\u00e1bados de 10 a 12 hs)<\/span><br \/>\n<span style=\"color: #808080\">1, 8, 15 y 22 de octubre<\/span><\/span><br \/>\n<span style=\"color: #808080\"><a href=\"https:\/\/drive.google.com\/file\/d\/1c8FqaRmcavqQw1E1rbtsdNfePho8ytc1\/view?usp=sharing\" target=\"_blank\" rel=\"noopener\">Programa del curso<\/a> (<strong>no es requisito<\/strong> haber realizado el curso Episodios neoliberales I)<br \/>\n<\/span><\/p>\n<p style=\"text-align: center\"><strong><em>\u00a1Se arm\u00f3 el embroio entre Marx y Bakunin! Las organizaciones marxistas y anarquistas en la C\u00f3rdoba de los setenta<\/em>\u00a0<\/strong>(jueves de 10 a 12 hs)<br \/>\n6, 13, 20 y 27 de octubre<br \/>\n<a href=\"https:\/\/drive.google.com\/file\/d\/1HsIYla3sflbkSkVn1Qe6tyawp1D5XbVI\/view?usp=sharing\" target=\"_blank\" rel=\"noopener\">Programa del curso<\/a> (reedici\u00f3n del curso dictado en Verano-Oto\u00f1o)<\/p>\n<p>&nbsp;<\/p>\n<p style=\"text-align: center\"><a href=\"https:\/\/forms.gle\/DcCLciVBpxKakTNZ6\" target=\"_blank\" rel=\"noopener\"><strong><span style=\"color: #ff0000\">Ingresar a Formulario de inscripci\u00f3n para Cursos Octubre 2022<\/span><\/strong><\/a><\/p>\n<p>&nbsp;<\/p>\n<p><strong>NOVIEMBRE<\/strong><\/p>\n<p style=\"text-align: center\"><strong><em>\u00bfUna edad oscura? Mito y realidad hist\u00f3rica en la Alta Edad Media europea.<\/em>\u00a0<\/strong>(martes de 16 a 18 hs)<br \/>\n1, 8, 15 y 22 de noviembre<br \/>\n<a href=\"https:\/\/drive.google.com\/file\/d\/132qfz-eSatDOMFVm8i5VsB8H7zFq54DA\/view?usp=sharing\" target=\"_blank\" rel=\"noopener\">Programa del curso<\/a><\/p>\n<p style=\"text-align: center\"><strong><em>\u00a1Vamos al campo! Un recorrido por la pampa argentina entre el pasado y el presente<\/em>\u00a0<\/strong>(mi\u00e9rcoles de 18.30 a 20.30 hs)<br \/>\n2, 9, 16 y 23 de noviembre<br \/>\n<a href=\"https:\/\/drive.google.com\/file\/d\/1HSXH9w2zdiVPsTH5UWUHt5IxzhVgJZub\/view?usp=sharing\" target=\"_blank\" rel=\"noopener\">Programa del curso<\/a><\/p>\n<p style=\"text-align: center\"><em><strong>Historias del pasado prehisp\u00e1nico a trav\u00e9s de los objetos. An\u00e1lisis de las materialidades y su participaci\u00f3n en la vida de las comunidades originarias de C\u00f3rdoba<\/strong> (jueves de 16 a 18 hs)<br \/>\n<\/em>3, 10, 17 y 24 de noviembre<br \/>\n<a href=\"https:\/\/drive.google.com\/file\/d\/1EGxmf1pbMRZl_cgUCljZv6PKiJpvBEmV\/view?usp=sharing\" target=\"_blank\" rel=\"noopener\">Programa del curso (reedici\u00f3n del curso dictado en Verano-Oto\u00f1o)<\/a><\/p>\n<p style=\"text-align: center\"><em><strong>Revisitando nuestro pa\u00eds: la historia argentina en clave territorial <\/strong><\/em>(viernes de 16 a 18 hs)<br \/>\n4, 11, 18 y 25 de noviembre<br \/>\n<a href=\"https:\/\/drive.google.com\/file\/d\/125g0SKOYxKAlEptubIrieAoEEjyzsOQe\/view?usp=sharing\" target=\"_blank\" rel=\"noopener\">Programa del curso<\/a> (reedici\u00f3n del curso dictado en Verano-Oto\u00f1o)<\/p>\n<p style=\"text-align: center\"><em><strong>El arte y la construcci\u00f3n de las im\u00e1genes: un recorrido por la temprana modernidad europea a trav\u00e9s de la pintura y el cine<\/strong> (mi\u00e9rcoles de 18.30 a 20.30 hs)<br \/>\n<\/em>9, 16, 23 y 30 de noviembre<br \/>\n<a href=\"https:\/\/drive.google.com\/file\/d\/1VcnEOycqVV66rn7XsvPRXjpikXsB7bef\/view?usp=sharing\" target=\"_blank\" rel=\"noopener\">Programa del curso<\/a><\/p>\n<p style=\"text-align: center\"><em><strong>\u00a1Sigamos el embroio! Construcci\u00f3n de un taller colectivo de historias de vida militante en los sesenta y setenta<\/strong> (jueves de 15 a 17 hs)<br \/>\n<\/em>3, 10, 17 y 24 de noviembre<br \/>\n<a href=\"https:\/\/drive.google.com\/file\/d\/1ptWOqCN4v0ATrhzuHOMsDCalotkxdY9F\/view?usp=sharing\" target=\"_blank\" rel=\"noopener\">Programa del curso<\/a><\/p>\n<p style=\"text-align: center\"><a href=\"https:\/\/forms.gle\/2Mn1w64fC7wp2xFg6\" target=\"_blank\" rel=\"noopener\"><strong><span style=\"color: #ff0000\">Ingresar a Formulario de inscripci\u00f3n a Cursos de Noviembre 2022<\/span><\/strong><\/a><\/p>\n<p>&nbsp;<\/p>\n<p><em>\u00bfQuer\u00e9s saber m\u00e1s de los cursos que se dictaron anteriormente?<br \/>\n<\/em><a href=\"https:\/\/ffyh.unc.edu.ar\/historia\/extension-historia\/historias-de-verano-otono-2022\/\" target=\"_blank\" rel=\"noopener\">Link a la p\u00e1gina de Cursos Historias de Verano \/ Oto\u00f1o 2022<\/a><\/p>\n<p><em>M\u00e1s informaci\u00f3n:<br \/>\n<\/em>Equipo coordinador de los cursos Historias de Invierno &#8211; Primavera<br \/>\n<a href=\"mailto:conhistoria@ffyh.unc.edu.ar\">conhistoria@ffyh.unc.edu.ar<\/a><\/p>\n<p>Secretar\u00eda T\u00e9cnica de la Escuela de Historia, FFyH, UNC<br \/>\n<a href=\"mailto:historia@ffyh.unc.edu.ar\" target=\"_blank\" rel=\"noopener\">historia@ffyh.unc.edu.ar<\/a><\/p>\n<p><em>\u00bfTe interesa conocer m\u00e1s acerca de la Escuela de Historia?<\/em><br \/>\nVisit\u00e1 nuestro <a href=\"https:\/\/ffyh.unc.edu.ar\/historia\/\" target=\"_blank\" rel=\"noopener\">sitio institucional ffyh.unc.edu.ar\/historia<\/a> y nuestra memoria fotogr\u00e1fica, <a href=\"https:\/\/ffyh.unc.edu.ar\/historia\/pixeles\/\" target=\"_blank\" rel=\"noopener\"><strong><em>Historia en pixeles<\/em><\/strong><\/a>.<\/p>\n<p>&nbsp;<\/p>\n<p><em>Canales de difusi\u00f3n:<\/em><br \/>\n<strong>Facebook<\/strong>: <a href=\"https:\/\/www.facebook.com\/historiaunc\/\" target=\"_blank\" rel=\"noreferrer noopener\">\/historiaunc<\/a><br \/>\n<strong>Instagram<\/strong>: <a href=\"https:\/\/www.instagram.com\/historiaunc\/\" target=\"_blank\" rel=\"noreferrer noopener\">\/historiaunc<\/a><br \/>\n<strong>Youtube<\/strong>: <a href=\"http:\/\/youtube.com\/historiaunc\" target=\"_blank\" rel=\"noreferrer noopener\" data-type=\"URL\" data-id=\"http:\/\/youtube.com\/historiaunc\">\/historiaunc<\/a><\/p>\n","protected":false},"excerpt":{"rendered":"<p>Historias de Invierno. Historias de Primavera Cursos de Historia para Adultos Mayores La Escuela de Historia y la Secretar\u00eda de Extensi\u00f3n de la Facultad de Filosof\u00eda y Humanidades proponen cursos de extensi\u00f3n sobre temas hist\u00f3ricos para adultos mayores, con el objeto de formentar el di\u00e1logo de saberes y la divulgaci\u00f3n social del conocimiento hist\u00f3rico. Son&#8230; <\/p>\n<div class=\"link-more\"><a href=\"https:\/\/ffyh.unc.edu.ar\/historia\/extension-historia\/historias-de-invierno-primavera-2022\/\">Lea m\u00e1s<\/a><\/div>\n","protected":false},"author":34,"featured_media":0,"parent":3485,"menu_order":2,"comment_status":"closed","ping_status":"closed","template":"","meta":{"_acf_changed":false,"_monsterinsights_skip_tracking":false,"_monsterinsights_sitenote_active":false,"_monsterinsights_sitenote_note":"","_monsterinsights_sitenote_category":0,"footnotes":""},"class_list":["post-5246","page","type-page","status-publish","hentry"],"acf":[],"jetpack_sharing_enabled":true,"_links":{"self":[{"href":"https:\/\/ffyh.unc.edu.ar\/historia\/wp-json\/wp\/v2\/pages\/5246","targetHints":{"allow":["GET"]}}],"collection":[{"href":"https:\/\/ffyh.unc.edu.ar\/historia\/wp-json\/wp\/v2\/pages"}],"about":[{"href":"https:\/\/ffyh.unc.edu.ar\/historia\/wp-json\/wp\/v2\/types\/page"}],"author":[{"embeddable":true,"href":"https:\/\/ffyh.unc.edu.ar\/historia\/wp-json\/wp\/v2\/users\/34"}],"replies":[{"embeddable":true,"href":"https:\/\/ffyh.unc.edu.ar\/historia\/wp-json\/wp\/v2\/comments?post=5246"}],"version-history":[{"count":3,"href":"https:\/\/ffyh.unc.edu.ar\/historia\/wp-json\/wp\/v2\/pages\/5246\/revisions"}],"predecessor-version":[{"id":6187,"href":"https:\/\/ffyh.unc.edu.ar\/historia\/wp-json\/wp\/v2\/pages\/5246\/revisions\/6187"}],"up":[{"embeddable":true,"href":"https:\/\/ffyh.unc.edu.ar\/historia\/wp-json\/wp\/v2\/pages\/3485"}],"wp:attachment":[{"href":"https:\/\/ffyh.unc.edu.ar\/historia\/wp-json\/wp\/v2\/media?parent=5246"}],"curies":[{"name":"wp","href":"https:\/\/api.w.org\/{rel}","templated":true}]}}