{"id":6664,"date":"2025-08-27T17:01:56","date_gmt":"2025-08-27T17:01:56","guid":{"rendered":"https:\/\/ffyh.unc.edu.ar\/historia\/?page_id=6664"},"modified":"2025-08-27T17:01:56","modified_gmt":"2025-08-27T17:01:56","slug":"historias-de-verano-otono-2025","status":"publish","type":"page","link":"https:\/\/ffyh.unc.edu.ar\/historia\/extension-historia\/historias-de-verano-otono-2025\/","title":{"rendered":"Historias de Verano Oto\u00f1o 2025"},"content":{"rendered":"<p><img data-recalc-dims=\"1\" fetchpriority=\"high\" decoding=\"async\" data-attachment-id=\"5775\" data-permalink=\"https:\/\/ffyh.unc.edu.ar\/historia\/extension-historia\/historias-verano-otono\/\" data-orig-file=\"https:\/\/i0.wp.com\/ffyh.unc.edu.ar\/historia\/wp-content\/uploads\/sites\/37\/2023\/12\/Historias-verano-otono.jpg?fit=1250%2C488&amp;ssl=1\" data-orig-size=\"1250,488\" data-comments-opened=\"0\" data-image-meta=\"{&quot;aperture&quot;:&quot;0&quot;,&quot;credit&quot;:&quot;&quot;,&quot;camera&quot;:&quot;&quot;,&quot;caption&quot;:&quot;&quot;,&quot;created_timestamp&quot;:&quot;0&quot;,&quot;copyright&quot;:&quot;&quot;,&quot;focal_length&quot;:&quot;0&quot;,&quot;iso&quot;:&quot;0&quot;,&quot;shutter_speed&quot;:&quot;0&quot;,&quot;title&quot;:&quot;&quot;,&quot;orientation&quot;:&quot;0&quot;}\" data-image-title=\"Historias verano oto\u00f1o\" data-image-description=\"\" data-image-caption=\"\" data-medium-file=\"https:\/\/i0.wp.com\/ffyh.unc.edu.ar\/historia\/wp-content\/uploads\/sites\/37\/2023\/12\/Historias-verano-otono.jpg?fit=300%2C117&amp;ssl=1\" data-large-file=\"https:\/\/i0.wp.com\/ffyh.unc.edu.ar\/historia\/wp-content\/uploads\/sites\/37\/2023\/12\/Historias-verano-otono.jpg?fit=1000%2C391&amp;ssl=1\" class=\"aligncenter wp-image-5775 size-large\" src=\"https:\/\/i0.wp.com\/ffyh.unc.edu.ar\/historia\/wp-content\/uploads\/sites\/37\/2023\/12\/Historias-verano-otono.jpg?resize=1000%2C391\" alt=\"\" width=\"1000\" height=\"391\" srcset=\"https:\/\/i0.wp.com\/ffyh.unc.edu.ar\/historia\/wp-content\/uploads\/sites\/37\/2023\/12\/Historias-verano-otono.jpg?resize=1024%2C400&amp;ssl=1 1024w, https:\/\/i0.wp.com\/ffyh.unc.edu.ar\/historia\/wp-content\/uploads\/sites\/37\/2023\/12\/Historias-verano-otono.jpg?resize=300%2C117&amp;ssl=1 300w, https:\/\/i0.wp.com\/ffyh.unc.edu.ar\/historia\/wp-content\/uploads\/sites\/37\/2023\/12\/Historias-verano-otono.jpg?resize=768%2C300&amp;ssl=1 768w, https:\/\/i0.wp.com\/ffyh.unc.edu.ar\/historia\/wp-content\/uploads\/sites\/37\/2023\/12\/Historias-verano-otono.jpg?resize=600%2C234&amp;ssl=1 600w, https:\/\/i0.wp.com\/ffyh.unc.edu.ar\/historia\/wp-content\/uploads\/sites\/37\/2023\/12\/Historias-verano-otono.jpg?w=1250&amp;ssl=1 1250w\" sizes=\"(max-width: 1000px) 100vw, 1000px\" \/><\/p>\n<p style=\"text-align: center\"><span style=\"font-size: 24pt;color: #800000\"><b><i>Historias de Verano \/ Historias de Oto\u00f1o 2025<\/i><\/b><\/span><\/p>\n<p style=\"text-align: center\"><b>Cursos de Historia para Adultos Mayores<br \/>\n<\/b><\/p>\n<hr \/>\n<p style=\"text-align: justify\">La Escuela de Historia y la Secretar\u00eda de Extensi\u00f3n de la Facultad de Filosof\u00eda y Humanidades proponen cursos de extensi\u00f3n sobre temas hist\u00f3ricos para adultos mayores, con el objeto de fomentar el di\u00e1logo de saberes y la divulgaci\u00f3n social del conocimiento hist\u00f3rico. Son cursos abiertos, p\u00fablicos y gratuitos, desarrollados a trav\u00e9s de encuentros virtuales semanales de 2 hs (por plataforma <strong>Google Meet<\/strong>), entre marzo y junio (<em>Historias de Verano y Oto\u00f1o<\/em>). La diversidad de tem\u00e1ticas, abordadas por equipos de docentes, egresados\/as y estudiantes de nuestra Escuela busca generar un di\u00e1logo amplio y diverso en torno a la historia.<\/p>\n<p style=\"text-align: center\"><span style=\"color: #ff6600\"><strong>Las inscripciones para los cursos de Verano\/Oto\u00f1o 2025<br \/>\n<\/strong><strong>se realizan mediante LINK a Formulario ubicado al final de esta p\u00e1gina<\/strong><\/span><span style=\"color: #ff0000\"><strong><br \/>\n<\/strong><\/span><\/p>\n<p style=\"text-align: center\"><span style=\"font-size: 18pt\"><strong>Grilla de cursos<\/strong><\/span><\/p>\n<hr \/>\n<section id=\"h.7c373a575dfe138b_0\" class=\"yaqOZd WxWicb\">\n<div class=\"IFuOkc\" style=\"text-align: center\">\n<p><img data-recalc-dims=\"1\" decoding=\"async\" data-attachment-id=\"6470\" data-permalink=\"https:\/\/ffyh.unc.edu.ar\/historia\/extension-historia\/banner-otono-2\/\" data-orig-file=\"https:\/\/i0.wp.com\/ffyh.unc.edu.ar\/historia\/wp-content\/uploads\/sites\/37\/2025\/03\/Banner-otono.jpeg?fit=1242%2C244&amp;ssl=1\" data-orig-size=\"1242,244\" data-comments-opened=\"0\" data-image-meta=\"{&quot;aperture&quot;:&quot;0&quot;,&quot;credit&quot;:&quot;&quot;,&quot;camera&quot;:&quot;&quot;,&quot;caption&quot;:&quot;&quot;,&quot;created_timestamp&quot;:&quot;0&quot;,&quot;copyright&quot;:&quot;&quot;,&quot;focal_length&quot;:&quot;0&quot;,&quot;iso&quot;:&quot;0&quot;,&quot;shutter_speed&quot;:&quot;0&quot;,&quot;title&quot;:&quot;&quot;,&quot;orientation&quot;:&quot;0&quot;}\" data-image-title=\"Banner-otono\" data-image-description=\"\" data-image-caption=\"\" data-medium-file=\"https:\/\/i0.wp.com\/ffyh.unc.edu.ar\/historia\/wp-content\/uploads\/sites\/37\/2025\/03\/Banner-otono.jpeg?fit=300%2C59&amp;ssl=1\" data-large-file=\"https:\/\/i0.wp.com\/ffyh.unc.edu.ar\/historia\/wp-content\/uploads\/sites\/37\/2025\/03\/Banner-otono.jpeg?fit=1000%2C196&amp;ssl=1\" class=\"alignnone wp-image-6470 size-large\" src=\"https:\/\/i0.wp.com\/ffyh.unc.edu.ar\/historia\/wp-content\/uploads\/sites\/37\/2025\/03\/Banner-otono.jpeg?resize=1000%2C196\" alt=\"\" width=\"1000\" height=\"196\" srcset=\"https:\/\/i0.wp.com\/ffyh.unc.edu.ar\/historia\/wp-content\/uploads\/sites\/37\/2025\/03\/Banner-otono.jpeg?resize=1024%2C201&amp;ssl=1 1024w, https:\/\/i0.wp.com\/ffyh.unc.edu.ar\/historia\/wp-content\/uploads\/sites\/37\/2025\/03\/Banner-otono.jpeg?resize=300%2C59&amp;ssl=1 300w, https:\/\/i0.wp.com\/ffyh.unc.edu.ar\/historia\/wp-content\/uploads\/sites\/37\/2025\/03\/Banner-otono.jpeg?resize=768%2C151&amp;ssl=1 768w, https:\/\/i0.wp.com\/ffyh.unc.edu.ar\/historia\/wp-content\/uploads\/sites\/37\/2025\/03\/Banner-otono.jpeg?resize=600%2C118&amp;ssl=1 600w, https:\/\/i0.wp.com\/ffyh.unc.edu.ar\/historia\/wp-content\/uploads\/sites\/37\/2025\/03\/Banner-otono.jpeg?w=1242&amp;ssl=1 1242w\" sizes=\"(max-width: 1000px) 100vw, 1000px\" \/><\/p>\n<p><strong>ABRIL<\/strong><\/p>\n<p><em><strong>El mundo del trabajo y los\/as trabajadores\/as en C\u00f3rdoba. Primera mitad del siglo XX<br \/>\n<\/strong><\/em>(Martes de 11 a 13 hs)<br \/>\n1, 8, 15 y 22 de abril<br \/>\n<a href=\"https:\/\/drive.google.com\/file\/d\/15D8BFVgW7cr1dWLTiOnjAy8CtAhMON4P\/view?usp=sharing\" target=\"_blank\" rel=\"noopener\">Programa del curso<\/a><br \/>\n<span style=\"color: #ff0000\"><strong>\u2013 Inscripciones cerradas para este curso \u2013<\/strong><\/span><\/p>\n<p><em><strong>La Edad Media y el Islam: origen, expansi\u00f3n y contactos con la medievalidad <\/strong><strong>occidental<\/strong><\/em><br \/>\n(Martes de 18 a 20 hs)<br \/>\n1, 8, 15 y 22 de abril<br \/>\n<a href=\"https:\/\/drive.google.com\/file\/d\/1Fb1vbSkHEVG-avgmmBqB4mNzzhKva_lf\/view?usp=sharing\" target=\"_blank\" rel=\"noopener\">Programa del curso<\/a><br \/>\n<span style=\"color: #ff0000\"><strong>\u2013 Inscripciones cerradas para este curso \u2013<\/strong><\/span><\/p>\n<p><em><strong>La guerra como fen\u00f3meno social. Una introducci\u00f3n<\/strong><\/em><br \/>\n(Jueves de 9 a 11 hs)<br \/>\n3, 10, 24 de abril y 8 de mayo<br \/>\n<a href=\"https:\/\/drive.google.com\/file\/d\/1jS3To7Qn_FvDlXJ-ua6w7Yb0g7DwtvCH\/view?usp=sharing\" target=\"_blank\" rel=\"noopener\">Programa del curso<\/a><br \/>\n<span style=\"color: #ff0000\"><strong>\u2013 Inscripciones cerradas para este curso \u2013<\/strong><\/span><\/p>\n<p><em><strong>Elementos para entender la historia electoral argentina<\/strong><\/em><br \/>\n(Jueves de 19 a 21 hs)<br \/>\n3, 10, 24 de abril y 8 de mayo<br \/>\n<a href=\"https:\/\/drive.google.com\/file\/d\/1KsIm9k2dvYHKLezIegvsphfoVpeJGJra\/view?usp=sharing\" target=\"_blank\" rel=\"noopener\">Programa del curso<\/a><br \/>\n<span style=\"color: #ff0000\"><strong>\u2013 Inscripciones cerradas para este curso \u2013<\/strong><\/span><\/p>\n<p><em><strong>Vacunas y vacunaci\u00f3n contra la tuberculosis: interrogantes y controversias hist\u00f3ricas e historiogr\u00e1ficas, Argentina en la primera mitad del siglo XX<\/strong><\/em><br \/>\n(Viernes de 10 a 12 hs)<br \/>\n4, 11, 25 de abril y 9 de mayo<br \/>\n<a href=\"https:\/\/drive.google.com\/file\/d\/1AktFh8ZCwpyVqaOyRzwIWFPKVNCRBXI-\/view?usp=sharing\" target=\"_blank\" rel=\"noopener\">Programa del curso<\/a><br \/>\n<span style=\"color: #ff0000\"><strong>\u2013 Inscripciones cerradas para este curso \u2013<\/strong><\/span><\/p>\n<p><strong><em>Identidades y costumbres en transformaci\u00f3n en tiempos de la globalizaci\u00f3n <\/em>temprana (s.XV-XVIII)<\/strong><br \/>\n(Mi\u00e9rcoles de 18,30 a 20,30 hs)<br \/>\n9, 16, 23 y 30 de abril<br \/>\n<a href=\"https:\/\/drive.google.com\/file\/d\/1g4u_3Vh5yllwcDePWvvUa0WGesMO6LDB\/view?usp=sharing\" target=\"_blank\" rel=\"noopener\">Programa del curso<\/a><br \/>\n<span style=\"color: #ff0000\"><strong>\u2013 Inscripciones cerradas para este curso \u2013<\/strong><\/span><\/p>\n<p><em><strong>Revisitando el pasado en la escuela.\u00a0 Los pueblos originarios en el Mal\u00f3n de la Paz: entre invisibilizaci\u00f3n y resistencia<\/strong><\/em><br \/>\n(Martes de 18 a 20 hs)<br \/>\n29 de abril; 6, 13 y 27 de mayo<br \/>\n<a href=\"https:\/\/drive.google.com\/file\/d\/1wYl5U8wOKU52hwGmDZyGxYFAIeWBGlk4\/view?usp=sharing\" target=\"_blank\" rel=\"noopener\">Programa del curso<\/a><br \/>\n<span style=\"color: #ff0000\"><strong>\u2013 Inscripciones cerradas para este curso \u2013<\/strong><\/span><\/p>\n<p><strong><em>Revisitando los relatos escolares. Resistencias en Varsovia a la ocupaci\u00f3n nazi: organizaci\u00f3n comunitaria desde una perspectiva intergeneracional<\/em><\/strong><br \/>\n(Martes de 18 a 20 hs)<br \/>\n29 de abril; 6, 13 y 27 de mayo<br \/>\n<a href=\"https:\/\/drive.google.com\/file\/d\/1QwhIcIU3VlVEmOSFG8ZOx_qnTxxbgxEk\/view?usp=sharing\" target=\"_blank\" rel=\"noopener\">Programa del curso<\/a><br \/>\n<span style=\"color: #ff0000\"><strong>\u2013 Inscripciones cerradas para este curso \u2013<\/strong><\/span><\/p>\n<hr \/>\n<p><strong style=\"font-size: 1.8rem\">MAYO<\/strong><\/p>\n<\/div>\n<p style=\"text-align: center\"><em><strong>Historias e Historiadores del mundo antiguo<\/strong><\/em><br \/>\n(Martes de 11 a 13 hs)<br \/>\n6, 13, 20 y 27 de mayo<br \/>\n<a href=\"https:\/\/drive.google.com\/file\/d\/1DI3qSVl1XWDQdPSsQvES8HnsxZ-TDRRt\/view?usp=sharing\" target=\"_blank\" rel=\"noopener\">Programa del curso<\/a><br \/>\n<span style=\"color: #ff0000\"><strong>\u2013 Inscripciones cerradas para este curso \u2013<\/strong><\/span><\/p>\n<p style=\"text-align: center\"><em><strong>\u00bfC\u00f3mo pensar el rumbo econ\u00f3mico de Argentina? Una reflexi\u00f3n desde la historia econ\u00f3mica.<\/strong><\/em><br \/>\n(Mi\u00e9rcoles de 18 a 20 hs)<br \/>\n7, 14, 21 y 28 de mayo<br \/>\n<a href=\"https:\/\/drive.google.com\/file\/d\/1JbT4i5dbxC-cLOfRJNVajkit6kdZ3h2f\/view?usp=sharing\" target=\"_blank\" rel=\"noopener\">Programa del curso<\/a><br \/>\n<span style=\"color: #ff0000\"><strong>\u2013 Inscripciones cerradas para este curso \u2013<\/strong><\/span><\/p>\n<p style=\"text-align: center\"><em><strong>El grabado en Asia Oriental: El<\/strong> <strong>Tripitaka Coreano y las estampas Ukiyo-e japonesas<\/strong><\/em><br \/>\n(Mi\u00e9rcoles de 18 a 20 hs)<br \/>\n7, 14, 21 y 28 de mayo<br \/>\n<a href=\"https:\/\/drive.google.com\/file\/d\/1-o0eHGSbC0XyUgl6nO36KA1CXPuFonRy\/view?usp=sharing\" target=\"_blank\" rel=\"noopener\">Programa del curso<\/a><br \/>\n<span style=\"color: #ff0000\"><strong>\u2013 Inscripciones cerradas para este curso \u2013<\/strong><\/span><\/p>\n<p style=\"text-align: center\"><em><strong>\u00a1Vamos al campo! Un recorrido por la pampa argentina entre el pasado y el presente<\/strong><\/em><br \/>\n(Mi\u00e9rcoles de 18,30 a 20,30 hs)<br \/>\n7, 14, 21 y 28 de mayo<br \/>\n<a href=\"https:\/\/drive.google.com\/file\/d\/1EtBVlMt63t8-si_GuIlTqZ4RR8xVEGcC\/view?usp=sharing\" target=\"_blank\" rel=\"noopener\">Programa del curso<\/a><br \/>\n<span style=\"color: #ff0000\"><strong>\u2013 Inscripciones cerradas para este curso \u2013<\/strong><\/span><\/p>\n<p style=\"text-align: center\"><em><strong>Procesos de civilizaci\u00f3n y cultura popular<\/strong><\/em><br \/>\n(Jueves de 9 a 11 hs)<br \/>\n8, 15, 22 y 29 de mayo<br \/>\n<a href=\"https:\/\/drive.google.com\/file\/d\/1Rzvcz3Tw5XErgefVgKpo14vgnQcN5Lf1\/view?usp=sharing\" target=\"_blank\" rel=\"noopener\">Programa del curso<\/a><br \/>\n<span style=\"color: #ff0000\"><strong>\u2013 Inscripciones cerradas para este curso \u2013<\/strong><\/span><\/p>\n<p style=\"text-align: center\"><em><strong>El arte egipcio en movimiento. Las interpretaciones de las im\u00e1genes del antiguo Egipto. Paradigmas y estudio de casos<\/strong><\/em><br \/>\n(Jueves de 11 a 13 hs)<br \/>\n8, 15, 22 y 29 de mayo<br \/>\n<a href=\"https:\/\/drive.google.com\/file\/d\/1BxDIlzaKxX60owh2pbUXRQftK9Dy6XlU\/view?usp=sharing\" target=\"_blank\" rel=\"noopener\">Programa del curso<\/a><br \/>\n<span style=\"color: #ff0000\"><strong>\u2013 Inscripciones cerradas para este curso \u2013<\/strong><\/span><\/p>\n<hr \/>\n<p style=\"text-align: center\"><strong>JUNIO<\/strong><\/p>\n<p style=\"text-align: center\"><em><strong>La historiofot\u00eda fara\u00f3nica: an\u00e1lisis de la representaci\u00f3n de lo egipcio en el cine p\u00e9- plum y de terror en la primera mitad del siglo XX<\/strong><\/em><br \/>\n(Jueves de 16 a 18 hs)<br \/>\n5, 12, 19 y 26 de junio<br \/>\n<a href=\"https:\/\/drive.google.com\/file\/d\/1sjCxs8cLx-kItmXYhG1BP9sne0nwogJW\/view?usp=sharing\" target=\"_blank\" rel=\"noopener\">Programa del curso<\/a><br \/>\n<span style=\"color: #ff0000\"><strong>\u2013 Inscripciones cerradas para este curso \u2013<\/strong><\/span><\/p>\n<p style=\"text-align: center\"><em><strong>Una herencia para mil a\u00f1os. El rey<\/strong><\/em><strong> Sejong el Grande, la afirmaci\u00f3n de la dinast\u00eda Joseon y el Hangeul o alfabeto coreano<\/strong><br \/>\n(Jueves de 18 a 20 hs)<br \/>\n5, 12, 19 y 26 de junio<br \/>\n<a href=\"https:\/\/drive.google.com\/file\/d\/1LY2mBnwlWKBg6jHYjKebdXCnFo98_AwI\/view?usp=sharing\" target=\"_blank\" rel=\"noopener\">Programa del curso<\/a><br \/>\n<span style=\"color: #ff0000\"><strong>\u2013 Inscripciones cerradas para este curso \u2013<\/strong><\/span><\/p>\n<p style=\"text-align: center\"><em><strong>El movimiento anarquista en Argentina entre los siglos XIX y XXI. Debates historiogr\u00e1ficos y estudios de caso<\/strong><\/em><br \/>\n(Viernes 18 a 20 hs)<br \/>\n6, 13, 27 de junio; 4 de julio<br \/>\n<a href=\"https:\/\/drive.google.com\/file\/d\/1ORRWESN0UqMeau8HvQcqJmVP-3tyS0m9\/view?usp=sharing\" target=\"_blank\" rel=\"noopener\">Programa del curso<\/a><br \/>\n<span style=\"color: #ff0000\"><strong>\u2013 Inscripciones cerradas para este curso \u2013<\/strong><\/span><\/p>\n<p style=\"text-align: center\"><strong><em>Fronteras de tierra adentro. Derroteros de los grupos ind\u00edgenas del Calchaqu\u00ed, Chaco y Mamuellmapu en perspectiva hist\u00f3rica<\/em><\/strong><br \/>\n(Jueves de 18 a 20 hs)<br \/>\n19, 26 de junio; 3 y 10 de julio<br \/>\n<a href=\"https:\/\/drive.google.com\/file\/d\/1XMK9hEXKSDChPvHIc1lCm_lI1NrlgNc9\/view?usp=sharing\" target=\"_blank\" rel=\"noopener\">Programa del curso<\/a><br \/>\n<span style=\"color: #ff0000\"><strong>\u2013 Inscripciones cerradas para este curso \u2013<\/strong><\/span><\/p>\n<\/section>\n<section id=\"h.7c373a575dfe138b_0\" class=\"yaqOZd WxWicb\">\n<div class=\"IFuOkc\" style=\"text-align: center\">\n<hr \/>\n<section id=\"h.7c373a575dfe138b_0\" class=\"yaqOZd WxWicb\">\n<div class=\"IFuOkc\" style=\"text-align: center\">\n<div class=\"su-button-center\"><a href=\"https:\/\/forms.gle\/9yaLEuTz7bAJ7wxd6\" class=\"su-button su-button-style-soft\" style=\"color:#454545;background-color:#ed8523;border-color:#be6b1c;border-radius:45px\" target=\"_blank\" rel=\"noopener noreferrer\"><span style=\"color:#454545;padding:7px 22px;font-size:17px;line-height:26px;border-color:#f3aa65;border-radius:45px;text-shadow:none\"><i class=\"sui sui-pencil\" style=\"font-size:17px;color:#454545\"><\/i> <strong>LINK a Formulario de inscripci\u00f3n a Cursos de Verano \/ Oto\u00f1o 2025<\/strong><\/span><\/a><\/div>\n<section id=\"h.7c373a575dfe138b_0\" class=\"yaqOZd WxWicb\">\n<div class=\"IFuOkc\">\n<hr \/>\n<\/div>\n<\/section>\n<p><em>M\u00e1s informaci\u00f3n:<br \/>\n<\/em>Equipo coordinador de los cursos Historias de Verano &#8211; Oto\u00f1o<br \/>\n<a href=\"mailto:conhistoria@ffyh.unc.edu.ar\">conhistoria@ffyh.unc.edu.ar<\/a><\/p>\n<p>Secretar\u00eda T\u00e9cnica de la Escuela de Historia, FFyH, UNC<br \/>\n<a href=\"mailto:historia@ffyh.unc.edu.ar\" target=\"_blank\" rel=\"noopener\">historia@ffyh.unc.edu.ar<\/a><\/p>\n<p><em>\u00bfTe interesa conocer m\u00e1s acerca de la Escuela de Historia?<\/em><br \/>\nVisit\u00e1 nuestro <a href=\"https:\/\/ffyh.unc.edu.ar\/historia\/\" target=\"_blank\" rel=\"noopener\">sitio institucional ffyh.unc.edu.ar\/historia<\/a> y nuestra memoria fotogr\u00e1fica, <a href=\"https:\/\/ffyh.unc.edu.ar\/historia\/pixeles\/\" target=\"_blank\" rel=\"noopener\"><strong><em>Historia en pixeles<\/em><\/strong><\/a>.<\/p>\n<p><em>Canales de difusi\u00f3n:<\/em><br \/>\n<strong>Facebook<\/strong>: <a href=\"https:\/\/www.facebook.com\/historiaunc\/\" target=\"_blank\" rel=\"noreferrer noopener\">\/historiaunc<\/a><br \/>\n<strong>Instagram<\/strong>: <a href=\"https:\/\/www.instagram.com\/historiaunc\/\" target=\"_blank\" rel=\"noreferrer noopener\">\/historiaunc<\/a><br \/>\n<strong>Youtube<\/strong>: <a href=\"http:\/\/youtube.com\/historiaunc\" target=\"_blank\" rel=\"noreferrer noopener\" data-type=\"URL\" data-id=\"http:\/\/youtube.com\/historiaunc\">\/historiaunc<\/a><\/p>\n<\/div>\n<\/section>\n<\/div>\n<\/section>\n","protected":false},"excerpt":{"rendered":"<p>Historias de Verano \/ Historias de Oto\u00f1o 2025 Cursos de Historia para Adultos Mayores La Escuela de Historia y la Secretar\u00eda de Extensi\u00f3n de la Facultad de Filosof\u00eda y Humanidades proponen cursos de extensi\u00f3n sobre temas hist\u00f3ricos para adultos mayores, con el objeto de fomentar el di\u00e1logo de saberes y la divulgaci\u00f3n social del conocimiento&#8230; <\/p>\n<div class=\"link-more\"><a href=\"https:\/\/ffyh.unc.edu.ar\/historia\/extension-historia\/historias-de-verano-otono-2025\/\">Lea m\u00e1s<\/a><\/div>\n","protected":false},"author":34,"featured_media":0,"parent":3485,"menu_order":7,"comment_status":"closed","ping_status":"closed","template":"","meta":{"_acf_changed":false,"_monsterinsights_skip_tracking":false,"_monsterinsights_sitenote_active":false,"_monsterinsights_sitenote_note":"","_monsterinsights_sitenote_category":0,"footnotes":""},"class_list":["post-6664","page","type-page","status-publish","hentry"],"acf":[],"jetpack_sharing_enabled":true,"_links":{"self":[{"href":"https:\/\/ffyh.unc.edu.ar\/historia\/wp-json\/wp\/v2\/pages\/6664","targetHints":{"allow":["GET"]}}],"collection":[{"href":"https:\/\/ffyh.unc.edu.ar\/historia\/wp-json\/wp\/v2\/pages"}],"about":[{"href":"https:\/\/ffyh.unc.edu.ar\/historia\/wp-json\/wp\/v2\/types\/page"}],"author":[{"embeddable":true,"href":"https:\/\/ffyh.unc.edu.ar\/historia\/wp-json\/wp\/v2\/users\/34"}],"replies":[{"embeddable":true,"href":"https:\/\/ffyh.unc.edu.ar\/historia\/wp-json\/wp\/v2\/comments?post=6664"}],"version-history":[{"count":1,"href":"https:\/\/ffyh.unc.edu.ar\/historia\/wp-json\/wp\/v2\/pages\/6664\/revisions"}],"predecessor-version":[{"id":6665,"href":"https:\/\/ffyh.unc.edu.ar\/historia\/wp-json\/wp\/v2\/pages\/6664\/revisions\/6665"}],"up":[{"embeddable":true,"href":"https:\/\/ffyh.unc.edu.ar\/historia\/wp-json\/wp\/v2\/pages\/3485"}],"wp:attachment":[{"href":"https:\/\/ffyh.unc.edu.ar\/historia\/wp-json\/wp\/v2\/media?parent=6664"}],"curies":[{"name":"wp","href":"https:\/\/api.w.org\/{rel}","templated":true}]}}