{"id":6794,"date":"2026-02-05T21:32:33","date_gmt":"2026-02-05T21:32:33","guid":{"rendered":"https:\/\/ffyh.unc.edu.ar\/historia\/?page_id=6794"},"modified":"2026-02-05T22:14:56","modified_gmt":"2026-02-05T22:14:56","slug":"victoria-chabrando","status":"publish","type":"page","link":"https:\/\/ffyh.unc.edu.ar\/historia\/nuestrxs-docentes\/victoria-chabrando\/","title":{"rendered":"Victoria Chabrando"},"content":{"rendered":"<table style=\"border-collapse: collapse;width: 100%\">\n<tbody>\n<tr>\n<td colspan=\"2\">\n<p style=\"text-align: justify\"><img data-recalc-dims=\"1\" decoding=\"async\" data-attachment-id=\"6815\" data-permalink=\"https:\/\/ffyh.unc.edu.ar\/historia\/nuestrxs-docentes\/victoria-chabrando\/fotochabrando\/\" data-orig-file=\"https:\/\/i0.wp.com\/ffyh.unc.edu.ar\/historia\/wp-content\/uploads\/sites\/37\/2026\/02\/fotoChabrando-e1770329631779.jpg?fit=2357%2C2357&amp;ssl=1\" data-orig-size=\"2357,2357\" data-comments-opened=\"0\" data-image-meta=\"{&quot;aperture&quot;:&quot;1.8&quot;,&quot;credit&quot;:&quot;&quot;,&quot;camera&quot;:&quot;Galaxy A36 5G&quot;,&quot;caption&quot;:&quot;&quot;,&quot;created_timestamp&quot;:&quot;1753813786&quot;,&quot;copyright&quot;:&quot;&quot;,&quot;focal_length&quot;:&quot;3.3&quot;,&quot;iso&quot;:&quot;1000&quot;,&quot;shutter_speed&quot;:&quot;0.05&quot;,&quot;title&quot;:&quot;&quot;,&quot;orientation&quot;:&quot;1&quot;}\" data-image-title=\"fotoChabrando\" data-image-description=\"\" data-image-caption=\"\" data-medium-file=\"https:\/\/i0.wp.com\/ffyh.unc.edu.ar\/historia\/wp-content\/uploads\/sites\/37\/2026\/02\/fotoChabrando-e1770329631779.jpg?fit=300%2C300&amp;ssl=1\" data-large-file=\"https:\/\/i0.wp.com\/ffyh.unc.edu.ar\/historia\/wp-content\/uploads\/sites\/37\/2026\/02\/fotoChabrando-e1770329631779.jpg?fit=1000%2C1000&amp;ssl=1\" class=\"alignleft wp-image-6815 size-thumbnail\" src=\"https:\/\/i0.wp.com\/ffyh.unc.edu.ar\/historia\/wp-content\/uploads\/sites\/37\/2026\/02\/fotoChabrando-e1770329631779-150x150.jpg?resize=150%2C150\" alt=\"\" width=\"150\" height=\"150\" srcset=\"https:\/\/i0.wp.com\/ffyh.unc.edu.ar\/historia\/wp-content\/uploads\/sites\/37\/2026\/02\/fotoChabrando-e1770329631779.jpg?resize=150%2C150&amp;ssl=1 150w, https:\/\/i0.wp.com\/ffyh.unc.edu.ar\/historia\/wp-content\/uploads\/sites\/37\/2026\/02\/fotoChabrando-e1770329631779.jpg?resize=300%2C300&amp;ssl=1 300w, https:\/\/i0.wp.com\/ffyh.unc.edu.ar\/historia\/wp-content\/uploads\/sites\/37\/2026\/02\/fotoChabrando-e1770329631779.jpg?resize=1024%2C1024&amp;ssl=1 1024w, https:\/\/i0.wp.com\/ffyh.unc.edu.ar\/historia\/wp-content\/uploads\/sites\/37\/2026\/02\/fotoChabrando-e1770329631779.jpg?resize=768%2C768&amp;ssl=1 768w, https:\/\/i0.wp.com\/ffyh.unc.edu.ar\/historia\/wp-content\/uploads\/sites\/37\/2026\/02\/fotoChabrando-e1770329631779.jpg?resize=1536%2C1536&amp;ssl=1 1536w, https:\/\/i0.wp.com\/ffyh.unc.edu.ar\/historia\/wp-content\/uploads\/sites\/37\/2026\/02\/fotoChabrando-e1770329631779.jpg?resize=2048%2C2048&amp;ssl=1 2048w\" sizes=\"(max-width: 150px) 100vw, 150px\" \/>Profesora Asistente en el Curso de Nivelaci\u00f3n de las carreras del Profesorado y la Licenciatura en Historia y trabajadora en el \u00e1rea de investigaci\u00f3n del Archivo Provincial de la Memoria.<\/p>\n<p style=\"text-align: justify\">Licenciada en Historia. Diplomada en Derechos Humanos y Especialista en Derechos Humanos con menci\u00f3n en Movimientos Sociales. Se interesa por la docencia, investigaci\u00f3n y extensi\u00f3n de la Historia Reciente, la Historia P\u00fablica y la vinculaci\u00f3n entre la Historia y los Archivos. Su tema de investigaci\u00f3n doctoral focaliza en el an\u00e1lisis sobre la pol\u00edtica universitaria y las trayectorias militantes en la Universidad Nacional de C\u00f3rdoba durante la \u00faltima dictadura y la democratizaci\u00f3n. Es miembro del equipo de Historia P\u00fablica:\u00a0 \u201cTranshist\u00f3rica. Debates e intervenciones de historia p\u00fablica\u00bb radicado en el Centro de Investigaciones de la FFyH e integra el equipo de investigaci\u00f3n \u00abEstudios de Historia Reciente\u00bb en el Centro de Estudios Avanzados de la UNC.<\/p>\n<p style=\"text-align: justify\">Particip\u00f3 como directora del Programa de Derechos Humanos de la Facultad de Filosof\u00eda y Humanidades entre 2022-2025, fue co-coordinadora del proyecto institucional \u00abMemorias en Com\u00fan\u00bb de la Escuela de Historia y miembro del consejo consultivo del Programa de Derechos Humanos de la Facultad entre 2018-2021.<\/p>\n<\/td>\n<\/tr>\n<tr>\n<td style=\"width: 25%\" colspan=\"2\">Contacto: <a href=\"mailto:victoriachabrando@gmail.com\"><span style=\"text-decoration: underline\"><span class=\"gI\"><span class=\"qu yKyxu\" role=\"gridcell\"><span class=\"go\">victoriachabrando@gmail.com<\/span><\/span><\/span><\/span><\/a><\/td>\n<\/tr>\n<\/tbody>\n<\/table>\n","protected":false},"excerpt":{"rendered":"<p>Profesora Asistente en el Curso de Nivelaci\u00f3n de las carreras del Profesorado y la Licenciatura en Historia y trabajadora en el \u00e1rea de investigaci\u00f3n del Archivo Provincial de la Memoria. Licenciada en Historia. Diplomada en Derechos Humanos y Especialista en Derechos Humanos con menci\u00f3n en Movimientos Sociales. Se interesa por la docencia, investigaci\u00f3n y extensi\u00f3n&#8230; <\/p>\n<div class=\"link-more\"><a href=\"https:\/\/ffyh.unc.edu.ar\/historia\/nuestrxs-docentes\/victoria-chabrando\/\">Lea m\u00e1s<\/a><\/div>\n","protected":false},"author":34,"featured_media":0,"parent":4089,"menu_order":0,"comment_status":"closed","ping_status":"closed","template":"","meta":{"_acf_changed":false,"_monsterinsights_skip_tracking":false,"_monsterinsights_sitenote_active":false,"_monsterinsights_sitenote_note":"","_monsterinsights_sitenote_category":0,"footnotes":""},"class_list":["post-6794","page","type-page","status-publish","hentry"],"acf":[],"jetpack_sharing_enabled":true,"_links":{"self":[{"href":"https:\/\/ffyh.unc.edu.ar\/historia\/wp-json\/wp\/v2\/pages\/6794","targetHints":{"allow":["GET"]}}],"collection":[{"href":"https:\/\/ffyh.unc.edu.ar\/historia\/wp-json\/wp\/v2\/pages"}],"about":[{"href":"https:\/\/ffyh.unc.edu.ar\/historia\/wp-json\/wp\/v2\/types\/page"}],"author":[{"embeddable":true,"href":"https:\/\/ffyh.unc.edu.ar\/historia\/wp-json\/wp\/v2\/users\/34"}],"replies":[{"embeddable":true,"href":"https:\/\/ffyh.unc.edu.ar\/historia\/wp-json\/wp\/v2\/comments?post=6794"}],"version-history":[{"count":3,"href":"https:\/\/ffyh.unc.edu.ar\/historia\/wp-json\/wp\/v2\/pages\/6794\/revisions"}],"predecessor-version":[{"id":6816,"href":"https:\/\/ffyh.unc.edu.ar\/historia\/wp-json\/wp\/v2\/pages\/6794\/revisions\/6816"}],"up":[{"embeddable":true,"href":"https:\/\/ffyh.unc.edu.ar\/historia\/wp-json\/wp\/v2\/pages\/4089"}],"wp:attachment":[{"href":"https:\/\/ffyh.unc.edu.ar\/historia\/wp-json\/wp\/v2\/media?parent=6794"}],"curies":[{"name":"wp","href":"https:\/\/api.w.org\/{rel}","templated":true}]}}