{"id":46,"date":"2014-04-14T16:42:11","date_gmt":"2014-04-14T16:42:11","guid":{"rendered":"http:\/\/www.ffyh.unc.edu.ar\/lasofiacartonera\/?page_id=46"},"modified":"2014-04-14T16:42:11","modified_gmt":"2014-04-14T16:42:11","slug":"silvio-mattoni","status":"publish","type":"page","link":"https:\/\/ffyh.unc.edu.ar\/lasofiacartonera\/autores\/silvio-mattoni\/","title":{"rendered":"Silvio Mattoni"},"content":{"rendered":"<p><b>Silvio Mattoni<\/b> naci\u00f3 en C\u00f3rdoba en 1969. Public\u00f3 los libros de poemas El bizantino (1994), Tres poemas dram\u00e1ticos (1995), Sagitario (1998), Can\u00e9foras (2000), El pa\u00eds de las larvas (2001), Hilos (2002), El paseo (2003), Poemas sentimentales (2005), Excursiones (2006), El descuido (2007), La divisi\u00f3n del d\u00eda. Poemas 1992-2000 (2008) y La chica del volc\u00e1n (2010). Algunos de sus numerosos ensayos se reunieron en Kor\u00e9 (2000), El cuenco de plata (2003), El presente (2008) y Bataille. Una introducci\u00f3n (2011). En 1992 gan\u00f3 el concurso de poes\u00eda Enrique Pezzoni. En el a\u00f1o 2004 obtuvo la beca Guggenheim. Da clases de Est\u00e9tica en la Universidad de C\u00f3rdoba. Tradujo libros de Catulo, Cesare Pavese, Yves Bonnefoy, Louis-Ren\u00e9 des F\u00f4rets, Marguerite Duras, Georges Bataille, Simone Weil, Henri Michaux, Francis Ponge, Robert Marteau y Pascal Quignard, entre otros.<\/p>\n","protected":false},"excerpt":{"rendered":"<p>Silvio Mattoni naci\u00f3 en C\u00f3rdoba en 1969. Public\u00f3 los libros de poemas El bizantino (1994), Tres poemas dram\u00e1ticos (1995), Sagitario (1998), Can\u00e9foras (2000), El pa\u00eds de las larvas (2001), Hilos (2002), El paseo (2003), Poemas sentimentales (2005), Excursiones (2006), El descuido (2007), La divisi\u00f3n del d\u00eda. Poemas 1992-2000 (2008) y La chica del volc\u00e1n (2010). &hellip; <\/p>\n<p><a class=\"more-link btn\" href=\"https:\/\/ffyh.unc.edu.ar\/lasofiacartonera\/autores\/silvio-mattoni\/\">Seguir leyendo<\/a><\/p>\n","protected":false},"author":1,"featured_media":0,"parent":10,"menu_order":0,"comment_status":"closed","ping_status":"open","template":"","meta":{"_acf_changed":false,"footnotes":""},"class_list":["post-46","page","type-page","status-publish","hentry","nodate","item-wrap"],"acf":[],"_links":{"self":[{"href":"https:\/\/ffyh.unc.edu.ar\/lasofiacartonera\/wp-json\/wp\/v2\/pages\/46","targetHints":{"allow":["GET"]}}],"collection":[{"href":"https:\/\/ffyh.unc.edu.ar\/lasofiacartonera\/wp-json\/wp\/v2\/pages"}],"about":[{"href":"https:\/\/ffyh.unc.edu.ar\/lasofiacartonera\/wp-json\/wp\/v2\/types\/page"}],"author":[{"embeddable":true,"href":"https:\/\/ffyh.unc.edu.ar\/lasofiacartonera\/wp-json\/wp\/v2\/users\/1"}],"replies":[{"embeddable":true,"href":"https:\/\/ffyh.unc.edu.ar\/lasofiacartonera\/wp-json\/wp\/v2\/comments?post=46"}],"version-history":[{"count":0,"href":"https:\/\/ffyh.unc.edu.ar\/lasofiacartonera\/wp-json\/wp\/v2\/pages\/46\/revisions"}],"up":[{"embeddable":true,"href":"https:\/\/ffyh.unc.edu.ar\/lasofiacartonera\/wp-json\/wp\/v2\/pages\/10"}],"wp:attachment":[{"href":"https:\/\/ffyh.unc.edu.ar\/lasofiacartonera\/wp-json\/wp\/v2\/media?parent=46"}],"curies":[{"name":"wp","href":"https:\/\/api.w.org\/{rel}","templated":true}]}}