{"id":48,"date":"2014-04-14T16:42:35","date_gmt":"2014-04-14T16:42:35","guid":{"rendered":"http:\/\/www.ffyh.unc.edu.ar\/lasofiacartonera\/?page_id=48"},"modified":"2014-04-14T16:42:35","modified_gmt":"2014-04-14T16:42:35","slug":"washington-cucurto","status":"publish","type":"page","link":"https:\/\/ffyh.unc.edu.ar\/lasofiacartonera\/autores\/washington-cucurto\/","title":{"rendered":"Washington Cucurto"},"content":{"rendered":"<p><b>Washington Cucurto <\/b>naci\u00f3 en Quilmes, provincia de Buenos Aires en 1973. Public\u00f3, entre otros libros, <i>Zelaray\u00e1n <\/i>(1998), <i>La m\u00e1quina de hacer paraguayitos <\/i>(1999), <i>Veinte pungas contra un pasajero <\/i>(2003), <i>Hatuchay <\/i>(2005), <i>Como un paraguayo ebrio y celoso de su hermana <\/i>(2005), <i>1999, mucha poes\u00eda <\/i>(2007), <i>Cosa de negros <\/i>(2003), <i>Fer <\/i>(2003), <i>Panamb\u00ed <\/i>(2004), <i>Las aventuras del Sr. Ma\u00edz <\/i>(2005), <i>El curandero del amor <\/i>(2006), <i>1810, la revoluci\u00f3n vivida por los negros <\/i>(2008) y <i>Sexybondi <\/i>(2011).<\/p>\n","protected":false},"excerpt":{"rendered":"<p>Washington Cucurto naci\u00f3 en Quilmes, provincia de Buenos Aires en 1973. Public\u00f3, entre otros libros, Zelaray\u00e1n (1998), La m\u00e1quina de hacer paraguayitos (1999), Veinte pungas contra un pasajero (2003), Hatuchay (2005), Como un paraguayo ebrio y celoso de su hermana (2005), 1999, mucha poes\u00eda (2007), Cosa de negros (2003), Fer (2003), Panamb\u00ed (2004), Las aventuras &hellip; <\/p>\n<p><a class=\"more-link btn\" href=\"https:\/\/ffyh.unc.edu.ar\/lasofiacartonera\/autores\/washington-cucurto\/\">Seguir leyendo<\/a><\/p>\n","protected":false},"author":1,"featured_media":0,"parent":10,"menu_order":0,"comment_status":"closed","ping_status":"open","template":"","meta":{"_acf_changed":false,"footnotes":""},"class_list":["post-48","page","type-page","status-publish","hentry","nodate","item-wrap"],"acf":[],"_links":{"self":[{"href":"https:\/\/ffyh.unc.edu.ar\/lasofiacartonera\/wp-json\/wp\/v2\/pages\/48","targetHints":{"allow":["GET"]}}],"collection":[{"href":"https:\/\/ffyh.unc.edu.ar\/lasofiacartonera\/wp-json\/wp\/v2\/pages"}],"about":[{"href":"https:\/\/ffyh.unc.edu.ar\/lasofiacartonera\/wp-json\/wp\/v2\/types\/page"}],"author":[{"embeddable":true,"href":"https:\/\/ffyh.unc.edu.ar\/lasofiacartonera\/wp-json\/wp\/v2\/users\/1"}],"replies":[{"embeddable":true,"href":"https:\/\/ffyh.unc.edu.ar\/lasofiacartonera\/wp-json\/wp\/v2\/comments?post=48"}],"version-history":[{"count":0,"href":"https:\/\/ffyh.unc.edu.ar\/lasofiacartonera\/wp-json\/wp\/v2\/pages\/48\/revisions"}],"up":[{"embeddable":true,"href":"https:\/\/ffyh.unc.edu.ar\/lasofiacartonera\/wp-json\/wp\/v2\/pages\/10"}],"wp:attachment":[{"href":"https:\/\/ffyh.unc.edu.ar\/lasofiacartonera\/wp-json\/wp\/v2\/media?parent=48"}],"curies":[{"name":"wp","href":"https:\/\/api.w.org\/{rel}","templated":true}]}}