{"id":50,"date":"2014-04-14T16:43:23","date_gmt":"2014-04-14T16:43:23","guid":{"rendered":"http:\/\/www.ffyh.unc.edu.ar\/lasofiacartonera\/?page_id=50"},"modified":"2014-04-14T16:43:23","modified_gmt":"2014-04-14T16:43:23","slug":"cuqui","status":"publish","type":"page","link":"https:\/\/ffyh.unc.edu.ar\/lasofiacartonera\/autores\/cuqui\/","title":{"rendered":"Cuqui"},"content":{"rendered":"<p><b>Cuqui <\/b>naci\u00f3 en C\u00f3rdoba, Argentina, el 27 de junio en 1977. Escritora, artista visual, vestuarista de teatro y tarotista. Tambi\u00e9n analiza \u00e1rboles geneal\u00f3gicos. Escribe poes\u00eda bajo los heter\u00f3nimos Natsuki Miyoshi (Babel edit\u00f3 su <i>Poes\u00eda completa <\/i>en 2012) y Karen Smith (Tintadenegros editar\u00e1 <i>He said the last word in a car <\/i>a fin de a\u00f1o). Public\u00f3, entre otros libros, <i>Cuando explota un globo <\/i>(1999), <i>Lavados vaginales <\/i>(2003), <i>Naranja, verde, amarillo\/naranja, verde, rojo <\/i>(2002), <i>Actriz de reparto <\/i>(2004), <i>Masturbaci\u00f3n <\/i>(2005), <i>Fruta fermentada <\/i>(2006).<\/p>\n","protected":false},"excerpt":{"rendered":"<p>Cuqui naci\u00f3 en C\u00f3rdoba, Argentina, el 27 de junio en 1977. Escritora, artista visual, vestuarista de teatro y tarotista. Tambi\u00e9n analiza \u00e1rboles geneal\u00f3gicos. Escribe poes\u00eda bajo los heter\u00f3nimos Natsuki Miyoshi (Babel edit\u00f3 su Poes\u00eda completa en 2012) y Karen Smith (Tintadenegros editar\u00e1 He said the last word in a car a fin de a\u00f1o). Public\u00f3, &hellip; <\/p>\n<p><a class=\"more-link btn\" href=\"https:\/\/ffyh.unc.edu.ar\/lasofiacartonera\/autores\/cuqui\/\">Seguir leyendo<\/a><\/p>\n","protected":false},"author":1,"featured_media":0,"parent":10,"menu_order":0,"comment_status":"closed","ping_status":"open","template":"","meta":{"_acf_changed":false,"footnotes":""},"class_list":["post-50","page","type-page","status-publish","hentry","nodate","item-wrap"],"acf":[],"_links":{"self":[{"href":"https:\/\/ffyh.unc.edu.ar\/lasofiacartonera\/wp-json\/wp\/v2\/pages\/50","targetHints":{"allow":["GET"]}}],"collection":[{"href":"https:\/\/ffyh.unc.edu.ar\/lasofiacartonera\/wp-json\/wp\/v2\/pages"}],"about":[{"href":"https:\/\/ffyh.unc.edu.ar\/lasofiacartonera\/wp-json\/wp\/v2\/types\/page"}],"author":[{"embeddable":true,"href":"https:\/\/ffyh.unc.edu.ar\/lasofiacartonera\/wp-json\/wp\/v2\/users\/1"}],"replies":[{"embeddable":true,"href":"https:\/\/ffyh.unc.edu.ar\/lasofiacartonera\/wp-json\/wp\/v2\/comments?post=50"}],"version-history":[{"count":0,"href":"https:\/\/ffyh.unc.edu.ar\/lasofiacartonera\/wp-json\/wp\/v2\/pages\/50\/revisions"}],"up":[{"embeddable":true,"href":"https:\/\/ffyh.unc.edu.ar\/lasofiacartonera\/wp-json\/wp\/v2\/pages\/10"}],"wp:attachment":[{"href":"https:\/\/ffyh.unc.edu.ar\/lasofiacartonera\/wp-json\/wp\/v2\/media?parent=50"}],"curies":[{"name":"wp","href":"https:\/\/api.w.org\/{rel}","templated":true}]}}