{"id":65,"date":"2014-04-14T16:49:41","date_gmt":"2014-04-14T16:49:41","guid":{"rendered":"http:\/\/www.ffyh.unc.edu.ar\/lasofiacartonera\/?page_id=65"},"modified":"2014-04-14T16:49:41","modified_gmt":"2014-04-14T16:49:41","slug":"coleccion-infato-juvenil","status":"publish","type":"page","link":"https:\/\/ffyh.unc.edu.ar\/lasofiacartonera\/catalogo\/coleccion-infato-juvenil\/","title":{"rendered":"Colecci\u00f3n Infato Juvenil"},"content":{"rendered":"<p><b><i>Por ac\u00e1, ac\u00e9rquese<\/i><\/b> de Laura Escudero<\/p>\n<p><b><i>Cuatro Cosmo Cuentos<\/i><\/b> de Pablo Natale<\/p>\n<p><b><i>Desde Adentro<\/i><\/b> de Susana G\u00f3mez y Delia Galar\u00e1<\/p>\n","protected":false},"excerpt":{"rendered":"<p>Por ac\u00e1, ac\u00e9rquese de Laura Escudero Cuatro Cosmo Cuentos de Pablo Natale Desde Adentro de Susana G\u00f3mez y Delia Galar\u00e1<\/p>\n","protected":false},"author":1,"featured_media":0,"parent":8,"menu_order":0,"comment_status":"closed","ping_status":"open","template":"","meta":{"_acf_changed":false,"footnotes":""},"class_list":["post-65","page","type-page","status-publish","hentry","nodate","item-wrap"],"acf":[],"_links":{"self":[{"href":"https:\/\/ffyh.unc.edu.ar\/lasofiacartonera\/wp-json\/wp\/v2\/pages\/65","targetHints":{"allow":["GET"]}}],"collection":[{"href":"https:\/\/ffyh.unc.edu.ar\/lasofiacartonera\/wp-json\/wp\/v2\/pages"}],"about":[{"href":"https:\/\/ffyh.unc.edu.ar\/lasofiacartonera\/wp-json\/wp\/v2\/types\/page"}],"author":[{"embeddable":true,"href":"https:\/\/ffyh.unc.edu.ar\/lasofiacartonera\/wp-json\/wp\/v2\/users\/1"}],"replies":[{"embeddable":true,"href":"https:\/\/ffyh.unc.edu.ar\/lasofiacartonera\/wp-json\/wp\/v2\/comments?post=65"}],"version-history":[{"count":0,"href":"https:\/\/ffyh.unc.edu.ar\/lasofiacartonera\/wp-json\/wp\/v2\/pages\/65\/revisions"}],"up":[{"embeddable":true,"href":"https:\/\/ffyh.unc.edu.ar\/lasofiacartonera\/wp-json\/wp\/v2\/pages\/8"}],"wp:attachment":[{"href":"https:\/\/ffyh.unc.edu.ar\/lasofiacartonera\/wp-json\/wp\/v2\/media?parent=65"}],"curies":[{"name":"wp","href":"https:\/\/api.w.org\/{rel}","templated":true}]}}