{"id":18,"date":"2012-03-15T18:48:13","date_gmt":"2012-03-15T18:48:13","guid":{"rendered":"http:\/\/www.ffyh.unc.edu.ar\/alfilo\/libros-prohibidos\/?page_id=18"},"modified":"2012-03-15T18:48:13","modified_gmt":"2012-03-15T18:48:13","slug":"galeria-de-obras-prohibidas","status":"publish","type":"page","link":"https:\/\/ffyh.unc.edu.ar\/libros-prohibidos\/galeria-de-obras-prohibidas\/","title":{"rendered":"Galer\u00eda de obras prohibidas"},"content":{"rendered":"<p>Las tapas de estas publicaciones fueron recopiladas por la c\u00e1tedra <strong>Procesos T\u00e9cnicos I<\/strong>\u00a0de la Escuela de Bibliotecolog\u00eda de la FFyH para el Mural \u00ab<strong>Libros Prohibidos durante la Dictadura Militar<\/strong>\u00bb exhibido en la Biblioteca de la Facultad de Filosof\u00eda y Humanidades para las actividades conmemorativas de los 35 a\u00f1os del golpe militar de 1976 y en la Biblioteca C\u00f3rdoba durante la Feria del Libro C\u00f3rdoba en 2011.<\/p>\n<p><em>\u00a0Nota: Haga click sobre las flechas para pasar las im\u00e1genes.<\/em><\/p>\n","protected":false},"excerpt":{"rendered":"<p>Las tapas de estas publicaciones fueron recopiladas por la c\u00e1tedra Procesos T\u00e9cnicos I\u00a0de la Escuela de Bibliotecolog\u00eda de la FFyH para el Mural \u00abLibros Prohibidos durante la Dictadura Militar\u00bb exhibido en la Biblioteca de la Facultad de Filosof\u00eda y Humanidades para las actividades conmemorativas de los 35 a\u00f1os del golpe militar de 1976 y en &hellip; <\/p>\n<p><a class=\"more-link btn\" href=\"https:\/\/ffyh.unc.edu.ar\/libros-prohibidos\/galeria-de-obras-prohibidas\/\">Seguir leyendo<\/a><\/p>\n","protected":false},"author":1,"featured_media":0,"parent":0,"menu_order":6,"comment_status":"open","ping_status":"open","template":"","meta":{"_acf_changed":false,"footnotes":""},"class_list":["post-18","page","type-page","status-publish","hentry","nodate","item-wrap"],"acf":[],"_links":{"self":[{"href":"https:\/\/ffyh.unc.edu.ar\/libros-prohibidos\/wp-json\/wp\/v2\/pages\/18","targetHints":{"allow":["GET"]}}],"collection":[{"href":"https:\/\/ffyh.unc.edu.ar\/libros-prohibidos\/wp-json\/wp\/v2\/pages"}],"about":[{"href":"https:\/\/ffyh.unc.edu.ar\/libros-prohibidos\/wp-json\/wp\/v2\/types\/page"}],"author":[{"embeddable":true,"href":"https:\/\/ffyh.unc.edu.ar\/libros-prohibidos\/wp-json\/wp\/v2\/users\/1"}],"replies":[{"embeddable":true,"href":"https:\/\/ffyh.unc.edu.ar\/libros-prohibidos\/wp-json\/wp\/v2\/comments?post=18"}],"version-history":[{"count":0,"href":"https:\/\/ffyh.unc.edu.ar\/libros-prohibidos\/wp-json\/wp\/v2\/pages\/18\/revisions"}],"wp:attachment":[{"href":"https:\/\/ffyh.unc.edu.ar\/libros-prohibidos\/wp-json\/wp\/v2\/media?parent=18"}],"curies":[{"name":"wp","href":"https:\/\/api.w.org\/{rel}","templated":true}]}}