{"id":268,"date":"2017-07-19T15:47:34","date_gmt":"2017-07-19T15:47:34","guid":{"rendered":"http:\/\/www.ffyh.unc.edu.ar\/lo-imposible\/?page_id=268"},"modified":"2017-08-23T22:08:23","modified_gmt":"2017-08-23T22:08:23","slug":"sentimientos-y-reflexiones","status":"publish","type":"page","link":"https:\/\/ffyh.unc.edu.ar\/lo-imposible\/voces\/sentimientos-y-reflexiones\/","title":{"rendered":"Sentimientos y reflexiones | Sonia Torres"},"content":{"rendered":"<p>\u201c<em>El instante<\/em>\u201d<\/p>\n<p>Con todas las fotos, del d\u00eda de la lectura de la sentencia de la \u201c<em>Megacausa la Perla<\/em>\u201d en C\u00f3rdoba, ante mis ojos, reviv\u00ed el instante mismo del aplauso posterior a conocer la resoluci\u00f3n del tribunal.<\/p>\n<p>Esa ovaci\u00f3n hermanada por una mezcla de dolores y alegr\u00edas compartidas, que hab\u00edan sido silenciadas y retenidas durante m\u00e1s de 40 a\u00f1os de espera, se expresaban abierta y libremente. <em>Instante interminable, inolvidable<\/em>\u2026<em>eterno!<\/em>.<\/p>\n<p><em>Palabras<\/em><\/p>\n<p>Cuando volv\u00ed a las fotos mi memoria recre\u00f3 aquel sentimiento de gratitud que sent\u00ed durante el aplauso y que hoy quisiera convertir en palabras de agradecimiento a todos los que hicieron posible ese momento, a mis compa\u00f1eras de lucha que lucen en las fotos con sus pa\u00f1uelos blancos, a todos los sobrevivientes de los terribles campos de concentraci\u00f3n y de las c\u00e1rceles del terrorismo de estado, que dieron su irremplazable testimonio en el juicio, a todas las personas de bien que declararon lo que sab\u00edan y aportaron una contribuci\u00f3n important\u00edsima en el conocimiento de la verdad de los hechos aberrantes que se juzgaban, a todos aquellos que con su ciencia, profesi\u00f3n, arte, esfuerzo, compromiso y determinaci\u00f3n, contribuyeron decididamente a que el juicio se realizara y se lograra justicia, a los jueces del tribunal Federal Oral N\u00b0 I de C\u00f3rdoba que escucharon respetuosamente durante 4 a\u00f1os, las torturas, las muertes, las desapariciones, a las que fueron sometidas las v\u00edctimas directas, los padecimientos de las familias que los buscaban y buscan, los sufrimientos de buena parte de nuestra sociedad, ante las medidas represivas de los dictadores, ante el silencio implantado, ante la ruptura de las redes de contenci\u00f3n y solidaridad social y pol\u00edtica y que comprendiendo que la justicia, no puede ser sorda, ni ciega, ni indiferente, ante tama\u00f1o sufrimiento, DECIDI\u00d3 <em>conforme a la normas vigentes\u2026al necesario respeto a la condici\u00f3n humana y a los derechos de todas las personas implicadas en la causa<\/em>, el veredicto que el presidente del tribunal LEY\u00d3 ante los presentes y que hizo estallar el aplauso que a\u00fan resuena en m\u00ed.<\/p>\n<p>Agradecer tambi\u00e9n a las autoridades y funcionarios de C\u00f3rdoba que tuvieron el valioso gesto de acompa\u00f1arnos en ese momento tan especial, a las autoridades y funcionarios nacionales que estuvieron presentes y que definieron y llevaron adelante el concepto de que el respeto por los derechos humanos es una cuesti\u00f3n de estado, a los miles y miles de personas que nos esperaban en la puerta del tribunal y en especial a todos los j\u00f3venes que con su alegr\u00eda y creatividad hicieron de ese d\u00eda un verdadero d\u00eda de fiesta.<\/p>\n<p>A todos aquellos que no participaron directamente de la lectura de la sentencia o del acto, pero que desde el lugar donde se encontraban nos mandaban mensajes de apoyo, y tambi\u00e9n\u2026a los que no pudieron o no se animaron a estar presentes, pero que sin embargo, sintieron alguna l\u00e1grima resbalar por su rostro al saber de los padecimientos sufridos, alg\u00fan temblor en su cuerpo como signo de aprobaci\u00f3n a la decisi\u00f3n judicial, alg\u00fan signo de esperanza para nuestra limitada e indefensa humanidad.<\/p>\n<p>Y por supuesto\u2026a los que no est\u00e1n\u2026pero que desde sus fotos que hoy son levantadas por otros j\u00f3venes como una bandera de verdad, de memoria y de justicia, nos alientan.<\/p>\n<p><em>Reflexiones <\/em><\/p>\n<p>Hicimos bastante y es bueno festejarlo unidos, pero a\u00fan nos falta mucho, sobre todo en este momento en que aparecen nuevamente los negacionistas que pretenden volver atr\u00e1s las conquistas y derechos fundamentales alcanzados internacionalmente.<\/p>\n<p>Los que se rascan solos y pretenden una rep\u00fablica para pocos, donde queden sin protecci\u00f3n los humildes, los trabajadores, las mujeres, los ni\u00f1os, los pueblos originales, etc, etc, nos deben poner en alerta, nos deben incentivar a reflexionar y trabajar todos los d\u00edas para NO DAR NI UN PASO ATR\u00c1S.<\/p>\n<p>Por \u00faltimo quiero contarles que pensarme con otros y actuar tambi\u00e9n con otros fue una ense\u00f1anza que aprend\u00ed de mi hija Silvina, y hoy veo que fue la mejor ense\u00f1anza que me regal\u00f3 la vida.<\/p>\n<p style=\"text-align: right\"><strong>Por Sonia Torres<br \/>\n<\/strong>Presidenta de la Asociaci\u00f3n Abuelas de Plaza de Mayo Filial C\u00f3rdoba<\/p>\n","protected":false},"excerpt":{"rendered":"<p>\u201cEl instante\u201d Con todas las fotos, del d\u00eda de la lectura de la sentencia de la \u201cMegacausa la Perla\u201d en C\u00f3rdoba, ante mis ojos, reviv\u00ed el instante mismo del aplauso posterior a conocer la resoluci\u00f3n del tribunal. Esa ovaci\u00f3n hermanada por una mezcla de dolores y alegr\u00edas compartidas, que hab\u00edan sido silenciadas y retenidas durante&#8230; <\/p>\n<div class=\"link-more\"><a href=\"https:\/\/ffyh.unc.edu.ar\/lo-imposible\/voces\/sentimientos-y-reflexiones\/\">Lea m\u00e1s<\/a><\/div>\n","protected":false},"author":1,"featured_media":0,"parent":9,"menu_order":5,"comment_status":"closed","ping_status":"closed","template":"","meta":{"_acf_changed":false,"_monsterinsights_skip_tracking":false,"_monsterinsights_sitenote_active":false,"_monsterinsights_sitenote_note":"","_monsterinsights_sitenote_category":0,"footnotes":""},"class_list":["post-268","page","type-page","status-publish","hentry"],"acf":[],"_links":{"self":[{"href":"https:\/\/ffyh.unc.edu.ar\/lo-imposible\/wp-json\/wp\/v2\/pages\/268","targetHints":{"allow":["GET"]}}],"collection":[{"href":"https:\/\/ffyh.unc.edu.ar\/lo-imposible\/wp-json\/wp\/v2\/pages"}],"about":[{"href":"https:\/\/ffyh.unc.edu.ar\/lo-imposible\/wp-json\/wp\/v2\/types\/page"}],"author":[{"embeddable":true,"href":"https:\/\/ffyh.unc.edu.ar\/lo-imposible\/wp-json\/wp\/v2\/users\/1"}],"replies":[{"embeddable":true,"href":"https:\/\/ffyh.unc.edu.ar\/lo-imposible\/wp-json\/wp\/v2\/comments?post=268"}],"version-history":[{"count":2,"href":"https:\/\/ffyh.unc.edu.ar\/lo-imposible\/wp-json\/wp\/v2\/pages\/268\/revisions"}],"predecessor-version":[{"id":332,"href":"https:\/\/ffyh.unc.edu.ar\/lo-imposible\/wp-json\/wp\/v2\/pages\/268\/revisions\/332"}],"up":[{"embeddable":true,"href":"https:\/\/ffyh.unc.edu.ar\/lo-imposible\/wp-json\/wp\/v2\/pages\/9"}],"wp:attachment":[{"href":"https:\/\/ffyh.unc.edu.ar\/lo-imposible\/wp-json\/wp\/v2\/media?parent=268"}],"curies":[{"name":"wp","href":"https:\/\/api.w.org\/{rel}","templated":true}]}}