{"id":286,"date":"2017-07-19T16:05:09","date_gmt":"2017-07-19T16:05:09","guid":{"rendered":"http:\/\/www.ffyh.unc.edu.ar\/lo-imposible\/?page_id=286"},"modified":"2017-08-23T22:12:46","modified_gmt":"2017-08-23T22:12:46","slug":"ahi-estabamos-los-30mil","status":"publish","type":"page","link":"https:\/\/ffyh.unc.edu.ar\/lo-imposible\/voces\/ahi-estabamos-los-30mil\/","title":{"rendered":"Ah\u00ed est\u00e1bamos los 30mil | Sol Yornet"},"content":{"rendered":"<p>Dicen que los pueblos se crean contando su propia historia, que no existen sin narraciones, sin memoria.<\/p>\n<p>Somos relatos que pasan de una generaci\u00f3n a otra. As\u00ed mi relato es un poco el que recib\u00ed, un poco el que dejo ac\u00e1 y un poco el que ustedes pasar\u00e1n.<\/p>\n<p>Comienza con j\u00f3venes en fotos, en pancartas, y termina con j\u00f3venes y militantes en la calle de Tribunales Federales (decir \u201ctermina\u201d es solo una forma porque, si es como dicen, este relato no tiene fin.)<\/p>\n<p>Ah\u00ed est\u00e1bamos los 30mil. Riendo, llorando y abraz\u00e1ndonos otra vez, m\u00e1s presentes que nunca.<\/p>\n<p>Porque no \u201cdesaparecimos\u201d, nos desaparecieron. Sabemos qui\u00e9nes son culpables y a ellos los condenamos.<\/p>\n<p>El juicio permiti\u00f3 conocer c\u00f3mo se propaga el horror, la tristeza y el miedo; c\u00f3mo funciona el silencio y c\u00f3mo nos sigue lastimando el olvido.<\/p>\n<p>La sentencia permiti\u00f3 ponerles a los genocidas nombre y apellido. Pero fue tambi\u00e9n el testimonio del amor y de la alegr\u00eda, de la lucha incansable por nuestros derechos y de la certeza de haber rescatado esta memoria que por generaciones nos seguir\u00e1 alumbrando y hagan lo que hagan, vamos a volver cantando como la cigarra. En lucha como el pueblo nos relata.<\/p>\n<p style=\"text-align: right\"><strong>Por Sol Yornet<br \/>\n<\/strong>Militante estudiantil<\/p>\n","protected":false},"excerpt":{"rendered":"<p>Dicen que los pueblos se crean contando su propia historia, que no existen sin narraciones, sin memoria. Somos relatos que pasan de una generaci\u00f3n a otra. As\u00ed mi relato es un poco el que recib\u00ed, un poco el que dejo ac\u00e1 y un poco el que ustedes pasar\u00e1n. Comienza con j\u00f3venes en fotos, en pancartas,&#8230; <\/p>\n<div class=\"link-more\"><a href=\"https:\/\/ffyh.unc.edu.ar\/lo-imposible\/voces\/ahi-estabamos-los-30mil\/\">Lea m\u00e1s<\/a><\/div>\n","protected":false},"author":1,"featured_media":0,"parent":9,"menu_order":8,"comment_status":"closed","ping_status":"closed","template":"","meta":{"_acf_changed":false,"_monsterinsights_skip_tracking":false,"_monsterinsights_sitenote_active":false,"_monsterinsights_sitenote_note":"","_monsterinsights_sitenote_category":0,"footnotes":""},"class_list":["post-286","page","type-page","status-publish","hentry"],"acf":[],"_links":{"self":[{"href":"https:\/\/ffyh.unc.edu.ar\/lo-imposible\/wp-json\/wp\/v2\/pages\/286","targetHints":{"allow":["GET"]}}],"collection":[{"href":"https:\/\/ffyh.unc.edu.ar\/lo-imposible\/wp-json\/wp\/v2\/pages"}],"about":[{"href":"https:\/\/ffyh.unc.edu.ar\/lo-imposible\/wp-json\/wp\/v2\/types\/page"}],"author":[{"embeddable":true,"href":"https:\/\/ffyh.unc.edu.ar\/lo-imposible\/wp-json\/wp\/v2\/users\/1"}],"replies":[{"embeddable":true,"href":"https:\/\/ffyh.unc.edu.ar\/lo-imposible\/wp-json\/wp\/v2\/comments?post=286"}],"version-history":[{"count":2,"href":"https:\/\/ffyh.unc.edu.ar\/lo-imposible\/wp-json\/wp\/v2\/pages\/286\/revisions"}],"predecessor-version":[{"id":337,"href":"https:\/\/ffyh.unc.edu.ar\/lo-imposible\/wp-json\/wp\/v2\/pages\/286\/revisions\/337"}],"up":[{"embeddable":true,"href":"https:\/\/ffyh.unc.edu.ar\/lo-imposible\/wp-json\/wp\/v2\/pages\/9"}],"wp:attachment":[{"href":"https:\/\/ffyh.unc.edu.ar\/lo-imposible\/wp-json\/wp\/v2\/media?parent=286"}],"curies":[{"name":"wp","href":"https:\/\/api.w.org\/{rel}","templated":true}]}}