{"id":83,"date":"2017-07-03T15:46:00","date_gmt":"2017-07-03T15:46:00","guid":{"rendered":"http:\/\/www.ffyh.unc.edu.ar\/lo-imposible\/?page_id=83"},"modified":"2017-08-24T16:31:35","modified_gmt":"2017-08-24T16:31:35","slug":"la-muestra","status":"publish","type":"page","link":"https:\/\/ffyh.unc.edu.ar\/lo-imposible\/","title":{"rendered":"La Muestra"},"content":{"rendered":"<div>\n<p dir=\"ltr\">El jueves 25 de agosto de 2016 ser\u00e1 recordado como un momento hist\u00f3rico. Luego 3 a\u00f1os, 8 meses, y 27 d\u00edas, la Megacausa La Perla, La Ribera y D2 llegaba a su fin y miles de personas se reun\u00edan frente a Tribunales Federales para escuchar la lectura de la sentencia. Llegar a esa instancia signific\u00f3 a\u00f1os de marchas, actividades educativas, homenajes, escraches y muchas acciones para sostener y compartir esta lucha.<\/p>\n<p dir=\"ltr\">La muestra fotogr\u00e1fica <strong>\u201cLo imposible s\u00f3lo tarda un poco m\u00e1s\u201d<\/strong> busca mostrar esos momentos, esas personas, esos espacios habitados por la justicia y el compromiso. A trav\u00e9s de las diferentes miradas de los y las fot\u00f3grafas y las voces de los textos escritos por referentes de la lucha por los Derechos Humanos, se narra el enorme trabajo de periodistas, fot\u00f3grafos, militantes, trabajadores de la justicia, organizaciones sociales, estudiantes, docentes, gremios y cordobeses en general que se movilizaron tanto antes como durante la Sentencia. Todos y todas, protagonistas fundamentales para sostener y llevar adelante este juicio hist\u00f3rico.<\/p>\n<p dir=\"ltr\">Las miradas y las voces que componen este cat\u00e1logo digital buscan accionar la memoria, disparar reflexiones que ayuden a interpretar c\u00f3mo fue posible el terrorismo de Estado en Argentina. Desde aqu\u00ed trabajamos por m\u00e1s <strong>Verdad, Memoria y Justicia<\/strong>.<\/p>\n<p dir=\"ltr\">En marzo de 2017, la Facultad de Filosof\u00eda y Humanidades de la UNC junto con el Archivo Provincial de la Memoria y los Espacios para la Memoria La Perla y Campo de la Ribera, inauguraron <strong>\u201cLo imposible s\u00f3lo tarda un poco m\u00e1s\u201d<\/strong>. La muestra fotogr\u00e1fica est\u00e1 integrada por cuatro series que representan aspectos fundamentales de la Megacausa a trav\u00e9s de los ejes <strong>\u201cEl proceso judicial\u201d<\/strong>, <strong>\u201cLos \u00e1rboles de la Vida y sus rituales\u201d<\/strong>, <strong>\u201cSi se sostiene la lucha, la justicia llega\u201d<\/strong> y <strong>\u201cEl Juicio en la Calle\u201d<\/strong>. En marzo de 2017, cada espacio involucrado aloj\u00f3 una de esas series para reunir su totalidad en septiembre y ser exhibidas en Ciudad de las Artes, predio en el que funcionaba el Destacamento de Inteligencia 141.<\/p>\n<div><\/div>\n<\/div>\n","protected":false},"excerpt":{"rendered":"<p>El jueves 25 de agosto de 2016 ser\u00e1 recordado como un momento hist\u00f3rico. Luego 3 a\u00f1os, 8 meses, y 27 d\u00edas, la Megacausa La Perla, La Ribera y D2 llegaba a su fin y miles de personas se reun\u00edan frente a Tribunales Federales para escuchar la lectura de la sentencia. Llegar a esa instancia signific\u00f3&#8230; <\/p>\n<div class=\"link-more\"><a href=\"https:\/\/ffyh.unc.edu.ar\/lo-imposible\/\">Lea m\u00e1s<\/a><\/div>\n","protected":false},"author":1,"featured_media":0,"parent":0,"menu_order":0,"comment_status":"closed","ping_status":"closed","template":"","meta":{"_acf_changed":false,"_monsterinsights_skip_tracking":false,"_monsterinsights_sitenote_active":false,"_monsterinsights_sitenote_note":"","_monsterinsights_sitenote_category":0,"footnotes":""},"class_list":["post-83","page","type-page","status-publish","hentry"],"acf":[],"_links":{"self":[{"href":"https:\/\/ffyh.unc.edu.ar\/lo-imposible\/wp-json\/wp\/v2\/pages\/83","targetHints":{"allow":["GET"]}}],"collection":[{"href":"https:\/\/ffyh.unc.edu.ar\/lo-imposible\/wp-json\/wp\/v2\/pages"}],"about":[{"href":"https:\/\/ffyh.unc.edu.ar\/lo-imposible\/wp-json\/wp\/v2\/types\/page"}],"author":[{"embeddable":true,"href":"https:\/\/ffyh.unc.edu.ar\/lo-imposible\/wp-json\/wp\/v2\/users\/1"}],"replies":[{"embeddable":true,"href":"https:\/\/ffyh.unc.edu.ar\/lo-imposible\/wp-json\/wp\/v2\/comments?post=83"}],"version-history":[{"count":4,"href":"https:\/\/ffyh.unc.edu.ar\/lo-imposible\/wp-json\/wp\/v2\/pages\/83\/revisions"}],"predecessor-version":[{"id":362,"href":"https:\/\/ffyh.unc.edu.ar\/lo-imposible\/wp-json\/wp\/v2\/pages\/83\/revisions\/362"}],"wp:attachment":[{"href":"https:\/\/ffyh.unc.edu.ar\/lo-imposible\/wp-json\/wp\/v2\/media?parent=83"}],"curies":[{"name":"wp","href":"https:\/\/api.w.org\/{rel}","templated":true}]}}