{"id":9,"date":"2017-05-26T17:06:16","date_gmt":"2017-05-26T17:06:16","guid":{"rendered":"http:\/\/www.ffyh.unc.edu.ar\/lo-imposible\/?page_id=9"},"modified":"2017-08-24T16:39:53","modified_gmt":"2017-08-24T16:39:53","slug":"voces","status":"publish","type":"page","link":"https:\/\/ffyh.unc.edu.ar\/lo-imposible\/voces\/","title":{"rendered":"Voces"},"content":{"rendered":"<p><a href=\"http:\/\/ffyh.unc.edu.ar\/lo-imposible\/voces\/lo-imposible-solo-tarda-un-poco-mas\/\">Lo imposible s\u00f3lo tarda un poco m\u00e1s | Emiliano Fessia<\/a><\/p>\n<p><a href=\"http:\/\/ffyh.unc.edu.ar\/lo-imposible\/voces\/el-arbol-de-la-vida-la-trama-de-la-historia\/\">El \u00e1rbol de la vida, la trama de la historia | Diego Tati\u00e1n<\/a><\/p>\n<p><a href=\"http:\/\/ffyh.unc.edu.ar\/lo-imposible\/voces\/cordoba-con-justicia-ya-no-somos-los-mismos\/\">C\u00f3rdoba con justicia: ya no somos los mismos | Paula M\u00f3naco Felipe<\/a><\/p>\n<p><a href=\"http:\/\/ffyh.unc.edu.ar\/lo-imposible\/voces\/preguntas-del-fiscal\/\">Preguntas del Fiscal | Facundo Trotta<\/a><\/p>\n<p><a href=\"http:\/\/ffyh.unc.edu.ar\/lo-imposible\/voces\/marcas-territoriales\/\">Marcas territoriales | Archivo Provincial de la Memoria<\/a><\/p>\n<p><a href=\"http:\/\/ffyh.unc.edu.ar\/lo-imposible\/voces\/sentimientos-y-reflexiones\/\">Sentimientos y reflexiones | Sonia Torres<\/a><\/p>\n<p><a href=\"http:\/\/ffyh.unc.edu.ar\/lo-imposible\/voces\/las-fotografias-son-presencia\/\">Las fotograf\u00edas son presencia | Ilda Bustos<\/a><\/p>\n<p><a href=\"http:\/\/ffyh.unc.edu.ar\/lo-imposible\/voces\/pliegues\/\">Pliegues | Virginia Carranza<\/a><\/p>\n<p><a href=\"http:\/\/ffyh.unc.edu.ar\/lo-imposible\/voces\/ahi-estabamos-los-30mil\/\">Ah\u00ed est\u00e1bamos los 30mil | Sol Yornet<\/a><\/p>\n<p>&nbsp;<\/p>\n","protected":false},"excerpt":{"rendered":"<p>Lo imposible s\u00f3lo tarda un poco m\u00e1s | Emiliano Fessia El \u00e1rbol de la vida, la trama de la historia | Diego Tati\u00e1n C\u00f3rdoba con justicia: ya no somos los mismos | Paula M\u00f3naco Felipe Preguntas del Fiscal | Facundo Trotta Marcas territoriales | Archivo Provincial de la Memoria Sentimientos y reflexiones | Sonia Torres&#8230; <\/p>\n<div class=\"link-more\"><a href=\"https:\/\/ffyh.unc.edu.ar\/lo-imposible\/voces\/\">Lea m\u00e1s<\/a><\/div>\n","protected":false},"author":1,"featured_media":0,"parent":0,"menu_order":0,"comment_status":"closed","ping_status":"closed","template":"","meta":{"_acf_changed":false,"_monsterinsights_skip_tracking":false,"_monsterinsights_sitenote_active":false,"_monsterinsights_sitenote_note":"","_monsterinsights_sitenote_category":0,"footnotes":""},"class_list":["post-9","page","type-page","status-publish","hentry"],"acf":[],"_links":{"self":[{"href":"https:\/\/ffyh.unc.edu.ar\/lo-imposible\/wp-json\/wp\/v2\/pages\/9","targetHints":{"allow":["GET"]}}],"collection":[{"href":"https:\/\/ffyh.unc.edu.ar\/lo-imposible\/wp-json\/wp\/v2\/pages"}],"about":[{"href":"https:\/\/ffyh.unc.edu.ar\/lo-imposible\/wp-json\/wp\/v2\/types\/page"}],"author":[{"embeddable":true,"href":"https:\/\/ffyh.unc.edu.ar\/lo-imposible\/wp-json\/wp\/v2\/users\/1"}],"replies":[{"embeddable":true,"href":"https:\/\/ffyh.unc.edu.ar\/lo-imposible\/wp-json\/wp\/v2\/comments?post=9"}],"version-history":[{"count":3,"href":"https:\/\/ffyh.unc.edu.ar\/lo-imposible\/wp-json\/wp\/v2\/pages\/9\/revisions"}],"predecessor-version":[{"id":372,"href":"https:\/\/ffyh.unc.edu.ar\/lo-imposible\/wp-json\/wp\/v2\/pages\/9\/revisions\/372"}],"wp:attachment":[{"href":"https:\/\/ffyh.unc.edu.ar\/lo-imposible\/wp-json\/wp\/v2\/media?parent=9"}],"curies":[{"name":"wp","href":"https:\/\/api.w.org\/{rel}","templated":true}]}}

<p><a href="http://ffyh.unc.edu.ar/lo-imposible/voces/lo-imposible-solo-tarda-un-poco-mas/">Lo imposible sólo tarda un poco más | Emiliano Fessia</a></p>
<p><a href="http://ffyh.unc.edu.ar/lo-imposible/voces/el-arbol-de-la-vida-la-trama-de-la-historia/">El árbol de la vida, la trama de la historia | Diego Tatián</a></p>
<p><a href="http://ffyh.unc.edu.ar/lo-imposible/voces/cordoba-con-justicia-ya-no-somos-los-mismos/">Córdoba con justicia: ya no somos los mismos | Paula Mónaco Felipe</a></p>
<p><a href="http://ffyh.unc.edu.ar/lo-imposible/voces/preguntas-del-fiscal/">Preguntas del Fiscal | Facundo Trotta</a></p>
<p><a href="http://ffyh.unc.edu.ar/lo-imposible/voces/marcas-territoriales/">Marcas territoriales | Archivo Provincial de la Memoria</a></p>
<p><a href="http://ffyh.unc.edu.ar/lo-imposible/voces/sentimientos-y-reflexiones/">Sentimientos y reflexiones | Sonia Torres</a></p>
<p><a href="http://ffyh.unc.edu.ar/lo-imposible/voces/las-fotografias-son-presencia/">Las fotografías son presencia | Ilda Bustos</a></p>
<p><a href="http://ffyh.unc.edu.ar/lo-imposible/voces/pliegues/">Pliegues | Virginia Carranza</a></p>
<p><a href="http://ffyh.unc.edu.ar/lo-imposible/voces/ahi-estabamos-los-30mil/">Ahí estábamos los 30mil | Sol Yornet</a></p>
<p>&nbsp;</p>

<p>Lo imposible sólo tarda un poco más | Emiliano Fessia El árbol de la vida, la trama de la historia | Diego Tatián Córdoba con justicia: ya no somos los mismos | Paula Mónaco Felipe Preguntas del Fiscal | Facundo Trotta Marcas territoriales | Archivo Provincial de la Memoria Sentimientos y reflexiones | Sonia Torres&#8230; </p>
<div class="link-more"><a href="https://ffyh.unc.edu.ar/lo-imposible/voces/">Lea más</a></div>
