{"id":240,"date":"2020-11-19T16:39:08","date_gmt":"2020-11-19T16:39:08","guid":{"rendered":"https:\/\/ffyh.unc.edu.ar\/mariposascontralasviolencias\/?page_id=240"},"modified":"2020-11-24T15:12:29","modified_gmt":"2020-11-24T15:12:29","slug":"padlet-colaborativo-ensamble-feminista-para-un-mundo-sin-violencias","status":"publish","type":"page","link":"https:\/\/ffyh.unc.edu.ar\/mariposascontralasviolencias\/padlet-colaborativo-ensamble-feminista-para-un-mundo-sin-violencias\/","title":{"rendered":"Padlet colaborativo \u201cEnsamble Feminista para un mundo sin violencias\u201d"},"content":{"rendered":"<p><em>Invitamos a compartir deseos, sue\u00f1os, experimentaciones colectivas, proyecciones, horizontes imaginados, para componer otro presente. Un presente donde ensayar otras experiencias de nosotres y les otres, un presente que potencie los lazos que ya se tejen para inventar otras formas de reconocimiento y comunidad.<\/em><\/p>\n<p><!--more--><\/p>\n<p dir=\"ltr\">Para formar parte del ensamble, puede seguir estos pasos:<\/p>\n<p dir=\"ltr\">1- Ingresar a: <a href=\"https:\/\/padlet.com\/maiterodigou\/yviuqrpbo3vzbnkn\" target=\"_blank\" rel=\"noopener noreferrer\">https:\/\/padlet.com\/maiterodigou\/yviuqrpbo3vzbnkn<\/a><\/p>\n<p dir=\"ltr\">2- Presionar en el bot\u00f3n \u201c+\u201d ubicado en el \u00e1ngulo inferior izquierdo. Al presionar, se abrir\u00e1 un peque\u00f1o cuadro dentro del altar donde podr\u00e1 \u201csubir\u201d su aporte.<\/p>\n<p dir=\"ltr\">3- Es posible compartir: un texto, una imagen, un dibujo, una canci\u00f3n, un video, una fotograf\u00eda, etc. La plataforma permite cargar materiales desde la computadora, vincular desde otro sitio (por ejemplo, un video de YouTube), grabar un video o audio, hacer un dibujo, a\u00f1adir una ubicaci\u00f3n (desde Google Maps). Invitamos a explorar libremente la plataforma y sus posibilidades.<\/p>\n<p dir=\"ltr\">4- Una vez cargado el material a compartir, simplemente realizar click en cualquier parte del muro y ya estar\u00e1 \u201cpresentada\u201d para ser vista por quienes visiten la web.<\/p>\n<p dir=\"ltr\">5-Compartir el padlet en sus redes sociales con los hashtag: #porunmundosinviolencias #25deNoviembre #mariposascontralasviolencias<\/p>\n<p dir=\"ltr\"><style>\n       .errordiv { padding:10px; margin:10px; border: 1px solid #555555;color: #000000;background-color: #f8f8f8; width:500px; }#advanced_iframe {visibility:visible;opacity:1;vertical-align:top;}.ai-info-bottom-iframe { position: fixed; z-index: 10000; bottom:0; left: 0; margin: 0px; text-align: center; width: 100%; background-color: #ff9999; padding-left: 5px;padding-bottom: 5px; border-top: 1px solid #aaa } a.ai-bold {font-weight: bold;}#ai-layer-div-advanced_iframe p {height:100%;margin:0;padding:0}<\/style><script type=\"text\/javascript\">var ai_iframe_width_advanced_iframe = 0;var ai_iframe_height_advanced_iframe = 0;function aiReceiveMessageadvanced_iframe(event) {  aiProcessMessage(event,\"advanced_iframe\", \"true\",\"\",\"false\",\"false\");}if (window.addEventListener) {  window.addEventListener(\"message\", aiReceiveMessageadvanced_iframe);} else if (el.attachEvent)  {  el.attachEvent(\"message\", aiReceiveMessageadvanced_iframe);}var aiOnloadScrollTop=\"true\";var aiShowDebug=false;\n\t\tif (typeof aiReadyCallbacks === 'undefined') {\n\t\t\tvar aiReadyCallbacks = [];\n\t\t} else if (!(aiReadyCallbacks instanceof Array)) {\n\t\t\tvar aiReadyCallbacks = [];\n\t\t}    function aiShowIframeId(id_iframe) { jQuery(\"#\"+id_iframe).css(\"visibility\", \"visible\");    }    function aiResizeIframeHeight(height) { aiResizeIframeHeight(height,advanced_iframe); }    function aiResizeIframeHeightId(height,width,id) {aiResizeIframeHeightById(id,height);}<\/script><iframe id=\"advanced_iframe\"  name=\"advanced_iframe\"  src=\"https:\/\/padlet.com\/maiterodigou\/yviuqrpbo3vzbnkn\"  width=\"100%\"  height=\"600\"  frameborder=\"0\"  border=\"0\"  allowtransparency=\"true\"  loading=\"lazy\"  style=\";border-width: 0px;;border: none;;width:100%;;height:600px;\" ><\/iframe><script type=\"text\/javascript\">var ifrm_advanced_iframe = document.getElementById(\"advanced_iframe\");var hiddenTabsDoneadvanced_iframe = false;\nfunction resizeCallbackadvanced_iframe() {}<\/script><script type=\"text\/javascript\"><\/script><p style=\"display:block !important; visibility:visible !important;margin: -18px 14px 0 0;padding-left: 3px;padding-top:3px;background: white; overflow: hidden; position: relative; line-height:15px;width: fit-content;\"><small style=\"display:block !important;visibility:visible !important\">powered by Advanced iFrame<\/small><\/p><\/p>\n","protected":false},"excerpt":{"rendered":"<p>Invitamos a compartir deseos, sue\u00f1os, experimentaciones colectivas, proyecciones, horizontes imaginados, para componer otro presente. Un presente donde ensayar otras experiencias de nosotres y les otres, un presente que potencie los lazos que ya se tejen para inventar otras formas de reconocimiento y comunidad.<\/p><p><a class=\"more-link btn\" href=\"https:\/\/ffyh.unc.edu.ar\/mariposascontralasviolencias\/padlet-colaborativo-ensamble-feminista-para-un-mundo-sin-violencias\/\">Seguir leyendo<\/a><\/p>\n","protected":false},"author":2,"featured_media":128,"parent":0,"menu_order":0,"comment_status":"closed","ping_status":"closed","template":"","meta":{"_acf_changed":false,"footnotes":""},"class_list":["post-240","page","type-page","status-publish","has-post-thumbnail","hentry","nodate","item-wrap"],"acf":[],"yoast_head":"<!-- This site is optimized with the Yoast SEO plugin v27.1.1 - https:\/\/yoast.com\/product\/yoast-seo-wordpress\/ -->\n<title>Padlet colaborativo \u201cEnsamble Feminista para un mundo sin violencias\u201d - MARIPOSAS CONTRA LAS VIOLENCIAS<\/title>\n<meta name=\"robots\" content=\"index, follow, max-snippet:-1, max-image-preview:large, max-video-preview:-1\" \/>\n<link rel=\"canonical\" href=\"https:\/\/ffyh.unc.edu.ar\/mariposascontralasviolencias\/padlet-colaborativo-ensamble-feminista-para-un-mundo-sin-violencias\/\" \/>\n<meta property=\"og:locale\" content=\"es_ES\" \/>\n<meta property=\"og:type\" content=\"article\" \/>\n<meta property=\"og:title\" content=\"Padlet colaborativo \u201cEnsamble Feminista para un mundo sin violencias\u201d - MARIPOSAS CONTRA LAS VIOLENCIAS\" \/>\n<meta property=\"og:description\" content=\"Invitamos a compartir deseos, sue\u00f1os, experimentaciones colectivas, proyecciones, horizontes imaginados, para componer otro presente. Un presente donde ensayar otras experiencias de nosotres y les otres, un presente que potencie los lazos que ya se tejen para inventar otras formas de reconocimiento y comunidad.\" \/>\n<meta property=\"og:url\" content=\"https:\/\/ffyh.unc.edu.ar\/mariposascontralasviolencias\/padlet-colaborativo-ensamble-feminista-para-un-mundo-sin-violencias\/\" \/>\n<meta property=\"og:site_name\" content=\"MARIPOSAS CONTRA LAS VIOLENCIAS\" \/>\n<meta property=\"article:modified_time\" content=\"2020-11-24T15:12:29+00:00\" \/>\n<meta property=\"og:image\" content=\"https:\/\/ffyh.unc.edu.ar\/mariposascontralasviolencias\/wp-content\/uploads\/sites\/41\/2020\/11\/imagen-destacada-para-la-web.png\" \/>\n\t<meta property=\"og:image:width\" content=\"1598\" \/>\n\t<meta property=\"og:image:height\" content=\"761\" \/>\n\t<meta property=\"og:image:type\" content=\"image\/png\" \/>\n<meta name=\"twitter:card\" content=\"summary_large_image\" \/>\n<meta name=\"twitter:label1\" content=\"Tiempo de lectura\" \/>\n\t<meta name=\"twitter:data1\" content=\"1 minuto\" \/>\n<script type=\"application\/ld+json\" class=\"yoast-schema-graph\">{\"@context\":\"https:\/\/schema.org\",\"@graph\":[{\"@type\":\"WebPage\",\"@id\":\"https:\/\/ffyh.unc.edu.ar\/mariposascontralasviolencias\/padlet-colaborativo-ensamble-feminista-para-un-mundo-sin-violencias\/\",\"url\":\"https:\/\/ffyh.unc.edu.ar\/mariposascontralasviolencias\/padlet-colaborativo-ensamble-feminista-para-un-mundo-sin-violencias\/\",\"name\":\"Padlet colaborativo \u201cEnsamble Feminista para un mundo sin violencias\u201d - MARIPOSAS CONTRA LAS VIOLENCIAS\",\"isPartOf\":{\"@id\":\"https:\/\/ffyh.unc.edu.ar\/mariposascontralasviolencias\/#website\"},\"primaryImageOfPage\":{\"@id\":\"https:\/\/ffyh.unc.edu.ar\/mariposascontralasviolencias\/padlet-colaborativo-ensamble-feminista-para-un-mundo-sin-violencias\/#primaryimage\"},\"image\":{\"@id\":\"https:\/\/ffyh.unc.edu.ar\/mariposascontralasviolencias\/padlet-colaborativo-ensamble-feminista-para-un-mundo-sin-violencias\/#primaryimage\"},\"thumbnailUrl\":\"https:\/\/ffyh.unc.edu.ar\/mariposascontralasviolencias\/wp-content\/uploads\/sites\/41\/2020\/11\/imagen-destacada-para-la-web.png\",\"datePublished\":\"2020-11-19T16:39:08+00:00\",\"dateModified\":\"2020-11-24T15:12:29+00:00\",\"breadcrumb\":{\"@id\":\"https:\/\/ffyh.unc.edu.ar\/mariposascontralasviolencias\/padlet-colaborativo-ensamble-feminista-para-un-mundo-sin-violencias\/#breadcrumb\"},\"inLanguage\":\"es\",\"potentialAction\":[{\"@type\":\"ReadAction\",\"target\":[\"https:\/\/ffyh.unc.edu.ar\/mariposascontralasviolencias\/padlet-colaborativo-ensamble-feminista-para-un-mundo-sin-violencias\/\"]}]},{\"@type\":\"ImageObject\",\"inLanguage\":\"es\",\"@id\":\"https:\/\/ffyh.unc.edu.ar\/mariposascontralasviolencias\/padlet-colaborativo-ensamble-feminista-para-un-mundo-sin-violencias\/#primaryimage\",\"url\":\"https:\/\/ffyh.unc.edu.ar\/mariposascontralasviolencias\/wp-content\/uploads\/sites\/41\/2020\/11\/imagen-destacada-para-la-web.png\",\"contentUrl\":\"https:\/\/ffyh.unc.edu.ar\/mariposascontralasviolencias\/wp-content\/uploads\/sites\/41\/2020\/11\/imagen-destacada-para-la-web.png\",\"width\":1598,\"height\":761},{\"@type\":\"BreadcrumbList\",\"@id\":\"https:\/\/ffyh.unc.edu.ar\/mariposascontralasviolencias\/padlet-colaborativo-ensamble-feminista-para-un-mundo-sin-violencias\/#breadcrumb\",\"itemListElement\":[{\"@type\":\"ListItem\",\"position\":1,\"name\":\"Portada\",\"item\":\"https:\/\/ffyh.unc.edu.ar\/mariposascontralasviolencias\/\"},{\"@type\":\"ListItem\",\"position\":2,\"name\":\"Padlet colaborativo \u201cEnsamble Feminista para un mundo sin violencias\u201d\"}]},{\"@type\":\"WebSite\",\"@id\":\"https:\/\/ffyh.unc.edu.ar\/mariposascontralasviolencias\/#website\",\"url\":\"https:\/\/ffyh.unc.edu.ar\/mariposascontralasviolencias\/\",\"name\":\"MARIPOSAS CONTRA LAS VIOLENCIAS\",\"description\":\"\",\"potentialAction\":[{\"@type\":\"SearchAction\",\"target\":{\"@type\":\"EntryPoint\",\"urlTemplate\":\"https:\/\/ffyh.unc.edu.ar\/mariposascontralasviolencias\/?s={search_term_string}\"},\"query-input\":{\"@type\":\"PropertyValueSpecification\",\"valueRequired\":true,\"valueName\":\"search_term_string\"}}],\"inLanguage\":\"es\"}]}<\/script>\n<!-- \/ Yoast SEO plugin. -->","yoast_head_json":{"title":"Padlet colaborativo \u201cEnsamble Feminista para un mundo sin violencias\u201d - MARIPOSAS CONTRA LAS VIOLENCIAS","robots":{"index":"index","follow":"follow","max-snippet":"max-snippet:-1","max-image-preview":"max-image-preview:large","max-video-preview":"max-video-preview:-1"},"canonical":"https:\/\/ffyh.unc.edu.ar\/mariposascontralasviolencias\/padlet-colaborativo-ensamble-feminista-para-un-mundo-sin-violencias\/","og_locale":"es_ES","og_type":"article","og_title":"Padlet colaborativo \u201cEnsamble Feminista para un mundo sin violencias\u201d - MARIPOSAS CONTRA LAS VIOLENCIAS","og_description":"Invitamos a compartir deseos, sue\u00f1os, experimentaciones colectivas, proyecciones, horizontes imaginados, para componer otro presente. Un presente donde ensayar otras experiencias de nosotres y les otres, un presente que potencie los lazos que ya se tejen para inventar otras formas de reconocimiento y comunidad.","og_url":"https:\/\/ffyh.unc.edu.ar\/mariposascontralasviolencias\/padlet-colaborativo-ensamble-feminista-para-un-mundo-sin-violencias\/","og_site_name":"MARIPOSAS CONTRA LAS VIOLENCIAS","article_modified_time":"2020-11-24T15:12:29+00:00","og_image":[{"width":1598,"height":761,"url":"https:\/\/ffyh.unc.edu.ar\/mariposascontralasviolencias\/wp-content\/uploads\/sites\/41\/2020\/11\/imagen-destacada-para-la-web.png","type":"image\/png"}],"twitter_card":"summary_large_image","twitter_misc":{"Tiempo de lectura":"1 minuto"},"schema":{"@context":"https:\/\/schema.org","@graph":[{"@type":"WebPage","@id":"https:\/\/ffyh.unc.edu.ar\/mariposascontralasviolencias\/padlet-colaborativo-ensamble-feminista-para-un-mundo-sin-violencias\/","url":"https:\/\/ffyh.unc.edu.ar\/mariposascontralasviolencias\/padlet-colaborativo-ensamble-feminista-para-un-mundo-sin-violencias\/","name":"Padlet colaborativo \u201cEnsamble Feminista para un mundo sin violencias\u201d - MARIPOSAS CONTRA LAS VIOLENCIAS","isPartOf":{"@id":"https:\/\/ffyh.unc.edu.ar\/mariposascontralasviolencias\/#website"},"primaryImageOfPage":{"@id":"https:\/\/ffyh.unc.edu.ar\/mariposascontralasviolencias\/padlet-colaborativo-ensamble-feminista-para-un-mundo-sin-violencias\/#primaryimage"},"image":{"@id":"https:\/\/ffyh.unc.edu.ar\/mariposascontralasviolencias\/padlet-colaborativo-ensamble-feminista-para-un-mundo-sin-violencias\/#primaryimage"},"thumbnailUrl":"https:\/\/ffyh.unc.edu.ar\/mariposascontralasviolencias\/wp-content\/uploads\/sites\/41\/2020\/11\/imagen-destacada-para-la-web.png","datePublished":"2020-11-19T16:39:08+00:00","dateModified":"2020-11-24T15:12:29+00:00","breadcrumb":{"@id":"https:\/\/ffyh.unc.edu.ar\/mariposascontralasviolencias\/padlet-colaborativo-ensamble-feminista-para-un-mundo-sin-violencias\/#breadcrumb"},"inLanguage":"es","potentialAction":[{"@type":"ReadAction","target":["https:\/\/ffyh.unc.edu.ar\/mariposascontralasviolencias\/padlet-colaborativo-ensamble-feminista-para-un-mundo-sin-violencias\/"]}]},{"@type":"ImageObject","inLanguage":"es","@id":"https:\/\/ffyh.unc.edu.ar\/mariposascontralasviolencias\/padlet-colaborativo-ensamble-feminista-para-un-mundo-sin-violencias\/#primaryimage","url":"https:\/\/ffyh.unc.edu.ar\/mariposascontralasviolencias\/wp-content\/uploads\/sites\/41\/2020\/11\/imagen-destacada-para-la-web.png","contentUrl":"https:\/\/ffyh.unc.edu.ar\/mariposascontralasviolencias\/wp-content\/uploads\/sites\/41\/2020\/11\/imagen-destacada-para-la-web.png","width":1598,"height":761},{"@type":"BreadcrumbList","@id":"https:\/\/ffyh.unc.edu.ar\/mariposascontralasviolencias\/padlet-colaborativo-ensamble-feminista-para-un-mundo-sin-violencias\/#breadcrumb","itemListElement":[{"@type":"ListItem","position":1,"name":"Portada","item":"https:\/\/ffyh.unc.edu.ar\/mariposascontralasviolencias\/"},{"@type":"ListItem","position":2,"name":"Padlet colaborativo \u201cEnsamble Feminista para un mundo sin violencias\u201d"}]},{"@type":"WebSite","@id":"https:\/\/ffyh.unc.edu.ar\/mariposascontralasviolencias\/#website","url":"https:\/\/ffyh.unc.edu.ar\/mariposascontralasviolencias\/","name":"MARIPOSAS CONTRA LAS VIOLENCIAS","description":"","potentialAction":[{"@type":"SearchAction","target":{"@type":"EntryPoint","urlTemplate":"https:\/\/ffyh.unc.edu.ar\/mariposascontralasviolencias\/?s={search_term_string}"},"query-input":{"@type":"PropertyValueSpecification","valueRequired":true,"valueName":"search_term_string"}}],"inLanguage":"es"}]}},"_links":{"self":[{"href":"https:\/\/ffyh.unc.edu.ar\/mariposascontralasviolencias\/wp-json\/wp\/v2\/pages\/240","targetHints":{"allow":["GET"]}}],"collection":[{"href":"https:\/\/ffyh.unc.edu.ar\/mariposascontralasviolencias\/wp-json\/wp\/v2\/pages"}],"about":[{"href":"https:\/\/ffyh.unc.edu.ar\/mariposascontralasviolencias\/wp-json\/wp\/v2\/types\/page"}],"author":[{"embeddable":true,"href":"https:\/\/ffyh.unc.edu.ar\/mariposascontralasviolencias\/wp-json\/wp\/v2\/users\/2"}],"replies":[{"embeddable":true,"href":"https:\/\/ffyh.unc.edu.ar\/mariposascontralasviolencias\/wp-json\/wp\/v2\/comments?post=240"}],"version-history":[{"count":6,"href":"https:\/\/ffyh.unc.edu.ar\/mariposascontralasviolencias\/wp-json\/wp\/v2\/pages\/240\/revisions"}],"predecessor-version":[{"id":264,"href":"https:\/\/ffyh.unc.edu.ar\/mariposascontralasviolencias\/wp-json\/wp\/v2\/pages\/240\/revisions\/264"}],"wp:featuredmedia":[{"embeddable":true,"href":"https:\/\/ffyh.unc.edu.ar\/mariposascontralasviolencias\/wp-json\/wp\/v2\/media\/128"}],"wp:attachment":[{"href":"https:\/\/ffyh.unc.edu.ar\/mariposascontralasviolencias\/wp-json\/wp\/v2\/media?parent=240"}],"curies":[{"name":"wp","href":"https:\/\/api.w.org\/{rel}","templated":true}]}}