{"id":404,"date":"2015-07-14T19:44:42","date_gmt":"2015-07-14T19:44:42","guid":{"rendered":"http:\/\/www.ffyh.unc.edu.ar\/materiales-educativos-abiertos\/?page_id=404"},"modified":"2015-07-14T19:44:42","modified_gmt":"2015-07-14T19:44:42","slug":"recursos-libres-para-producir-materiales-abiertos","status":"publish","type":"page","link":"https:\/\/ffyh.unc.edu.ar\/materiales-educativos-abiertos\/recursos-libres-para-producir-materiales-abiertos\/","title":{"rendered":"Recursos libres para producir materiales abiertos"},"content":{"rendered":"<h1 style=\"text-align: center\"><span style=\"color: #0000ff;background-color: #ffffff\">Recursos libres para producir materiales abiertos<\/span><\/h1>\n<p>S\u00ed!! Aunque no lo creas, es posible crear materiales educativos abiertos. Les mostramos distintas alternativas \u00a0de\u00a0espacios que re\u00fanen distintos recursos digitales libres y materiales educativos abiertos.<\/p>\n<div class=\"su-note\"  style=\"border-color:#dedede;border-radius:5px;-moz-border-radius:5px;-webkit-border-radius:5px;\"><div class=\"su-note-inner su-u-clearfix su-u-trim\" style=\"background-color:#f8f8f8;border-color:#ffffff;color:#333333;border-radius:5px;-moz-border-radius:5px;-webkit-border-radius:5px;\">\n<h2><span style=\"color: #3366ff\">CC Search<\/span><\/h2>\n<p style=\"text-align: justify\"><a href=\"https:\/\/search.creativecommons.org\/\" target=\"_blank\"><img loading=\"lazy\" decoding=\"async\" class=\"wp-image-2755 alignright\" src=\"http:\/\/ffyh.unc.edu.ar\/materiales-educativos-abiertos\/wp-content\/uploads\/sites\/27\/2015\/07\/ccsearch1.png\" alt=\"ccsearch\" width=\"410\" height=\"204\" srcset=\"https:\/\/ffyh.unc.edu.ar\/materiales-educativos-abiertos\/wp-content\/uploads\/sites\/27\/2015\/07\/ccsearch1.png 1285w, https:\/\/ffyh.unc.edu.ar\/materiales-educativos-abiertos\/wp-content\/uploads\/sites\/27\/2015\/07\/ccsearch1-300x149.png 300w, https:\/\/ffyh.unc.edu.ar\/materiales-educativos-abiertos\/wp-content\/uploads\/sites\/27\/2015\/07\/ccsearch1-768x383.png 768w, https:\/\/ffyh.unc.edu.ar\/materiales-educativos-abiertos\/wp-content\/uploads\/sites\/27\/2015\/07\/ccsearch1-1024x510.png 1024w, https:\/\/ffyh.unc.edu.ar\/materiales-educativos-abiertos\/wp-content\/uploads\/sites\/27\/2015\/07\/ccsearch1-425x212.png 425w\" sizes=\"(max-width: 410px) 100vw, 410px\" \/><\/a>Buscador de Creative Commons, que te permite encontrar fotograf\u00edas, m\u00fasica, v\u00eddeos y otros recursos que fueron licenciados con Creative Commons\u00a0<a href=\"http:\/\/ffyh.unc.edu.ar\/materiales-educativos-abiertos\/wp-content\/uploads\/sites\/27\/2015\/07\/ccsearch1.png\"><br \/>\n<\/a><\/p>\n<\/div><\/div>\n<div class=\"su-note\"  style=\"border-color:#dedede;border-radius:5px;-moz-border-radius:5px;-webkit-border-radius:5px;\"><div class=\"su-note-inner su-u-clearfix su-u-trim\" style=\"background-color:#f8f8f8;border-color:#ffffff;color:#333333;border-radius:5px;-moz-border-radius:5px;-webkit-border-radius:5px;\">\n<p style=\"text-align: justify\"><a href=\"http:\/\/www.temoa.info\/es\" target=\"_blank\"><img loading=\"lazy\" decoding=\"async\" class=\" wp-image-2758 alignright\" src=\"http:\/\/ffyh.unc.edu.ar\/materiales-educativos-abiertos\/wp-content\/uploads\/sites\/27\/2015\/07\/Temoa.png\" alt=\"Temoa\" width=\"406\" height=\"267\" srcset=\"https:\/\/ffyh.unc.edu.ar\/materiales-educativos-abiertos\/wp-content\/uploads\/sites\/27\/2015\/07\/Temoa.png 1064w, https:\/\/ffyh.unc.edu.ar\/materiales-educativos-abiertos\/wp-content\/uploads\/sites\/27\/2015\/07\/Temoa-300x197.png 300w, https:\/\/ffyh.unc.edu.ar\/materiales-educativos-abiertos\/wp-content\/uploads\/sites\/27\/2015\/07\/Temoa-768x505.png 768w, https:\/\/ffyh.unc.edu.ar\/materiales-educativos-abiertos\/wp-content\/uploads\/sites\/27\/2015\/07\/Temoa-1024x673.png 1024w, https:\/\/ffyh.unc.edu.ar\/materiales-educativos-abiertos\/wp-content\/uploads\/sites\/27\/2015\/07\/Temoa-425x279.png 425w\" sizes=\"(max-width: 406px) 100vw, 406px\" \/><\/a><img loading=\"lazy\" decoding=\"async\" src=\"http:\/\/www.temoa.info\/sites\/default\/files\/logo_temoa_small2.png\" alt=\"\" width=\"50\" height=\"12\" \/> es un distribuidor de conocimiento que facilita un cat\u00e1logo p\u00fablico y multiling\u00fce de colecciones de Recursos Educativos Abiertos (REA) que busca apoyar a la comunidad educativa a encontrar aquellos recursos y materiales que satisfagan sus necesidades de ense\u00f1anza y aprendizaje, a trav\u00e9s de un sistema colaborativo de b\u00fasqueda especializado y herramientas sociales.<\/p>\n<ul>\n<li style=\"text-align: justify\">Contiene recursos educativos seleccionados, descritos y evaluados por una comunidad acad\u00e9mica.<\/li>\n<li style=\"text-align: justify\">Categoriza los recursos por \u00e1rea del conocimiento, nivel educativo e idioma, entre otros.<\/li>\n<li style=\"text-align: justify\">Ofrece un motor de b\u00fasqueda de f\u00e1cil uso a trav\u00e9s de filtros intuitivos.<\/li>\n<li>\n<p style=\"text-align: justify\">Permite la creaci\u00f3n de comunidades alrededor de los recursos educativos.<\/p>\n<\/li>\n<\/ul>\n<\/div><\/div>\n<p>&nbsp;<\/p>\n<div class=\"su-note\"  style=\"border-color:#dedede;border-radius:5px;-moz-border-radius:5px;-webkit-border-radius:5px;\"><div class=\"su-note-inner su-u-clearfix su-u-trim\" style=\"background-color:#f8f8f8;border-color:#ffffff;color:#333333;border-radius:5px;-moz-border-radius:5px;-webkit-border-radius:5px;\">\n<p style=\"text-align: justify\"><span style=\"color: #000000;font-family: Verdana, Arial, Helvetica, sans-serif;font-size: small\"><strong><span style=\"color: #ff0000;font-size: medium\"><a href=\"http:\/\/www.usc.es\/morea\/\" target=\"_blank\"><img loading=\"lazy\" decoding=\"async\" class=\"wp-image-2765 alignright\" src=\"http:\/\/ffyh.unc.edu.ar\/materiales-educativos-abiertos\/wp-content\/uploads\/sites\/27\/2015\/07\/Morea.png\" alt=\"Morea\" width=\"393\" height=\"245\" srcset=\"https:\/\/ffyh.unc.edu.ar\/materiales-educativos-abiertos\/wp-content\/uploads\/sites\/27\/2015\/07\/Morea.png 1053w, https:\/\/ffyh.unc.edu.ar\/materiales-educativos-abiertos\/wp-content\/uploads\/sites\/27\/2015\/07\/Morea-300x187.png 300w, https:\/\/ffyh.unc.edu.ar\/materiales-educativos-abiertos\/wp-content\/uploads\/sites\/27\/2015\/07\/Morea-768x478.png 768w, https:\/\/ffyh.unc.edu.ar\/materiales-educativos-abiertos\/wp-content\/uploads\/sites\/27\/2015\/07\/Morea-1024x637.png 1024w, https:\/\/ffyh.unc.edu.ar\/materiales-educativos-abiertos\/wp-content\/uploads\/sites\/27\/2015\/07\/Morea-425x264.png 425w\" sizes=\"(max-width: 393px) 100vw, 393px\" \/><\/a>M<\/span><span style=\"color: #ffcc00;font-size: medium\">O<\/span><span style=\"color: #006600;font-size: medium\">R<\/span><span style=\"color: #0033cc;font-size: medium\">E<\/span><span style=\"color: #ff3399;font-size: medium\">A <\/span><\/strong>es un espacio creado para apoyar al profesorado universitario en la elaboraci\u00f3n de sus materiales para la web.<\/span><\/p>\n<p style=\"text-align: justify\"><span style=\"color: #000000;font-family: Verdana, Arial, Helvetica, sans-serif;font-size: small\"><strong><span style=\"color: #ff0000;font-size: medium\">M<\/span><span style=\"color: #ffcc00;font-size: medium\">O<\/span><span style=\"color: #006600;font-size: medium\">R<\/span><span style=\"color: #0033cc;font-size: medium\">E<\/span><span style=\"color: #ff3399;font-size: medium\">A<\/span><\/strong>, es un lugar donde acceder\u00e1s a recursos que te pueden servir para elaborar esos materiales de manera m\u00e1s sencilla.<\/span><\/p>\n<p style=\"text-align: justify\"><span style=\"color: #000000;font-family: Verdana, Arial, Helvetica, sans-serif;font-size: small\">Encontrar\u00e1s<strong> <span style=\"color: #ff0000\">M<\/span><\/strong>\u00faltiples<strong> <span style=\"color: #ffcc00\">O<\/span><\/strong>bjetos<span style=\"color: #006600\"> <strong>R<\/strong><\/span>eutilizables para el desarrollo de experiencias de<strong><span style=\"color: #003399\"> E<\/span><\/strong>nse\u00f1anza y <strong><span style=\"color: #ff3399\">A<\/span><\/strong>prendizaje<\/span><\/p>\n<p style=\"text-align: justify\"><span style=\"color: #000000;font-family: Verdana, Arial, Helvetica, sans-serif;font-size: small\"><strong><span style=\"color: #ff0000;font-size: medium\">M<\/span><span style=\"color: #ffcc00;font-size: medium\">O<\/span><span style=\"color: #006600;font-size: medium\">R<\/span><span style=\"color: #0033cc;font-size: medium\">E<\/span><span style=\"color: #ff3399;font-size: medium\">A<\/span><\/strong><strong> implica m\u00faltiples ideas<\/strong>:<\/span><\/p>\n<ul>\n<li style=\"text-align: justify\"><span style=\"color: #000000;font-family: Verdana, Arial, Helvetica, sans-serif;font-size: small\">Es un <strong>Repositorio<\/strong> de objetos para reutilizar con fines de ense\u00f1anza<\/span><\/li>\n<li style=\"text-align: justify\"><span style=\"color: #000000;font-family: Verdana, Arial, Helvetica, sans-serif;font-size: small\">Tiene <strong>Orientaciones<\/strong> para el dise\u00f1o de propuestas de ense\u00f1anza con soporte web basadas en diferentes estrategias did\u00e1cticas: simulaciones, webquest, estudio de casos, presentaciones\u2026<\/span><\/li>\n<li style=\"text-align: justify\"><span style=\"color: #000000;font-family: Verdana, Arial, Helvetica, sans-serif;font-size: small\">Ofrece <strong>Gu\u00edas<\/strong> para la reutilizaci\u00f3n de recursos multimedia en los propios materiales de ense\u00f1anza<\/span><\/li>\n<\/ul>\n<\/div><\/div>\n","protected":false},"excerpt":{"rendered":"<p>Recursos libres para producir materiales abiertos S\u00ed!! Aunque no lo creas, es posible crear materiales educativos abiertos. Les mostramos distintas alternativas \u00a0de\u00a0espacios que re\u00fanen distintos recursos digitales libres y materiales educativos abiertos. &nbsp;<a class=\"more-link\" href=\"https:\/\/ffyh.unc.edu.ar\/materiales-educativos-abiertos\/recursos-libres-para-producir-materiales-abiertos\/\">Read More &rarr;<\/a><\/p>\n","protected":false},"author":22,"featured_media":0,"parent":0,"menu_order":0,"comment_status":"closed","ping_status":"closed","template":"","meta":{"_acf_changed":false,"saved_in_kubio":false,"_bbp_topic_count":0,"_bbp_reply_count":0,"_bbp_total_topic_count":0,"_bbp_total_reply_count":0,"_bbp_voice_count":0,"_bbp_anonymous_reply_count":0,"_bbp_topic_count_hidden":0,"_bbp_reply_count_hidden":0,"_bbp_forum_subforum_count":0,"footnotes":""},"class_list":["entry","page","publish","author-florencia","post-404"],"acf":[],"kubio_ai_page_context":{"short_desc":"","purpose":"general"},"yoast_head":"<!-- This site is optimized with the Yoast SEO plugin v27.1.1 - https:\/\/yoast.com\/product\/yoast-seo-wordpress\/ -->\n<title>Recursos libres para producir materiales abiertos - Materiales Educativos Abiertos<\/title>\n<meta name=\"robots\" content=\"index, follow, max-snippet:-1, max-image-preview:large, max-video-preview:-1\" \/>\n<link rel=\"canonical\" href=\"https:\/\/ffyh.unc.edu.ar\/materiales-educativos-abiertos\/recursos-libres-para-producir-materiales-abiertos\/\" \/>\n<meta property=\"og:locale\" content=\"es_ES\" \/>\n<meta property=\"og:type\" content=\"article\" \/>\n<meta property=\"og:title\" content=\"Recursos libres para producir materiales abiertos - Materiales Educativos Abiertos\" \/>\n<meta property=\"og:description\" content=\"Recursos libres para producir materiales abiertos S\u00ed!! Aunque no lo creas, es posible crear materiales educativos abiertos. Les mostramos distintas alternativas \u00a0de\u00a0espacios que re\u00fanen distintos recursos digitales libres y materiales educativos abiertos. &nbsp;Read More &rarr;\" \/>\n<meta property=\"og:url\" content=\"https:\/\/ffyh.unc.edu.ar\/materiales-educativos-abiertos\/recursos-libres-para-producir-materiales-abiertos\/\" \/>\n<meta property=\"og:site_name\" content=\"Materiales Educativos Abiertos\" \/>\n<meta property=\"og:image\" content=\"http:\/\/ffyh.unc.edu.ar\/materiales-educativos-abiertos\/wp-content\/uploads\/sites\/27\/2015\/07\/ccsearch1.png\" \/>\n<meta name=\"twitter:card\" content=\"summary_large_image\" \/>\n<meta name=\"twitter:label1\" content=\"Tiempo de lectura\" \/>\n\t<meta name=\"twitter:data1\" content=\"2 minutos\" \/>\n<script type=\"application\/ld+json\" class=\"yoast-schema-graph\">{\"@context\":\"https:\/\/schema.org\",\"@graph\":[{\"@type\":\"WebPage\",\"@id\":\"https:\/\/ffyh.unc.edu.ar\/materiales-educativos-abiertos\/recursos-libres-para-producir-materiales-abiertos\/\",\"url\":\"https:\/\/ffyh.unc.edu.ar\/materiales-educativos-abiertos\/recursos-libres-para-producir-materiales-abiertos\/\",\"name\":\"Recursos libres para producir materiales abiertos - Materiales Educativos Abiertos\",\"isPartOf\":{\"@id\":\"https:\/\/ffyh.unc.edu.ar\/materiales-educativos-abiertos\/#website\"},\"primaryImageOfPage\":{\"@id\":\"https:\/\/ffyh.unc.edu.ar\/materiales-educativos-abiertos\/recursos-libres-para-producir-materiales-abiertos\/#primaryimage\"},\"image\":{\"@id\":\"https:\/\/ffyh.unc.edu.ar\/materiales-educativos-abiertos\/recursos-libres-para-producir-materiales-abiertos\/#primaryimage\"},\"thumbnailUrl\":\"http:\/\/ffyh.unc.edu.ar\/materiales-educativos-abiertos\/wp-content\/uploads\/sites\/27\/2015\/07\/ccsearch1.png\",\"datePublished\":\"2015-07-14T19:44:42+00:00\",\"breadcrumb\":{\"@id\":\"https:\/\/ffyh.unc.edu.ar\/materiales-educativos-abiertos\/recursos-libres-para-producir-materiales-abiertos\/#breadcrumb\"},\"inLanguage\":\"es\",\"potentialAction\":[{\"@type\":\"ReadAction\",\"target\":[\"https:\/\/ffyh.unc.edu.ar\/materiales-educativos-abiertos\/recursos-libres-para-producir-materiales-abiertos\/\"]}]},{\"@type\":\"ImageObject\",\"inLanguage\":\"es\",\"@id\":\"https:\/\/ffyh.unc.edu.ar\/materiales-educativos-abiertos\/recursos-libres-para-producir-materiales-abiertos\/#primaryimage\",\"url\":\"https:\/\/ffyh.unc.edu.ar\/materiales-educativos-abiertos\/wp-content\/uploads\/sites\/27\/2015\/07\/ccsearch1.png\",\"contentUrl\":\"https:\/\/ffyh.unc.edu.ar\/materiales-educativos-abiertos\/wp-content\/uploads\/sites\/27\/2015\/07\/ccsearch1.png\",\"width\":1285,\"height\":640},{\"@type\":\"BreadcrumbList\",\"@id\":\"https:\/\/ffyh.unc.edu.ar\/materiales-educativos-abiertos\/recursos-libres-para-producir-materiales-abiertos\/#breadcrumb\",\"itemListElement\":[{\"@type\":\"ListItem\",\"position\":1,\"name\":\"Portada\",\"item\":\"https:\/\/ffyh.unc.edu.ar\/materiales-educativos-abiertos\/\"},{\"@type\":\"ListItem\",\"position\":2,\"name\":\"Recursos libres para producir materiales abiertos\"}]},{\"@type\":\"WebSite\",\"@id\":\"https:\/\/ffyh.unc.edu.ar\/materiales-educativos-abiertos\/#website\",\"url\":\"https:\/\/ffyh.unc.edu.ar\/materiales-educativos-abiertos\/\",\"name\":\"Materiales Educativos Abiertos\",\"description\":\"\",\"potentialAction\":[{\"@type\":\"SearchAction\",\"target\":{\"@type\":\"EntryPoint\",\"urlTemplate\":\"https:\/\/ffyh.unc.edu.ar\/materiales-educativos-abiertos\/?s={search_term_string}\"},\"query-input\":{\"@type\":\"PropertyValueSpecification\",\"valueRequired\":true,\"valueName\":\"search_term_string\"}}],\"inLanguage\":\"es\"}]}<\/script>\n<!-- \/ Yoast SEO plugin. -->","yoast_head_json":{"title":"Recursos libres para producir materiales abiertos - Materiales Educativos Abiertos","robots":{"index":"index","follow":"follow","max-snippet":"max-snippet:-1","max-image-preview":"max-image-preview:large","max-video-preview":"max-video-preview:-1"},"canonical":"https:\/\/ffyh.unc.edu.ar\/materiales-educativos-abiertos\/recursos-libres-para-producir-materiales-abiertos\/","og_locale":"es_ES","og_type":"article","og_title":"Recursos libres para producir materiales abiertos - Materiales Educativos Abiertos","og_description":"Recursos libres para producir materiales abiertos S\u00ed!! Aunque no lo creas, es posible crear materiales educativos abiertos. Les mostramos distintas alternativas \u00a0de\u00a0espacios que re\u00fanen distintos recursos digitales libres y materiales educativos abiertos. &nbsp;Read More &rarr;","og_url":"https:\/\/ffyh.unc.edu.ar\/materiales-educativos-abiertos\/recursos-libres-para-producir-materiales-abiertos\/","og_site_name":"Materiales Educativos Abiertos","og_image":[{"url":"http:\/\/ffyh.unc.edu.ar\/materiales-educativos-abiertos\/wp-content\/uploads\/sites\/27\/2015\/07\/ccsearch1.png","type":"","width":"","height":""}],"twitter_card":"summary_large_image","twitter_misc":{"Tiempo de lectura":"2 minutos"},"schema":{"@context":"https:\/\/schema.org","@graph":[{"@type":"WebPage","@id":"https:\/\/ffyh.unc.edu.ar\/materiales-educativos-abiertos\/recursos-libres-para-producir-materiales-abiertos\/","url":"https:\/\/ffyh.unc.edu.ar\/materiales-educativos-abiertos\/recursos-libres-para-producir-materiales-abiertos\/","name":"Recursos libres para producir materiales abiertos - Materiales Educativos Abiertos","isPartOf":{"@id":"https:\/\/ffyh.unc.edu.ar\/materiales-educativos-abiertos\/#website"},"primaryImageOfPage":{"@id":"https:\/\/ffyh.unc.edu.ar\/materiales-educativos-abiertos\/recursos-libres-para-producir-materiales-abiertos\/#primaryimage"},"image":{"@id":"https:\/\/ffyh.unc.edu.ar\/materiales-educativos-abiertos\/recursos-libres-para-producir-materiales-abiertos\/#primaryimage"},"thumbnailUrl":"http:\/\/ffyh.unc.edu.ar\/materiales-educativos-abiertos\/wp-content\/uploads\/sites\/27\/2015\/07\/ccsearch1.png","datePublished":"2015-07-14T19:44:42+00:00","breadcrumb":{"@id":"https:\/\/ffyh.unc.edu.ar\/materiales-educativos-abiertos\/recursos-libres-para-producir-materiales-abiertos\/#breadcrumb"},"inLanguage":"es","potentialAction":[{"@type":"ReadAction","target":["https:\/\/ffyh.unc.edu.ar\/materiales-educativos-abiertos\/recursos-libres-para-producir-materiales-abiertos\/"]}]},{"@type":"ImageObject","inLanguage":"es","@id":"https:\/\/ffyh.unc.edu.ar\/materiales-educativos-abiertos\/recursos-libres-para-producir-materiales-abiertos\/#primaryimage","url":"https:\/\/ffyh.unc.edu.ar\/materiales-educativos-abiertos\/wp-content\/uploads\/sites\/27\/2015\/07\/ccsearch1.png","contentUrl":"https:\/\/ffyh.unc.edu.ar\/materiales-educativos-abiertos\/wp-content\/uploads\/sites\/27\/2015\/07\/ccsearch1.png","width":1285,"height":640},{"@type":"BreadcrumbList","@id":"https:\/\/ffyh.unc.edu.ar\/materiales-educativos-abiertos\/recursos-libres-para-producir-materiales-abiertos\/#breadcrumb","itemListElement":[{"@type":"ListItem","position":1,"name":"Portada","item":"https:\/\/ffyh.unc.edu.ar\/materiales-educativos-abiertos\/"},{"@type":"ListItem","position":2,"name":"Recursos libres para producir materiales abiertos"}]},{"@type":"WebSite","@id":"https:\/\/ffyh.unc.edu.ar\/materiales-educativos-abiertos\/#website","url":"https:\/\/ffyh.unc.edu.ar\/materiales-educativos-abiertos\/","name":"Materiales Educativos Abiertos","description":"","potentialAction":[{"@type":"SearchAction","target":{"@type":"EntryPoint","urlTemplate":"https:\/\/ffyh.unc.edu.ar\/materiales-educativos-abiertos\/?s={search_term_string}"},"query-input":{"@type":"PropertyValueSpecification","valueRequired":true,"valueName":"search_term_string"}}],"inLanguage":"es"}]}},"_links":{"self":[{"href":"https:\/\/ffyh.unc.edu.ar\/materiales-educativos-abiertos\/wp-json\/wp\/v2\/pages\/404","targetHints":{"allow":["GET"]}}],"collection":[{"href":"https:\/\/ffyh.unc.edu.ar\/materiales-educativos-abiertos\/wp-json\/wp\/v2\/pages"}],"about":[{"href":"https:\/\/ffyh.unc.edu.ar\/materiales-educativos-abiertos\/wp-json\/wp\/v2\/types\/page"}],"author":[{"embeddable":true,"href":"https:\/\/ffyh.unc.edu.ar\/materiales-educativos-abiertos\/wp-json\/wp\/v2\/users\/22"}],"replies":[{"embeddable":true,"href":"https:\/\/ffyh.unc.edu.ar\/materiales-educativos-abiertos\/wp-json\/wp\/v2\/comments?post=404"}],"version-history":[{"count":0,"href":"https:\/\/ffyh.unc.edu.ar\/materiales-educativos-abiertos\/wp-json\/wp\/v2\/pages\/404\/revisions"}],"wp:attachment":[{"href":"https:\/\/ffyh.unc.edu.ar\/materiales-educativos-abiertos\/wp-json\/wp\/v2\/media?parent=404"}],"curies":[{"name":"wp","href":"https:\/\/api.w.org\/{rel}","templated":true}]}}