{"id":81,"date":"2015-03-25T21:12:28","date_gmt":"2015-03-25T21:12:28","guid":{"rendered":"http:\/\/www.ffyh.unc.edu.ar\/materiales-educativos-abiertos\/?page_id=81"},"modified":"2018-04-25T14:38:48","modified_gmt":"2018-04-25T14:38:48","slug":"pagina-de-prueba","status":"publish","type":"page","link":"https:\/\/ffyh.unc.edu.ar\/materiales-educativos-abiertos\/slider\/que-es-un-material-educativo\/pagina-ejemplo-2\/pagina-de-prueba\/","title":{"rendered":"\u00bfQu\u00e9 otras cualidades nos ofrece un recurso educativo abierto?"},"content":{"rendered":"<p style=\"text-align: justify\"><span class=\"su-dropcap su-dropcap-style-flat\" style=\"font-size:2.5em\">C<\/span>omo, ya comentamos los materiales educativos abiertos tienen un licenciamiento abierto. El siguiente v\u00eddeo ilustra las ventajas mencionadas anteriormente:<\/p>\n<p style=\"text-align: center\">\n<div data-mode=\"normal\" data-oembed=\"1\" data-provider=\"youtube\" id=\"arve-youtube-dtnnxpcy49q\" style=\"max-width:400px;\" class=\"arve aligncenter\">\n\t<div class=\"arve-inner\">\n\t\t<div style=\"aspect-ratio:1260\/709\" class=\"arve-embed arve-embed--has-aspect-ratio\">\n\t\t\t<div class=\"arve-ar\" style=\"padding-top:56.269841%\"><\/div>\n\t\t\t<iframe allow=\"accelerometer &apos;none&apos;;autoplay &apos;none&apos;;bluetooth &apos;none&apos;;browsing-topics &apos;none&apos;;camera &apos;none&apos;;clipboard-read &apos;none&apos;;clipboard-write;display-capture &apos;none&apos;;encrypted-media &apos;none&apos;;gamepad &apos;none&apos;;geolocation &apos;none&apos;;gyroscope &apos;none&apos;;hid &apos;none&apos;;identity-credentials-get &apos;none&apos;;idle-detection &apos;none&apos;;keyboard-map &apos;none&apos;;local-fonts;magnetometer &apos;none&apos;;microphone &apos;none&apos;;midi &apos;none&apos;;otp-credentials &apos;none&apos;;payment &apos;none&apos;;picture-in-picture;publickey-credentials-create &apos;none&apos;;publickey-credentials-get &apos;none&apos;;screen-wake-lock &apos;none&apos;;serial &apos;none&apos;;summarizer &apos;none&apos;;sync-xhr;usb &apos;none&apos;;web-share;window-management &apos;none&apos;;xr-spatial-tracking &apos;none&apos;;\" allowfullscreen=\"\" class=\"arve-iframe fitvidsignore\" credentialless data-arve=\"arve-youtube-dtnnxpcy49q\" data-lenis-prevent=\"\" data-src-no-ap=\"https:\/\/www.youtube-nocookie.com\/embed\/dTNnxPcY49Q?feature=oembed&amp;iv_load_policy=3&amp;modestbranding=1&amp;rel=0&amp;autohide=1&amp;playsinline=0&amp;autoplay=0\" frameborder=\"0\" height=\"225.07936507937\" loading=\"lazy\" name=\"\" referrerpolicy=\"strict-origin-when-cross-origin\" sandbox=\"allow-scripts allow-same-origin allow-presentation allow-popups allow-popups-to-escape-sandbox\" scrolling=\"no\" src=\"https:\/\/www.youtube-nocookie.com\/embed\/dTNnxPcY49Q?feature=oembed&#038;iv_load_policy=3&#038;modestbranding=1&#038;rel=0&#038;autohide=1&#038;playsinline=0&#038;autoplay=0\" title=\"\" width=\"400\"><\/iframe>\n\t\t\t\n\t\t<\/div>\n\t\t\n\t<\/div>\n\t\n\t\n\t<script type=\"application\/ld+json\">{\"@context\":\"http:\\\/\\\/schema.org\\\/\",\"@id\":\"https:\\\/\\\/ffyh.unc.edu.ar\\\/materiales-educativos-abiertos\\\/slider\\\/que-es-un-material-educativo\\\/pagina-ejemplo-2\\\/pagina-de-prueba\\\/#arve-youtube-dtnnxpcy49q\",\"type\":\"VideoObject\",\"embedURL\":\"https:\\\/\\\/www.youtube-nocookie.com\\\/embed\\\/dTNnxPcY49Q?feature=oembed&iv_load_policy=3&modestbranding=1&rel=0&autohide=1&playsinline=0&autoplay=0\"}<\/script>\n\t\n<\/div>\n<h4 style=\"text-align: justify\"><span style=\"color: #3366ff\">\u00bfQu\u00e9 otras cualidades nos ofrece un recurso educativo abierto?<\/span><\/h4>\n<p style=\"text-align: justify\">1. La importancia de crear y compartir propuestas de ense\u00f1anza que reflejen identidad y \u00a0pertenencia sobre los saberes. \u00a0De esta manera se revaloriza lo producido por los docentes<\/p>\n<p style=\"text-align: justify\">2. La adecuaci\u00f3n de un material, no solo a tus necesidades did\u00e1cticas, sino tambi\u00e9n, a las institucionales<\/p>\n<p style=\"text-align: justify\">3. La posibilidad de contar con bibliograf\u00edas elaboradas por expertos de todo el mundo que te permiten enriquecer tus clases.<\/p>\n<p style=\"text-align: justify\">4. Una referencia contextual de una materia en otras partes del mundo, ya sea por como se produce un material en otra instituci\u00f3n, o por como se trabaja un tema, etc.<\/p>\n<p style=\"text-align: justify\">5. Los recursos digitales abiertos colaboran en flexibilizar la\u00a0barrera del copyright, en cuanto posibilitan la multiplicidad de copias y su circulaci\u00f3n.<\/p>\n<p style=\"text-align: justify\">6. Este \u00a0modelo es una soluci\u00f3n a los altos costos de los materiales de estudio en educaci\u00f3n superior<\/p>\n<p style=\"text-align: justify\">7. Posibilita la innovaci\u00f3n en la ense\u00f1anza y aprendizaje, habilitando una mejor adaptaci\u00f3n y contextualizaci\u00f3n del material proporcionado a los estudiantes.<\/p>\n<p>8. Aumenta la visibilidad de la producci\u00f3n \u00a0de las instituciones por su libre disponibilidad ya que las licencias abiertas establecen que cuando \u00e9stos sean reutilizados en otros contextos, sean debidamente citados y encontrados en el \u00a0repositorio institucional del cual proviene el recurso.<\/p>\n<div class=\"su-button-center\"><a href=\"https:\/\/ffyh.unc.edu.ar\/materiales-educativos-abiertos\/slider\/que-es-un-material-educativo\/pagina-ejemplo-2\/\" class=\"su-button su-button-style-3d\" style=\"color:#fff;background-color:#006EC1;border-color:#00589b;border-radius:5px\" target=\"_self\"><span style=\"color:#fff;padding:0px 16px;font-size:13px;line-height:26px;border-color:#4d9ad4;border-radius:5px;text-shadow:none\"> <strong>Volver a p\u00e1gina \u00ab\u00bfQu\u00e9 es un material Educativo Abierto?\u00bb<\/strong><\/span><\/a><\/div>\n","protected":false},"excerpt":{"rendered":"<p>omo, ya comentamos los materiales educativos abiertos tienen un licenciamiento abierto. El siguiente v\u00eddeo ilustra las ventajas mencionadas anteriormente: \u00bfQu\u00e9 otras cualidades nos ofrece un recurso educativo abierto? 1. La importancia de crear y compartir propuestas de ense\u00f1anza que reflejen identidad y \u00a0pertenencia sobre los saberes. \u00a0De esta manera se revaloriza lo producido por los docentes 2. La adecuaci\u00f3n de un material, no solo a tus necesidades did\u00e1cticas, sino tambi\u00e9n, a las institucionales 3. La posibilidad de contar con bibliograf\u00edas elaboradas por expertos de todo el mundo que te permiten enriquecer tus clases. 4. Una referencia contextual de una materia en otras partes del mundo,<a class=\"more-link\" href=\"https:\/\/ffyh.unc.edu.ar\/materiales-educativos-abiertos\/slider\/que-es-un-material-educativo\/pagina-ejemplo-2\/pagina-de-prueba\/\">Read More &rarr;<\/a><\/p>\n","protected":false},"author":22,"featured_media":0,"parent":3040,"menu_order":0,"comment_status":"closed","ping_status":"closed","template":"","meta":{"_acf_changed":false,"_bbp_topic_count":0,"_bbp_reply_count":0,"_bbp_total_topic_count":0,"_bbp_total_reply_count":0,"_bbp_voice_count":0,"_bbp_anonymous_reply_count":0,"_bbp_topic_count_hidden":0,"_bbp_reply_count_hidden":0,"_bbp_forum_subforum_count":0,"footnotes":""},"class_list":["entry","page","publish","author-florencia","post-81"],"acf":[],"yoast_head":"<!-- This site is optimized with the Yoast SEO plugin v27.1.1 - https:\/\/yoast.com\/product\/yoast-seo-wordpress\/ -->\n<title>\u00bfQu\u00e9 otras cualidades nos ofrece un recurso educativo abierto? - Materiales Educativos Abiertos<\/title>\n<meta name=\"robots\" content=\"index, follow, max-snippet:-1, max-image-preview:large, max-video-preview:-1\" \/>\n<link rel=\"canonical\" href=\"https:\/\/ffyh.unc.edu.ar\/materiales-educativos-abiertos\/slider\/que-es-un-material-educativo\/pagina-ejemplo-2\/pagina-de-prueba\/\" \/>\n<meta property=\"og:locale\" content=\"es_ES\" \/>\n<meta property=\"og:type\" content=\"article\" \/>\n<meta property=\"og:title\" content=\"\u00bfQu\u00e9 otras cualidades nos ofrece un recurso educativo abierto? - Materiales Educativos Abiertos\" \/>\n<meta property=\"og:description\" content=\"omo, ya comentamos los materiales educativos abiertos tienen un licenciamiento abierto. El siguiente v\u00eddeo ilustra las ventajas mencionadas anteriormente: \u00bfQu\u00e9 otras cualidades nos ofrece un recurso educativo abierto? 1. La importancia de crear y compartir propuestas de ense\u00f1anza que reflejen identidad y \u00a0pertenencia sobre los saberes. \u00a0De esta manera se revaloriza lo producido por los docentes 2. La adecuaci\u00f3n de un material, no solo a tus necesidades did\u00e1cticas, sino tambi\u00e9n, a las institucionales 3. La posibilidad de contar con bibliograf\u00edas elaboradas por expertos de todo el mundo que te permiten enriquecer tus clases. 4. Una referencia contextual de una materia en otras partes del mundo,Read More &rarr;\" \/>\n<meta property=\"og:url\" content=\"https:\/\/ffyh.unc.edu.ar\/materiales-educativos-abiertos\/slider\/que-es-un-material-educativo\/pagina-ejemplo-2\/pagina-de-prueba\/\" \/>\n<meta property=\"og:site_name\" content=\"Materiales Educativos Abiertos\" \/>\n<meta property=\"article:modified_time\" content=\"2018-04-25T14:38:48+00:00\" \/>\n<meta name=\"twitter:card\" content=\"summary_large_image\" \/>\n<meta name=\"twitter:label1\" content=\"Tiempo de lectura\" \/>\n\t<meta name=\"twitter:data1\" content=\"1 minuto\" \/>\n<script type=\"application\/ld+json\" class=\"yoast-schema-graph\">{\"@context\":\"https:\/\/schema.org\",\"@graph\":[{\"@type\":\"WebPage\",\"@id\":\"https:\/\/ffyh.unc.edu.ar\/materiales-educativos-abiertos\/slider\/que-es-un-material-educativo\/pagina-ejemplo-2\/pagina-de-prueba\/\",\"url\":\"https:\/\/ffyh.unc.edu.ar\/materiales-educativos-abiertos\/slider\/que-es-un-material-educativo\/pagina-ejemplo-2\/pagina-de-prueba\/\",\"name\":\"\u00bfQu\u00e9 otras cualidades nos ofrece un recurso educativo abierto? - Materiales Educativos Abiertos\",\"isPartOf\":{\"@id\":\"https:\/\/ffyh.unc.edu.ar\/materiales-educativos-abiertos\/#website\"},\"datePublished\":\"2015-03-25T21:12:28+00:00\",\"dateModified\":\"2018-04-25T14:38:48+00:00\",\"breadcrumb\":{\"@id\":\"https:\/\/ffyh.unc.edu.ar\/materiales-educativos-abiertos\/slider\/que-es-un-material-educativo\/pagina-ejemplo-2\/pagina-de-prueba\/#breadcrumb\"},\"inLanguage\":\"es\",\"potentialAction\":[{\"@type\":\"ReadAction\",\"target\":[\"https:\/\/ffyh.unc.edu.ar\/materiales-educativos-abiertos\/slider\/que-es-un-material-educativo\/pagina-ejemplo-2\/pagina-de-prueba\/\"]}]},{\"@type\":\"BreadcrumbList\",\"@id\":\"https:\/\/ffyh.unc.edu.ar\/materiales-educativos-abiertos\/slider\/que-es-un-material-educativo\/pagina-ejemplo-2\/pagina-de-prueba\/#breadcrumb\",\"itemListElement\":[{\"@type\":\"ListItem\",\"position\":1,\"name\":\"Portada\",\"item\":\"https:\/\/ffyh.unc.edu.ar\/materiales-educativos-abiertos\/\"},{\"@type\":\"ListItem\",\"position\":2,\"name\":\"Inicio\",\"item\":\"https:\/\/ffyh.unc.edu.ar\/materiales-educativos-abiertos\/\"},{\"@type\":\"ListItem\",\"position\":3,\"name\":\"\u00bfQu\u00e9 es un material educativo?\",\"item\":\"https:\/\/ffyh.unc.edu.ar\/materiales-educativos-abiertos\/slider\/que-es-un-material-educativo\/\"},{\"@type\":\"ListItem\",\"position\":4,\"name\":\"\u00bfQu\u00e9 es un material educativo abierto?\",\"item\":\"https:\/\/ffyh.unc.edu.ar\/materiales-educativos-abiertos\/slider\/que-es-un-material-educativo\/pagina-ejemplo-2\/\"},{\"@type\":\"ListItem\",\"position\":5,\"name\":\"\u00bfQu\u00e9 otras cualidades nos ofrece un recurso educativo abierto?\"}]},{\"@type\":\"WebSite\",\"@id\":\"https:\/\/ffyh.unc.edu.ar\/materiales-educativos-abiertos\/#website\",\"url\":\"https:\/\/ffyh.unc.edu.ar\/materiales-educativos-abiertos\/\",\"name\":\"Materiales Educativos Abiertos\",\"description\":\"\",\"potentialAction\":[{\"@type\":\"SearchAction\",\"target\":{\"@type\":\"EntryPoint\",\"urlTemplate\":\"https:\/\/ffyh.unc.edu.ar\/materiales-educativos-abiertos\/?s={search_term_string}\"},\"query-input\":{\"@type\":\"PropertyValueSpecification\",\"valueRequired\":true,\"valueName\":\"search_term_string\"}}],\"inLanguage\":\"es\"}]}<\/script>\n<!-- \/ Yoast SEO plugin. -->","yoast_head_json":{"title":"\u00bfQu\u00e9 otras cualidades nos ofrece un recurso educativo abierto? - Materiales Educativos Abiertos","robots":{"index":"index","follow":"follow","max-snippet":"max-snippet:-1","max-image-preview":"max-image-preview:large","max-video-preview":"max-video-preview:-1"},"canonical":"https:\/\/ffyh.unc.edu.ar\/materiales-educativos-abiertos\/slider\/que-es-un-material-educativo\/pagina-ejemplo-2\/pagina-de-prueba\/","og_locale":"es_ES","og_type":"article","og_title":"\u00bfQu\u00e9 otras cualidades nos ofrece un recurso educativo abierto? - Materiales Educativos Abiertos","og_description":"omo, ya comentamos los materiales educativos abiertos tienen un licenciamiento abierto. El siguiente v\u00eddeo ilustra las ventajas mencionadas anteriormente: \u00bfQu\u00e9 otras cualidades nos ofrece un recurso educativo abierto? 1. La importancia de crear y compartir propuestas de ense\u00f1anza que reflejen identidad y \u00a0pertenencia sobre los saberes. \u00a0De esta manera se revaloriza lo producido por los docentes 2. La adecuaci\u00f3n de un material, no solo a tus necesidades did\u00e1cticas, sino tambi\u00e9n, a las institucionales 3. La posibilidad de contar con bibliograf\u00edas elaboradas por expertos de todo el mundo que te permiten enriquecer tus clases. 4. Una referencia contextual de una materia en otras partes del mundo,Read More &rarr;","og_url":"https:\/\/ffyh.unc.edu.ar\/materiales-educativos-abiertos\/slider\/que-es-un-material-educativo\/pagina-ejemplo-2\/pagina-de-prueba\/","og_site_name":"Materiales Educativos Abiertos","article_modified_time":"2018-04-25T14:38:48+00:00","twitter_card":"summary_large_image","twitter_misc":{"Tiempo de lectura":"1 minuto"},"schema":{"@context":"https:\/\/schema.org","@graph":[{"@type":"WebPage","@id":"https:\/\/ffyh.unc.edu.ar\/materiales-educativos-abiertos\/slider\/que-es-un-material-educativo\/pagina-ejemplo-2\/pagina-de-prueba\/","url":"https:\/\/ffyh.unc.edu.ar\/materiales-educativos-abiertos\/slider\/que-es-un-material-educativo\/pagina-ejemplo-2\/pagina-de-prueba\/","name":"\u00bfQu\u00e9 otras cualidades nos ofrece un recurso educativo abierto? - Materiales Educativos Abiertos","isPartOf":{"@id":"https:\/\/ffyh.unc.edu.ar\/materiales-educativos-abiertos\/#website"},"datePublished":"2015-03-25T21:12:28+00:00","dateModified":"2018-04-25T14:38:48+00:00","breadcrumb":{"@id":"https:\/\/ffyh.unc.edu.ar\/materiales-educativos-abiertos\/slider\/que-es-un-material-educativo\/pagina-ejemplo-2\/pagina-de-prueba\/#breadcrumb"},"inLanguage":"es","potentialAction":[{"@type":"ReadAction","target":["https:\/\/ffyh.unc.edu.ar\/materiales-educativos-abiertos\/slider\/que-es-un-material-educativo\/pagina-ejemplo-2\/pagina-de-prueba\/"]}]},{"@type":"BreadcrumbList","@id":"https:\/\/ffyh.unc.edu.ar\/materiales-educativos-abiertos\/slider\/que-es-un-material-educativo\/pagina-ejemplo-2\/pagina-de-prueba\/#breadcrumb","itemListElement":[{"@type":"ListItem","position":1,"name":"Portada","item":"https:\/\/ffyh.unc.edu.ar\/materiales-educativos-abiertos\/"},{"@type":"ListItem","position":2,"name":"Inicio","item":"https:\/\/ffyh.unc.edu.ar\/materiales-educativos-abiertos\/"},{"@type":"ListItem","position":3,"name":"\u00bfQu\u00e9 es un material educativo?","item":"https:\/\/ffyh.unc.edu.ar\/materiales-educativos-abiertos\/slider\/que-es-un-material-educativo\/"},{"@type":"ListItem","position":4,"name":"\u00bfQu\u00e9 es un material educativo abierto?","item":"https:\/\/ffyh.unc.edu.ar\/materiales-educativos-abiertos\/slider\/que-es-un-material-educativo\/pagina-ejemplo-2\/"},{"@type":"ListItem","position":5,"name":"\u00bfQu\u00e9 otras cualidades nos ofrece un recurso educativo abierto?"}]},{"@type":"WebSite","@id":"https:\/\/ffyh.unc.edu.ar\/materiales-educativos-abiertos\/#website","url":"https:\/\/ffyh.unc.edu.ar\/materiales-educativos-abiertos\/","name":"Materiales Educativos Abiertos","description":"","potentialAction":[{"@type":"SearchAction","target":{"@type":"EntryPoint","urlTemplate":"https:\/\/ffyh.unc.edu.ar\/materiales-educativos-abiertos\/?s={search_term_string}"},"query-input":{"@type":"PropertyValueSpecification","valueRequired":true,"valueName":"search_term_string"}}],"inLanguage":"es"}]}},"_links":{"self":[{"href":"https:\/\/ffyh.unc.edu.ar\/materiales-educativos-abiertos\/wp-json\/wp\/v2\/pages\/81","targetHints":{"allow":["GET"]}}],"collection":[{"href":"https:\/\/ffyh.unc.edu.ar\/materiales-educativos-abiertos\/wp-json\/wp\/v2\/pages"}],"about":[{"href":"https:\/\/ffyh.unc.edu.ar\/materiales-educativos-abiertos\/wp-json\/wp\/v2\/types\/page"}],"author":[{"embeddable":true,"href":"https:\/\/ffyh.unc.edu.ar\/materiales-educativos-abiertos\/wp-json\/wp\/v2\/users\/22"}],"replies":[{"embeddable":true,"href":"https:\/\/ffyh.unc.edu.ar\/materiales-educativos-abiertos\/wp-json\/wp\/v2\/comments?post=81"}],"version-history":[{"count":4,"href":"https:\/\/ffyh.unc.edu.ar\/materiales-educativos-abiertos\/wp-json\/wp\/v2\/pages\/81\/revisions"}],"predecessor-version":[{"id":3134,"href":"https:\/\/ffyh.unc.edu.ar\/materiales-educativos-abiertos\/wp-json\/wp\/v2\/pages\/81\/revisions\/3134"}],"up":[{"embeddable":true,"href":"https:\/\/ffyh.unc.edu.ar\/materiales-educativos-abiertos\/wp-json\/wp\/v2\/pages\/3040"}],"wp:attachment":[{"href":"https:\/\/ffyh.unc.edu.ar\/materiales-educativos-abiertos\/wp-json\/wp\/v2\/media?parent=81"}],"curies":[{"name":"wp","href":"https:\/\/api.w.org\/{rel}","templated":true}]}}