{"id":99,"date":"2015-04-01T17:18:34","date_gmt":"2015-04-01T17:18:34","guid":{"rendered":"http:\/\/www.ffyh.unc.edu.ar\/materiales-educativos-abiertos\/?page_id=99"},"modified":"2015-04-01T17:18:34","modified_gmt":"2015-04-01T17:18:34","slug":"condiciones-de-las-licencias-cc","status":"publish","type":"page","link":"https:\/\/ffyh.unc.edu.ar\/materiales-educativos-abiertos\/slider\/recursos-para-elaborar-material-educativo-abierto\/las-licencias-creative-commons\/condiciones-de-las-licencias-cc\/","title":{"rendered":"Las licencias de Creative Commons"},"content":{"rendered":"<h1 style=\"text-align: center\"><span style=\"color: #0000ff\">Las licencias de Creative Commons<\/span><\/h1>\n<p style=\"text-align: justify\"><span class=\"su-dropcap su-dropcap-style-flat\" style=\"font-size:2.5em\">C<\/span> <span style=\"color: #333333\">reative Commons es <\/span>una organizaci\u00f3n sin fines de lucro que promueve el intercambio y utilizaci\u00f3n legal de contenidos cubiertos por derechos de autor.\u00a0Asimismo, creo las licencias Creative Commons, que se basan en el derecho de autor y sirven para llevar la postura extrema de \u00abTodos los derechos reservados\u00bb hacia una m\u00e1s flexible, de \u00abAlgunos derechos reservados\u00bb, o en algunos casos, \u00abSin derechos reservados\u00bb<\/p>\n<p style=\"text-align: center\"><div id=\"metaslider-id-30\" style=\"max-width: 500px; margin: 0 auto;\" class=\"ml-slider-3-106-0 metaslider metaslider-nivo metaslider-30 ml-slider has-dots-nav ms-theme-default\" role=\"region\" aria-label=\"CC\" data-height=\"300\" data-width=\"500\">\n    <div id=\"metaslider_container_30\">\n        <div class='slider-wrapper theme-default'><div class='ribbon'><\/div><div id='metaslider_30' class='nivoSlider'><img loading=\"lazy\" decoding=\"async\" src=\"https:\/\/ffyh.unc.edu.ar\/materiales-educativos-abiertos\/wp-content\/uploads\/sites\/27\/2015\/09\/creative_commons_swag_contest_20072-e1442490419568-500x300.jpg\" height=\"300\" width=\"500\" data-caption=\"TilarX CC- BY. Atribuci&oacute;n \" alt=\"\" class=\"slider-30 slide-1617 msDefaultImage\" \/><img loading=\"lazy\" decoding=\"async\" src=\"https:\/\/ffyh.unc.edu.ar\/materiales-educativos-abiertos\/wp-content\/uploads\/sites\/27\/2015\/09\/creative_commons-e1442490488565-500x300.jpg\" height=\"300\" width=\"500\" data-caption=\"Dennis Skley. CC BY-ND. Atribuci&oacute;n. Sin derivadas\" alt=\"\" class=\"slider-30 slide-1551 msDefaultImage\" \/><img loading=\"lazy\" decoding=\"async\" src=\"https:\/\/ffyh.unc.edu.ar\/materiales-educativos-abiertos\/wp-content\/uploads\/sites\/27\/2015\/09\/street_creative_commons-e1442490533537-500x300.jpg\" height=\"300\" width=\"500\" data-caption=\"Giulio Zannol. CC- BY. Atribuci&oacute;n  2.0\" alt=\"\" class=\"slider-30 slide-1550 msDefaultImage\" \/><\/div><\/div>\n        \n    <\/div>\n<\/div>\n<h2><span style=\"color: #3366ff\">La filosof\u00eda de Creative Commons.<\/span><\/h2>\n<p>Te invitamos \u00a0a ver este v\u00eddeo que narra la filosof\u00eda de Creative Commons.<\/p>\n<div align=\"center\"><strong><a id=\"69f9aff77c309\" rel=\"wp-video-lightbox\" href=\"https:\/\/www.youtube.com\/watch?v=G1tyiE9XvW0&#038;width=640&#038;height=480\" title=\"\"><div class=\"wpvl_auto_thumb_box_wrapper\"><div class=\"wpvl_auto_thumb_box\"><img decoding=\"async\" src=\"https:\/\/img.youtube.com\/vi\/G1tyiE9XvW0\/0.jpg\" class=\"video_lightbox_auto_anchor_image\" alt=\"\" \/><div class=\"wpvl_auto_thumb_play\"><img decoding=\"async\" src=\"https:\/\/ffyh.unc.edu.ar\/materiales-educativos-abiertos\/wp-content\/plugins\/wp-video-lightbox\/images\/play.png\" class=\"wpvl_playbutton\" \/><\/div><\/div><\/div><\/a>    <script>\r\n    \/* <![CDATA[ *\/\r\n    jQuery(document).ready(function($){\r\n        $(function(){\r\n            var width = $(window).innerWidth();\r\n            var setwidth = parseFloat(640);\r\n            var ratio = parseFloat(0.75);\r\n            var height = parseFloat(480);\r\n            var link = 'https:\/\/www.youtube.com\/watch?v=G1tyiE9XvW0&amp;width=640&amp;height=480';\r\n            if(width < setwidth)\r\n            {\r\n                height = Math.floor(width * 0.75);\r\n                \/\/console.log(\"device width \"+width+\", set width \"+640+\", ratio \"+0.75+\", new height \"+ height);\r\n                var new_url = wpvl_paramReplace('width', link, width);\r\n                var new_url = wpvl_paramReplace('height', new_url, height);\r\n                $(\"a#69f9aff77c309\").attr('href', new_url);\r\n                \/\/console.log(new_url);\r\n            }\r\n        });\r\n    });\r\n    \/* ]]> *\/\r\n    <\/script><\/strong><\/div>\n<p>&nbsp;<\/p>\n<p style=\"text-align: justify\"><div class=\"su-tabs su-tabs-style-default su-tabs-mobile-stack\" data-active=\"1\" data-scroll-offset=\"0\" data-anchor-in-url=\"no\"><div class=\"su-tabs-nav\"><span class=\"\" data-url=\"\" data-target=\"blank\" tabindex=\"0\" role=\"button\"><strong>\u00bfQui\u00e9nes fundaron Creative Commons?<\/strong><\/span><span class=\"\" data-url=\"\" data-target=\"blank\" tabindex=\"0\" role=\"button\"><strong> \u00bf A qu\u00e9 situaciones da respuesta Creative Commons?<\/strong><\/span><\/div><div class=\"su-tabs-panes\"><div class=\"su-tabs-pane su-u-clearfix su-u-trim\" data-title=\"&lt;strong&gt;\u00bfQui\u00e9nes fundaron Creative Commons?&lt;\/strong&gt;\"> <div class=\"su-animate\" style=\"opacity:0;-webkit-animation-duration:1s;-webkit-animation-delay:0s;animation-duration:1s;animation-delay:0s;\" data-animation=\"fadeInUp\" data-duration=\"1\" data-delay=\"0\"> La organizaci\u00f3n se cre\u00f3 en el 2001 por los abogados especialistas en derecho inform\u00e1tico y copyright: James Boyle, Michael Carroll, Lawrence Lessig y Eric Saltzman, un profesor de matem\u00e1ticas Hal Abelson, y Eric Eldred, un bibliotecario. El Berkman Center for Internet &amp; Society de la Facultad de Leyes de Harvard apoy\u00f3 al proyecto en sus inicios, y en la actualidad Creative Commons cuenta con el respaldo de la Facultad de Leyes de la Universidad de Stanford. <\/div> <\/div>\n<div class=\"su-tabs-pane su-u-clearfix su-u-trim\" data-title=\"&lt;strong&gt; \u00bf A qu\u00e9 situaciones da respuesta Creative Commons?&lt;\/strong&gt;\"><div class=\"su-animate\" style=\"opacity:0;-webkit-animation-duration:1s;-webkit-animation-delay:0s;animation-duration:1s;animation-delay:0s;\" data-animation=\"fadeInUp\" data-duration=\"1\" data-delay=\"0\"> En Argentina, los derechos exclusivos de copia y distribuci\u00f3n rigen desde el momento en que un autor crea una obra. El problema es que muchos autores desean otorgar algunos permisos sobre sus obras, pero en muchos casos no indican, en un aviso legal, qu\u00e9 derechos se reservan y cu\u00e1les liberan. Y por ello, aunque deseen que otros reproduzcan, remixen, traduzcan, republiquen o publiquen en formatos anal\u00f3gicos su obra, sin este aviso legal, el beneficiario s\u00f3lo puede leerla.\u00a0Por ello, los autores pueden ejercer sus derechos tal como figura en el art. 2 de la ley N\u00ba 11.723 de Propiedad Intelectual de Argentina, \u00a0estableciendo su voluntad a trav\u00e9s de uso de una licencia CC, \u00a0qu\u00e9 derechos se reserva y cu\u00e1les desea liberar.<\/p>\n<p class=\"yt watch-title-container\"><strong><span id=\"eow-title\" class=\"watch-title \" dir=\"ltr\" style=\"color: #3366ff\" title=\"Entrevista a Lawrence Lessig - Jefatura de Gobierno\">Entrevista a Lawrence Lessig en Argentina<\/span><\/strong><\/p>\n<div align=\"center\"><a id=\"69f9aff77c58f\" rel=\"wp-video-lightbox\" href=\"https:\/\/www.youtube.com\/watch?v=2TmsNJPoXws&#038;width=640&#038;height=480\" title=\"\"><div class=\"wpvl_auto_thumb_box_wrapper\"><div class=\"wpvl_auto_thumb_box\"><img decoding=\"async\" src=\"https:\/\/img.youtube.com\/vi\/2TmsNJPoXws\/0.jpg\" class=\"video_lightbox_auto_anchor_image\" alt=\"\" \/><div class=\"wpvl_auto_thumb_play\"><img decoding=\"async\" src=\"https:\/\/ffyh.unc.edu.ar\/materiales-educativos-abiertos\/wp-content\/plugins\/wp-video-lightbox\/images\/play.png\" class=\"wpvl_playbutton\" \/><\/div><\/div><\/div><\/a>    <script>\r\n    \/* <![CDATA[ *\/\r\n    jQuery(document).ready(function($){\r\n        $(function(){\r\n            var width = $(window).innerWidth();\r\n            var setwidth = parseFloat(640);\r\n            var ratio = parseFloat(0.75);\r\n            var height = parseFloat(480);\r\n            var link = 'https:\/\/www.youtube.com\/watch?v=2TmsNJPoXws&amp;width=640&amp;height=480';\r\n            if(width < setwidth)\r\n            {\r\n                height = Math.floor(width * 0.75);\r\n                \/\/console.log(\"device width \"+width+\", set width \"+640+\", ratio \"+0.75+\", new height \"+ height);\r\n                var new_url = wpvl_paramReplace('width', link, width);\r\n                var new_url = wpvl_paramReplace('height', new_url, height);\r\n                $(\"a#69f9aff77c58f\").attr('href', new_url);\r\n                \/\/console.log(new_url);\r\n            }\r\n        });\r\n    });\r\n    \/* ]]> *\/\r\n    <\/script><\/div>\n<\/div> <\/div><\/div><\/div>\n<p>&nbsp;<\/p>\n<h6><span class=\"su-label su-label-type-info\">Lectura Sugerida<\/span><\/h6>\n<div class=\"su-note\"  style=\"border-color:#F8F8F8 ;border-radius:5px;-moz-border-radius:5px;-webkit-border-radius:5px;\"><div class=\"su-note-inner su-u-clearfix su-u-trim\" style=\"background-color:#F8F8F8 ;border-color:#F8F8F8 ;color:#333333;border-radius:5px;-moz-border-radius:5px;-webkit-border-radius:5px;\"> <a href=\"http:\/\/ffyh.unc.edu.ar\/materiales-educativos-abiertos\/wp-content\/uploads\/sites\/27\/2015\/07\/iconito-6.png\"><img loading=\"lazy\" decoding=\"async\" class=\"wp-image-2121 alignleft\" src=\"http:\/\/ffyh.unc.edu.ar\/materiales-educativos-abiertos\/wp-content\/uploads\/sites\/27\/2015\/07\/iconito-6.png\" alt=\"iconito-6\" width=\"92\" height=\"92\" srcset=\"https:\/\/ffyh.unc.edu.ar\/materiales-educativos-abiertos\/wp-content\/uploads\/sites\/27\/2015\/07\/iconito-6.png 300w, https:\/\/ffyh.unc.edu.ar\/materiales-educativos-abiertos\/wp-content\/uploads\/sites\/27\/2015\/07\/iconito-6-150x150.png 150w\" sizes=\"auto, (max-width: 92px) 100vw, 92px\" \/><\/a>Les sugerimos la siguiente lectura \u00a0sobre el \u00abPoder de lo Abierto\u00bb<\/p>\n<p><a href=\"http:\/\/www.articaonline.com\/wp- content\/uploads\/2011\/07\/El-poder-de-lo-abierto.pdf\" target=\"_blank\">Creative Commons. \u00a0El poder de la apertura<\/a>.<\/p>\n<p>&nbsp;<\/p>\n<\/div><\/div>\n","protected":false},"excerpt":{"rendered":"<p>Las licencias de Creative Commons reative Commons es una organizaci\u00f3n sin fines de lucro que promueve el intercambio y utilizaci\u00f3n legal de contenidos cubiertos por derechos de autor.\u00a0Asimismo, creo las licencias Creative Commons, que se basan en el derecho de autor y sirven para llevar la postura extrema de \u00abTodos los derechos reservados\u00bb hacia una m\u00e1s flexible, de \u00abAlgunos derechos reservados\u00bb, o en algunos casos, \u00abSin derechos reservados\u00bb La filosof\u00eda de Creative Commons. Te invitamos \u00a0a ver este v\u00eddeo que narra la filosof\u00eda de Creative Commons. &nbsp; &nbsp;<a class=\"more-link\" href=\"https:\/\/ffyh.unc.edu.ar\/materiales-educativos-abiertos\/slider\/recursos-para-elaborar-material-educativo-abierto\/las-licencias-creative-commons\/condiciones-de-las-licencias-cc\/\">Read More &rarr;<\/a><\/p>\n","protected":false},"author":22,"featured_media":0,"parent":467,"menu_order":0,"comment_status":"closed","ping_status":"closed","template":"","meta":{"_acf_changed":false,"_bbp_topic_count":0,"_bbp_reply_count":0,"_bbp_total_topic_count":0,"_bbp_total_reply_count":0,"_bbp_voice_count":0,"_bbp_anonymous_reply_count":0,"_bbp_topic_count_hidden":0,"_bbp_reply_count_hidden":0,"_bbp_forum_subforum_count":0,"footnotes":""},"class_list":["entry","page","publish","author-florencia","post-99"],"acf":[],"yoast_head":"<!-- This site is optimized with the Yoast SEO plugin v27.1.1 - https:\/\/yoast.com\/product\/yoast-seo-wordpress\/ -->\n<title>Las licencias de Creative Commons - Materiales Educativos Abiertos<\/title>\n<meta name=\"robots\" content=\"index, follow, max-snippet:-1, max-image-preview:large, max-video-preview:-1\" \/>\n<link rel=\"canonical\" href=\"https:\/\/ffyh.unc.edu.ar\/materiales-educativos-abiertos\/slider\/recursos-para-elaborar-material-educativo-abierto\/las-licencias-creative-commons\/condiciones-de-las-licencias-cc\/\" \/>\n<meta property=\"og:locale\" content=\"es_ES\" \/>\n<meta property=\"og:type\" content=\"article\" \/>\n<meta property=\"og:title\" content=\"Las licencias de Creative Commons - Materiales Educativos Abiertos\" \/>\n<meta property=\"og:description\" content=\"Las licencias de Creative Commons reative Commons es una organizaci\u00f3n sin fines de lucro que promueve el intercambio y utilizaci\u00f3n legal de contenidos cubiertos por derechos de autor.\u00a0Asimismo, creo las licencias Creative Commons, que se basan en el derecho de autor y sirven para llevar la postura extrema de \u00abTodos los derechos reservados\u00bb hacia una m\u00e1s flexible, de \u00abAlgunos derechos reservados\u00bb, o en algunos casos, \u00abSin derechos reservados\u00bb La filosof\u00eda de Creative Commons. Te invitamos \u00a0a ver este v\u00eddeo que narra la filosof\u00eda de Creative Commons. &nbsp; &nbsp;Read More &rarr;\" \/>\n<meta property=\"og:url\" content=\"https:\/\/ffyh.unc.edu.ar\/materiales-educativos-abiertos\/slider\/recursos-para-elaborar-material-educativo-abierto\/las-licencias-creative-commons\/condiciones-de-las-licencias-cc\/\" \/>\n<meta property=\"og:site_name\" content=\"Materiales Educativos Abiertos\" \/>\n<meta property=\"og:image\" content=\"http:\/\/ffyh.unc.edu.ar\/materiales-educativos-abiertos\/wp-content\/uploads\/sites\/27\/2015\/07\/iconito-6.png\" \/>\n<meta name=\"twitter:card\" content=\"summary_large_image\" \/>\n<meta name=\"twitter:label1\" content=\"Tiempo de lectura\" \/>\n\t<meta name=\"twitter:data1\" content=\"2 minutos\" \/>\n<script type=\"application\/ld+json\" class=\"yoast-schema-graph\">{\"@context\":\"https:\/\/schema.org\",\"@graph\":[{\"@type\":\"WebPage\",\"@id\":\"https:\/\/ffyh.unc.edu.ar\/materiales-educativos-abiertos\/slider\/recursos-para-elaborar-material-educativo-abierto\/las-licencias-creative-commons\/condiciones-de-las-licencias-cc\/\",\"url\":\"https:\/\/ffyh.unc.edu.ar\/materiales-educativos-abiertos\/slider\/recursos-para-elaborar-material-educativo-abierto\/las-licencias-creative-commons\/condiciones-de-las-licencias-cc\/\",\"name\":\"Las licencias de Creative Commons - Materiales Educativos Abiertos\",\"isPartOf\":{\"@id\":\"https:\/\/ffyh.unc.edu.ar\/materiales-educativos-abiertos\/#website\"},\"primaryImageOfPage\":{\"@id\":\"https:\/\/ffyh.unc.edu.ar\/materiales-educativos-abiertos\/slider\/recursos-para-elaborar-material-educativo-abierto\/las-licencias-creative-commons\/condiciones-de-las-licencias-cc\/#primaryimage\"},\"image\":{\"@id\":\"https:\/\/ffyh.unc.edu.ar\/materiales-educativos-abiertos\/slider\/recursos-para-elaborar-material-educativo-abierto\/las-licencias-creative-commons\/condiciones-de-las-licencias-cc\/#primaryimage\"},\"thumbnailUrl\":\"http:\/\/ffyh.unc.edu.ar\/materiales-educativos-abiertos\/wp-content\/uploads\/sites\/27\/2015\/07\/iconito-6.png\",\"datePublished\":\"2015-04-01T17:18:34+00:00\",\"breadcrumb\":{\"@id\":\"https:\/\/ffyh.unc.edu.ar\/materiales-educativos-abiertos\/slider\/recursos-para-elaborar-material-educativo-abierto\/las-licencias-creative-commons\/condiciones-de-las-licencias-cc\/#breadcrumb\"},\"inLanguage\":\"es\",\"potentialAction\":[{\"@type\":\"ReadAction\",\"target\":[\"https:\/\/ffyh.unc.edu.ar\/materiales-educativos-abiertos\/slider\/recursos-para-elaborar-material-educativo-abierto\/las-licencias-creative-commons\/condiciones-de-las-licencias-cc\/\"]}]},{\"@type\":\"ImageObject\",\"inLanguage\":\"es\",\"@id\":\"https:\/\/ffyh.unc.edu.ar\/materiales-educativos-abiertos\/slider\/recursos-para-elaborar-material-educativo-abierto\/las-licencias-creative-commons\/condiciones-de-las-licencias-cc\/#primaryimage\",\"url\":\"http:\/\/ffyh.unc.edu.ar\/materiales-educativos-abiertos\/wp-content\/uploads\/sites\/27\/2015\/07\/iconito-6.png\",\"contentUrl\":\"http:\/\/ffyh.unc.edu.ar\/materiales-educativos-abiertos\/wp-content\/uploads\/sites\/27\/2015\/07\/iconito-6.png\"},{\"@type\":\"BreadcrumbList\",\"@id\":\"https:\/\/ffyh.unc.edu.ar\/materiales-educativos-abiertos\/slider\/recursos-para-elaborar-material-educativo-abierto\/las-licencias-creative-commons\/condiciones-de-las-licencias-cc\/#breadcrumb\",\"itemListElement\":[{\"@type\":\"ListItem\",\"position\":1,\"name\":\"Portada\",\"item\":\"https:\/\/ffyh.unc.edu.ar\/materiales-educativos-abiertos\/\"},{\"@type\":\"ListItem\",\"position\":2,\"name\":\"Inicio\",\"item\":\"https:\/\/ffyh.unc.edu.ar\/materiales-educativos-abiertos\/\"},{\"@type\":\"ListItem\",\"position\":3,\"name\":\"\u00bfQu\u00e9 aspectos considerar cuando se dise\u00f1a un material educativo abierto?\",\"item\":\"https:\/\/ffyh.unc.edu.ar\/materiales-educativos-abiertos\/slider\/recursos-para-elaborar-material-educativo-abierto\/\"},{\"@type\":\"ListItem\",\"position\":4,\"name\":\"Las \u00ablicencias libres\u00bb como alternativa\",\"item\":\"https:\/\/ffyh.unc.edu.ar\/materiales-educativos-abiertos\/slider\/recursos-para-elaborar-material-educativo-abierto\/las-licencias-creative-commons\/\"},{\"@type\":\"ListItem\",\"position\":5,\"name\":\"Las licencias de Creative Commons\"}]},{\"@type\":\"WebSite\",\"@id\":\"https:\/\/ffyh.unc.edu.ar\/materiales-educativos-abiertos\/#website\",\"url\":\"https:\/\/ffyh.unc.edu.ar\/materiales-educativos-abiertos\/\",\"name\":\"Materiales Educativos Abiertos\",\"description\":\"\",\"potentialAction\":[{\"@type\":\"SearchAction\",\"target\":{\"@type\":\"EntryPoint\",\"urlTemplate\":\"https:\/\/ffyh.unc.edu.ar\/materiales-educativos-abiertos\/?s={search_term_string}\"},\"query-input\":{\"@type\":\"PropertyValueSpecification\",\"valueRequired\":true,\"valueName\":\"search_term_string\"}}],\"inLanguage\":\"es\"}]}<\/script>\n<!-- \/ Yoast SEO plugin. -->","yoast_head_json":{"title":"Las licencias de Creative Commons - Materiales Educativos Abiertos","robots":{"index":"index","follow":"follow","max-snippet":"max-snippet:-1","max-image-preview":"max-image-preview:large","max-video-preview":"max-video-preview:-1"},"canonical":"https:\/\/ffyh.unc.edu.ar\/materiales-educativos-abiertos\/slider\/recursos-para-elaborar-material-educativo-abierto\/las-licencias-creative-commons\/condiciones-de-las-licencias-cc\/","og_locale":"es_ES","og_type":"article","og_title":"Las licencias de Creative Commons - Materiales Educativos Abiertos","og_description":"Las licencias de Creative Commons reative Commons es una organizaci\u00f3n sin fines de lucro que promueve el intercambio y utilizaci\u00f3n legal de contenidos cubiertos por derechos de autor.\u00a0Asimismo, creo las licencias Creative Commons, que se basan en el derecho de autor y sirven para llevar la postura extrema de \u00abTodos los derechos reservados\u00bb hacia una m\u00e1s flexible, de \u00abAlgunos derechos reservados\u00bb, o en algunos casos, \u00abSin derechos reservados\u00bb La filosof\u00eda de Creative Commons. Te invitamos \u00a0a ver este v\u00eddeo que narra la filosof\u00eda de Creative Commons. &nbsp; &nbsp;Read More &rarr;","og_url":"https:\/\/ffyh.unc.edu.ar\/materiales-educativos-abiertos\/slider\/recursos-para-elaborar-material-educativo-abierto\/las-licencias-creative-commons\/condiciones-de-las-licencias-cc\/","og_site_name":"Materiales Educativos Abiertos","og_image":[{"url":"http:\/\/ffyh.unc.edu.ar\/materiales-educativos-abiertos\/wp-content\/uploads\/sites\/27\/2015\/07\/iconito-6.png","type":"","width":"","height":""}],"twitter_card":"summary_large_image","twitter_misc":{"Tiempo de lectura":"2 minutos"},"schema":{"@context":"https:\/\/schema.org","@graph":[{"@type":"WebPage","@id":"https:\/\/ffyh.unc.edu.ar\/materiales-educativos-abiertos\/slider\/recursos-para-elaborar-material-educativo-abierto\/las-licencias-creative-commons\/condiciones-de-las-licencias-cc\/","url":"https:\/\/ffyh.unc.edu.ar\/materiales-educativos-abiertos\/slider\/recursos-para-elaborar-material-educativo-abierto\/las-licencias-creative-commons\/condiciones-de-las-licencias-cc\/","name":"Las licencias de Creative Commons - Materiales Educativos Abiertos","isPartOf":{"@id":"https:\/\/ffyh.unc.edu.ar\/materiales-educativos-abiertos\/#website"},"primaryImageOfPage":{"@id":"https:\/\/ffyh.unc.edu.ar\/materiales-educativos-abiertos\/slider\/recursos-para-elaborar-material-educativo-abierto\/las-licencias-creative-commons\/condiciones-de-las-licencias-cc\/#primaryimage"},"image":{"@id":"https:\/\/ffyh.unc.edu.ar\/materiales-educativos-abiertos\/slider\/recursos-para-elaborar-material-educativo-abierto\/las-licencias-creative-commons\/condiciones-de-las-licencias-cc\/#primaryimage"},"thumbnailUrl":"http:\/\/ffyh.unc.edu.ar\/materiales-educativos-abiertos\/wp-content\/uploads\/sites\/27\/2015\/07\/iconito-6.png","datePublished":"2015-04-01T17:18:34+00:00","breadcrumb":{"@id":"https:\/\/ffyh.unc.edu.ar\/materiales-educativos-abiertos\/slider\/recursos-para-elaborar-material-educativo-abierto\/las-licencias-creative-commons\/condiciones-de-las-licencias-cc\/#breadcrumb"},"inLanguage":"es","potentialAction":[{"@type":"ReadAction","target":["https:\/\/ffyh.unc.edu.ar\/materiales-educativos-abiertos\/slider\/recursos-para-elaborar-material-educativo-abierto\/las-licencias-creative-commons\/condiciones-de-las-licencias-cc\/"]}]},{"@type":"ImageObject","inLanguage":"es","@id":"https:\/\/ffyh.unc.edu.ar\/materiales-educativos-abiertos\/slider\/recursos-para-elaborar-material-educativo-abierto\/las-licencias-creative-commons\/condiciones-de-las-licencias-cc\/#primaryimage","url":"http:\/\/ffyh.unc.edu.ar\/materiales-educativos-abiertos\/wp-content\/uploads\/sites\/27\/2015\/07\/iconito-6.png","contentUrl":"http:\/\/ffyh.unc.edu.ar\/materiales-educativos-abiertos\/wp-content\/uploads\/sites\/27\/2015\/07\/iconito-6.png"},{"@type":"BreadcrumbList","@id":"https:\/\/ffyh.unc.edu.ar\/materiales-educativos-abiertos\/slider\/recursos-para-elaborar-material-educativo-abierto\/las-licencias-creative-commons\/condiciones-de-las-licencias-cc\/#breadcrumb","itemListElement":[{"@type":"ListItem","position":1,"name":"Portada","item":"https:\/\/ffyh.unc.edu.ar\/materiales-educativos-abiertos\/"},{"@type":"ListItem","position":2,"name":"Inicio","item":"https:\/\/ffyh.unc.edu.ar\/materiales-educativos-abiertos\/"},{"@type":"ListItem","position":3,"name":"\u00bfQu\u00e9 aspectos considerar cuando se dise\u00f1a un material educativo abierto?","item":"https:\/\/ffyh.unc.edu.ar\/materiales-educativos-abiertos\/slider\/recursos-para-elaborar-material-educativo-abierto\/"},{"@type":"ListItem","position":4,"name":"Las \u00ablicencias libres\u00bb como alternativa","item":"https:\/\/ffyh.unc.edu.ar\/materiales-educativos-abiertos\/slider\/recursos-para-elaborar-material-educativo-abierto\/las-licencias-creative-commons\/"},{"@type":"ListItem","position":5,"name":"Las licencias de Creative Commons"}]},{"@type":"WebSite","@id":"https:\/\/ffyh.unc.edu.ar\/materiales-educativos-abiertos\/#website","url":"https:\/\/ffyh.unc.edu.ar\/materiales-educativos-abiertos\/","name":"Materiales Educativos Abiertos","description":"","potentialAction":[{"@type":"SearchAction","target":{"@type":"EntryPoint","urlTemplate":"https:\/\/ffyh.unc.edu.ar\/materiales-educativos-abiertos\/?s={search_term_string}"},"query-input":{"@type":"PropertyValueSpecification","valueRequired":true,"valueName":"search_term_string"}}],"inLanguage":"es"}]}},"_links":{"self":[{"href":"https:\/\/ffyh.unc.edu.ar\/materiales-educativos-abiertos\/wp-json\/wp\/v2\/pages\/99","targetHints":{"allow":["GET"]}}],"collection":[{"href":"https:\/\/ffyh.unc.edu.ar\/materiales-educativos-abiertos\/wp-json\/wp\/v2\/pages"}],"about":[{"href":"https:\/\/ffyh.unc.edu.ar\/materiales-educativos-abiertos\/wp-json\/wp\/v2\/types\/page"}],"author":[{"embeddable":true,"href":"https:\/\/ffyh.unc.edu.ar\/materiales-educativos-abiertos\/wp-json\/wp\/v2\/users\/22"}],"replies":[{"embeddable":true,"href":"https:\/\/ffyh.unc.edu.ar\/materiales-educativos-abiertos\/wp-json\/wp\/v2\/comments?post=99"}],"version-history":[{"count":0,"href":"https:\/\/ffyh.unc.edu.ar\/materiales-educativos-abiertos\/wp-json\/wp\/v2\/pages\/99\/revisions"}],"up":[{"embeddable":true,"href":"https:\/\/ffyh.unc.edu.ar\/materiales-educativos-abiertos\/wp-json\/wp\/v2\/pages\/467"}],"wp:attachment":[{"href":"https:\/\/ffyh.unc.edu.ar\/materiales-educativos-abiertos\/wp-json\/wp\/v2\/media?parent=99"}],"curies":[{"name":"wp","href":"https:\/\/api.w.org\/{rel}","templated":true}]}}