{"id":7,"date":"2010-07-13T18:53:41","date_gmt":"2010-07-13T18:53:41","guid":{"rendered":"http:\/\/www.ffyh.unc.edu.ar\/modernidades\/?page_id=6"},"modified":"2010-07-13T18:53:41","modified_gmt":"2010-07-13T18:53:41","slug":"normas-editoriales","status":"publish","type":"page","link":"https:\/\/ffyh.unc.edu.ar\/modernidades\/normas-editoriales\/","title":{"rendered":"Normas editoriales"},"content":{"rendered":"<div>\n<div><strong>CONVOCATORIA          A  PRESENTACI\u00d3N DE ARTICULOS <\/strong> El          Consejo Editor de  MODERNIDADES  invita a  investigadores          de diversas disciplinas que deseen presentar  art\u00edculos, rese\u00f1as          y avances de investigaci\u00f3n in\u00e9ditos para  publicar, previa          evaluaci\u00f3n, en la revista. Enviar el texto por  correo electr\u00f3nico          a la siguiente direcci\u00f3n:<\/div>\n<p><a href=\"mailto:modernidades@gruposyahoo.com.ar?subject=E-Modernidades\">modernidades@gruposyahoo.com.ar<\/a><\/p>\n<p>Las          <strong>normas editoriales<\/strong> que se requieren cumplir son las siguientes:<\/p>\n<p><strong>A)          CARACTERISTICAS DEL DOCUMENTO<\/strong><\/p>\n<p>\u2022 Archivo          de Word 97 o versi\u00f3n superior<\/p>\n<p>\u2022 Hoja tama\u00f1o          A4<\/p>\n<p>\u2022 Interlineado:          un espacio<\/p>\n<p>\u2022 Tipo de          letra: Times New Roman, tama\u00f1o  12<\/p>\n<p>\u2022 <strong>Abstract          en  castellano e ingl\u00e9s<\/strong> (excepto en rese\u00f1as)<\/p>\n<p><strong>B)          EXTENSION<\/strong><\/p>\n<p>ART\u00cdCULOS:<br \/>\nExtensi\u00f3n m\u00e1xima: 8000 palabras (incluidas las notas)<\/p>\n<p>RESE\u00d1AS:<br \/>\nExtensi\u00f3n m\u00e1xima: 2500 palabras.<\/p>\n<p>AVANCES DE INVESTIGACI\u00d3N:<br \/>\nExtensi\u00f3n m\u00e1xima: 3500 palabras (incluidas las notas).<\/p>\n<p><strong>c) NOTAS          FINALES<\/strong><\/p>\n<p>* Libros:<\/p>\n<p>Tenenti, Alberto,          <em>De las revueltas a  las revoluciones<\/em>, Cr\u00edtica, Barcelona,          1999, p. 64.<\/p>\n<p>(Apellido y nombre,          T\u00edtulo de la obra en  cursiva, Editorial, Lugar, A\u00f1o, p\u00e1gina.          Todo separado con  comas.)<\/p>\n<p>&#8211; Cuando se repite          la obra inmediatamente  en dos notas correlativas:<br \/>\nEjemplo:<\/p>\n<p>(1) Tenenti, Alberto,          <em>De las  revueltas a las revoluciones<\/em>, Cr\u00edtica, Barcelona,          1999, p.  64.<\/p>\n<p>(2) <em>Ibid<\/em>.,          p. 70.<\/p>\n<p>&#8211; Cuando se repite          la obra en otra parte  del art\u00edculo:<br \/>\nEjemplo:<\/p>\n<p>(1) Tenenti, Alberto,          <em>De las revueltas  a las revoluciones<\/em>, Cr\u00edtica, Barcelona,          1999, p. 64.<\/p>\n<p>(15) Tenenti, Alberto,          <em>op. cit.<\/em>,  p. 64.<\/p>\n<p>&#8211; Si hay varias obras          del mismo autor se  colocan entonces las dos primeras palabras del t\u00edtulo          seguidas  de puntos suspensivos, coma y despu\u00e9s la locuci\u00f3n          \u201cop. cit.\u201d en  cursiva:<\/p>\n<p>Tenenti Alberto,          <em>De las revueltas\u2026  op. cit.<\/em>, p. 64.<\/p>\n<p>* Art\u00edculos<\/p>\n<p>Ginzburg, Carlo,          \u201cIndicios. Ra\u00edces de un  paradigma de inferencias indiciales\u201d,          en <em>Mitos, emblemas e  indicios. Morfolog\u00eda e historia<\/em>,          Gedisa, Barcelona, 1994,  p. 138.<\/p>\n<p>(Autor del art\u00edculo,          t\u00edtulo del art\u00edculo  entre comillas, preposici\u00f3n en,          datos de la obra en la que est\u00e1  contenido el art\u00edculo como          se indic\u00f3 para el caso de los  libros).<\/p>\n<\/div>\n","protected":false},"excerpt":{"rendered":"<p>CONVOCATORIA A PRESENTACI\u00d3N DE ARTICULOS El Consejo Editor de MODERNIDADES invita a investigadores de diversas disciplinas que deseen presentar art\u00edculos, rese\u00f1as y avances de investigaci\u00f3n in\u00e9ditos para publicar, previa evaluaci\u00f3n, en la revista. Enviar el texto por correo electr\u00f3nico a la siguiente direcci\u00f3n: modernidades@gruposyahoo.com.ar Las normas editoriales que se requieren cumplir son las siguientes: A) &hellip; <a href=\"https:\/\/ffyh.unc.edu.ar\/modernidades\/normas-editoriales\/\" class=\"more-link\">Continuar leyendo<span class=\"screen-reader-text\"> \u00abNormas editoriales\u00bb<\/span><\/a><\/p>\n","protected":false},"author":1,"featured_media":0,"parent":0,"menu_order":1,"comment_status":"closed","ping_status":"open","template":"","meta":{"_acf_changed":false,"footnotes":""},"class_list":["post-7","page","type-page","status-publish","hentry"],"acf":[],"_links":{"self":[{"href":"https:\/\/ffyh.unc.edu.ar\/modernidades\/wp-json\/wp\/v2\/pages\/7","targetHints":{"allow":["GET"]}}],"collection":[{"href":"https:\/\/ffyh.unc.edu.ar\/modernidades\/wp-json\/wp\/v2\/pages"}],"about":[{"href":"https:\/\/ffyh.unc.edu.ar\/modernidades\/wp-json\/wp\/v2\/types\/page"}],"author":[{"embeddable":true,"href":"https:\/\/ffyh.unc.edu.ar\/modernidades\/wp-json\/wp\/v2\/users\/1"}],"replies":[{"embeddable":true,"href":"https:\/\/ffyh.unc.edu.ar\/modernidades\/wp-json\/wp\/v2\/comments?post=7"}],"version-history":[{"count":0,"href":"https:\/\/ffyh.unc.edu.ar\/modernidades\/wp-json\/wp\/v2\/pages\/7\/revisions"}],"wp:attachment":[{"href":"https:\/\/ffyh.unc.edu.ar\/modernidades\/wp-json\/wp\/v2\/media?parent=7"}],"curies":[{"name":"wp","href":"https:\/\/api.w.org\/{rel}","templated":true}]}}