{"id":11,"date":"2012-11-27T16:40:01","date_gmt":"2012-11-27T16:40:01","guid":{"rendered":"http:\/\/www.ffyh.unc.edu.ar\/alfilo\/obregon-cano\/?page_id=11"},"modified":"2017-09-08T14:11:34","modified_gmt":"2017-09-08T14:11:34","slug":"documental","status":"publish","type":"page","link":"https:\/\/ffyh.unc.edu.ar\/obregon-cano\/documental\/","title":{"rendered":"Documental"},"content":{"rendered":"<h2 id=\"watch-headline-title\">Ricardo Obreg\u00f3n Cano, la \u00faltima experiencia de gobierno popular<\/h2>\n<p>Documental realizado por Guillermo V\u00e1zquez de la Facultad de Filosof\u00eda y Humanidades de la UNC, con im\u00e1genes del Centro de Conservaci\u00f3n y Documentaci\u00f3n Audiovisual (UNC) y Canal 10.<br \/>\nEdici\u00f3n: Pablo Becerra (\u00c1rea de Tecnolog\u00eda Educativa, FFyH &#8211; UNC).<br \/>\n<iframe loading=\"lazy\" src=\"https:\/\/www.youtube.com\/embed\/7ycUxc660AI?rel=0\" frameborder=\"0\" width=\"480\" height=\"360\"><\/iframe><br \/>\n<iframe loading=\"lazy\" src=\"https:\/\/www.youtube.com\/embed\/Y-WFRfdoW8Y?rel=0\" frameborder=\"0\" width=\"480\" height=\"360\"><\/iframe><br \/>\n<iframe loading=\"lazy\" src=\"https:\/\/www.youtube.com\/embed\/Va7fZ3EGvFc?rel=0\" frameborder=\"0\" width=\"480\" height=\"360\"><\/iframe><br \/>\n<iframe loading=\"lazy\" width=\"480\" height=\"360\" src=\"https:\/\/www.youtube.com\/embed\/3_fa8Ec5ImA?rel=0\" frameborder=\"0\" allowfullscreen><\/iframe><br \/>\n<iframe loading=\"lazy\" width=\"480\" height=\"360\" src=\"https:\/\/www.youtube.com\/embed\/jAD8gYyXSLI?rel=0\" frameborder=\"0\" allowfullscreen><\/iframe><\/p>\n","protected":false},"excerpt":{"rendered":"<p>Ricardo Obreg\u00f3n Cano, la \u00faltima experiencia de gobierno popular Documental realizado por Guillermo V\u00e1zquez de la Facultad de Filosof\u00eda y Humanidades de la UNC, con im\u00e1genes del Centro de Conservaci\u00f3n y Documentaci\u00f3n Audiovisual (UNC) y Canal 10. Edici\u00f3n: Pablo Becerra (\u00c1rea de Tecnolog\u00eda Educativa, FFyH &#8211; UNC).<\/p>\n","protected":false},"author":1,"featured_media":0,"parent":0,"menu_order":0,"comment_status":"open","ping_status":"open","template":"","meta":{"_acf_changed":false,"footnotes":""},"class_list":["post-11","page","type-page","status-publish","hentry","nodate","item-wrap"],"acf":[],"_links":{"self":[{"href":"https:\/\/ffyh.unc.edu.ar\/obregon-cano\/wp-json\/wp\/v2\/pages\/11","targetHints":{"allow":["GET"]}}],"collection":[{"href":"https:\/\/ffyh.unc.edu.ar\/obregon-cano\/wp-json\/wp\/v2\/pages"}],"about":[{"href":"https:\/\/ffyh.unc.edu.ar\/obregon-cano\/wp-json\/wp\/v2\/types\/page"}],"author":[{"embeddable":true,"href":"https:\/\/ffyh.unc.edu.ar\/obregon-cano\/wp-json\/wp\/v2\/users\/1"}],"replies":[{"embeddable":true,"href":"https:\/\/ffyh.unc.edu.ar\/obregon-cano\/wp-json\/wp\/v2\/comments?post=11"}],"version-history":[{"count":2,"href":"https:\/\/ffyh.unc.edu.ar\/obregon-cano\/wp-json\/wp\/v2\/pages\/11\/revisions"}],"predecessor-version":[{"id":42,"href":"https:\/\/ffyh.unc.edu.ar\/obregon-cano\/wp-json\/wp\/v2\/pages\/11\/revisions\/42"}],"wp:attachment":[{"href":"https:\/\/ffyh.unc.edu.ar\/obregon-cano\/wp-json\/wp\/v2\/media?parent=11"}],"curies":[{"name":"wp","href":"https:\/\/api.w.org\/{rel}","templated":true}]}}