{"id":87,"date":"2024-04-29T21:49:17","date_gmt":"2024-04-29T19:49:17","guid":{"rendered":"https:\/\/ffyh.unc.edu.ar\/posdoctorado\/?page_id=87"},"modified":"2025-10-08T21:23:29","modified_gmt":"2025-10-08T19:23:29","slug":"postulacion","status":"publish","type":"page","link":"https:\/\/ffyh.unc.edu.ar\/posdoctorado\/postulacion\/","title":{"rendered":"Postulaci\u00f3n y Documentos"},"content":{"rendered":"<p>&nbsp;<\/p>\n<blockquote><p>Requisitos:<\/p><\/blockquote>\n<p>Podr\u00e1n formar parte de las estancias y del programa posdoctorales los\/as Doctores\/as provenientes de universidades nacionales o de universidades extranjeras. Las personas interesadas deber\u00e1n presentar un curr\u00edculum vitae y un plan de trabajo que deber\u00e1 incluirse en el marco de un programa o proyecto de investigaci\u00f3n, acreditados y radicados en los centros de investigaci\u00f3n o en las Unidades Ejecutoras de doble dependencia CONICET- UNC (CIFFyH, Museo de Antropolog\u00edas, IDACOR, IDH).<\/p>\n<p>A los efectos de posibilitar el cumplimiento de los objetivos propuestos en el plan de trabajo, el\/la candidato\/a propondr\u00e1 un\/a Director\/a que deber\u00e1 cumplir con los requisitos que se especifican en este reglamento.<br \/>\nTanto para las estancias como para el programa las postulaciones podr\u00e1n ser sobre temas libres, para lo cual se deber\u00e1n cumplir los procedimientos que prev\u00e9 el reglamento.<\/p>\n<p>Los\/as directores\/as de proyectos de investigaci\u00f3n<br \/>\nser\u00e1n los responsables de acordar con los\/as interesados\/as las postulaciones de acuerdo a los<br \/>\nobjetivos de la propuesta efectuada por el equipo de investigaci\u00f3n<\/p>\n<p><strong>Reglamento:<\/strong> <a href=\"http:\/\/ffyh.unc.edu.ar\/secyt\/wp-content\/uploads\/sites\/22\/2021\/12\/RHCD-2021-354-posdoctorado.pdf\">Resoluci\u00f3n HCD N\u00ba354\/21<\/a>, y su rectificatoria\u00a0<a href=\"http:\/\/ffyh.unc.edu.ar\/posgrado\/wp-content\/uploads\/sites\/3\/2022\/12\/31-EX-2021-00528884-UNC-ME.pdf\">HCD N\u00ba560\/22<\/a><\/p>\n<blockquote><p><strong><a href=\"http:\/\/ffyh.unc.edu.ar\/posdoctorado\/wp-content\/uploads\/sites\/50\/2025\/03\/Bases-Posdoc-2025.pdf\">Bases de la convocatoria<\/a><\/strong><\/p><\/blockquote>\n<p>&nbsp;<\/p>\n<blockquote><p>Formulario de postulaci\u00f3n: <a href=\"https:\/\/docs.google.com\/forms\/d\/e\/1FAIpQLSfz09d29PvLVNzNW0Aqrwa0_jCkqH1wiJcmfqMa_lgQoxtMww\/viewform\">ingresar<\/a><\/p><\/blockquote>\n<p>&nbsp;<\/p>\n<blockquote><p>Modelo Plan de Trabajo<\/p><\/blockquote>\n<ul>\n<li>Modelo plan de trabajo Estancias Postdoctorales: <a href=\"https:\/\/ffyh.unc.edu.ar\/posdoctorado\/wp-content\/uploads\/sites\/50\/2024\/06\/Modelo-Plan-de-trabajo-ESTANCIAS-para-pagina-web-1.docx\">descargar<\/a><\/li>\n<li>Modelo plan de trabajo Programa Postdoctoral: <a href=\"https:\/\/ffyh.unc.edu.ar\/posdoctorado\/wp-content\/uploads\/sites\/50\/2024\/06\/Modelo-Plan-de-trabajo-POSTDOCTORADO-para-pagina-web-1.docx\">descargar<\/a><\/li>\n<\/ul>\n<p>&nbsp;<\/p>\n<blockquote><p>Modelos de avales<\/p><\/blockquote>\n<p><strong>Estancias Postdoctorales:<\/strong><\/p>\n<ul>\n<li>Aval Director\/a de Plan de Trabajo: <a href=\"https:\/\/docs.google.com\/document\/d\/1hAUsswRaPFPSSj-DteX-lzrcHKpgE2Hym-B_11EBAzo\/edit?usp=drive_link\">descargar<\/a><\/li>\n<li>Aval Director\/a de Proyecto marco: <a href=\"https:\/\/docs.google.com\/document\/d\/1WYu2q4v9l-uNuDpBZxrclNUm-9jjaRkq9JFpRymafmw\/edit?usp=drive_link\">descargar<\/a><\/li>\n<li>Aval de investigador\/a o centro de investigaci\u00f3n de la Universidad en la que realiz\u00f3 el doctorado<span style=\"font-size: 1rem\">: <\/span><a style=\"background-color: white;font-size: 1rem\" href=\"https:\/\/docs.google.com\/document\/d\/1XaKNX9lijU-832IdJ0YzKW6WQ2WWBldRmdho_yAbEws\/edit?usp=drive_link\">descargar<\/a><\/li>\n<\/ul>\n<p><strong>Programa Postdoctorado:<\/strong><\/p>\n<ul>\n<li>Aval Director\/a de Plan de Trabajo: <a href=\"https:\/\/docs.google.com\/document\/d\/1QSoyyE_ChgZse8Ily4AdqIW5bJ_SobiKd5khdn4HmiY\/edit?usp=drive_link\">descargar<\/a><\/li>\n<li>Aval Director\/a de Proyecto marco: <a href=\"https:\/\/docs.google.com\/document\/d\/1Nm38m05wKUGQ9_uv-OdHb99xVAXTTx5W4d4aVA0NJbs\/edit?usp=drive_link\">descargar<\/a><\/li>\n<li>Aval de investigador\/a o centro de investigaci\u00f3n de la Universidad en la que realiz\u00f3 el doctorado: <a href=\"https:\/\/docs.google.com\/document\/d\/1nCCPvk9vFdWuHdufSo4gTEak9P7HcqpWegg5bBEtpjc\/edit?usp=drive_link\">descargar<\/a><\/li>\n<\/ul>\n<div class=\"entry-content\">\n<blockquote><p>Documentos modelo para posdoctorandos admitidos<\/p><\/blockquote>\n<ul>\n<li>Modelo para pedido de pr\u00f3rroga:\u00a0<a href=\"https:\/\/ffyh.unc.edu.ar\/posdoctorado\/solicitud-de-prorroga_modelo-de-nota\/\" target=\"_blank\" rel=\"noopener\">descargar<\/a><\/li>\n<li>Modelo para presentaci\u00f3n de informe final:\u00a0<a href=\"https:\/\/ffyh.unc.edu.ar\/posdoctorado\/estructura-informe-final-posdoctorados\/\" target=\"_blank\" rel=\"noopener\">descargar<\/a><\/li>\n<\/ul>\n<\/div>\n<blockquote><p>Consultas: <a href=\"mailto:posdoctorado@ffyh.unc.edu.ar\">posdoctorado@ffyh.unc.edu.ar<\/a><\/p><\/blockquote>\n<p>&nbsp;<\/p>\n","protected":false},"excerpt":{"rendered":"<p>&nbsp; Requisitos: Podr\u00e1n formar parte de las estancias y del programa posdoctorales los\/as Doctores\/as provenientes de universidades nacionales o de universidades extranjeras. Las personas interesadas deber\u00e1n presentar un curr\u00edculum vitae &hellip; <\/p>\n","protected":false},"author":8,"featured_media":0,"parent":0,"menu_order":0,"comment_status":"closed","ping_status":"closed","template":"","meta":{"_acf_changed":false,"footnotes":""},"class_list":["post-87","page","type-page","status-publish","hentry"],"acf":[],"_links":{"self":[{"href":"https:\/\/ffyh.unc.edu.ar\/posdoctorado\/wp-json\/wp\/v2\/pages\/87","targetHints":{"allow":["GET"]}}],"collection":[{"href":"https:\/\/ffyh.unc.edu.ar\/posdoctorado\/wp-json\/wp\/v2\/pages"}],"about":[{"href":"https:\/\/ffyh.unc.edu.ar\/posdoctorado\/wp-json\/wp\/v2\/types\/page"}],"author":[{"embeddable":true,"href":"https:\/\/ffyh.unc.edu.ar\/posdoctorado\/wp-json\/wp\/v2\/users\/8"}],"replies":[{"embeddable":true,"href":"https:\/\/ffyh.unc.edu.ar\/posdoctorado\/wp-json\/wp\/v2\/comments?post=87"}],"version-history":[{"count":23,"href":"https:\/\/ffyh.unc.edu.ar\/posdoctorado\/wp-json\/wp\/v2\/pages\/87\/revisions"}],"predecessor-version":[{"id":245,"href":"https:\/\/ffyh.unc.edu.ar\/posdoctorado\/wp-json\/wp\/v2\/pages\/87\/revisions\/245"}],"wp:attachment":[{"href":"https:\/\/ffyh.unc.edu.ar\/posdoctorado\/wp-json\/wp\/v2\/media?parent=87"}],"curies":[{"name":"wp","href":"https:\/\/api.w.org\/{rel}","templated":true}]}}