{"id":12478,"date":"2025-11-13T16:30:31","date_gmt":"2025-11-13T16:30:31","guid":{"rendered":"https:\/\/ffyh.unc.edu.ar\/posgrado\/?page_id=12478"},"modified":"2025-11-13T16:32:15","modified_gmt":"2025-11-13T16:32:15","slug":"plan-de-estudio","status":"publish","type":"page","link":"https:\/\/ffyh.unc.edu.ar\/posgrado\/maestrias\/madu\/plan-de-estudio\/","title":{"rendered":"Plan de estudio"},"content":{"rendered":"<p>El Trabajo Final de Maestr\u00eda (TFM) es el \u00faltimo requisito acad\u00e9mico a cumplir para obtener el t\u00edtulo de Magister. Ser\u00e1 individual y podr\u00e1 enmarcarse en una de las siguientes opciones:<\/p>\n<p>\u25cf Una propuesta de intervenci\u00f3n dise\u00f1ada a partir de la investigaci\u00f3n exploratoria de un problema en el campo de la docencia universitaria.<\/p>\n<p>\u25cf El desarrollo de un proyecto de investigaci\u00f3n aplicada vinculado a la docencia universitaria.<\/p>\n<p>Ver el Reglamento de la carrera en <a href=\"https:\/\/ffyh.unc.edu.ar\/posgrado\/wp-content\/uploads\/sites\/3\/2023\/06\/Reglamento-MADU-2019-FINAL-agosto-corregido.doc.pdf\">este enlace<\/a>.<\/p>\n<p>Ver Resoluciones de creaci\u00f3n de la MaDU: <a href=\"https:\/\/digesto.unc.edu.ar\/bitstream\/handle\/123456789\/399645\/RES_455_2019.pdf?sequence=1&amp;amp;isAllowed=y\">RHCD FCS 455 2019<\/a> \/ RHCD FFyH 598 2019 \/ <a href=\"https:\/\/digesto.unc.edu.ar\/bitstream\/handle\/123456789\/360436\/RHCS_29_2020.pdf?sequence=1&amp;amp;isAllowed=y\">RHCS UNC<\/a><br \/>\n<a href=\"https:\/\/digesto.unc.edu.ar\/bitstream\/handle\/123456789\/360436\/RHCS_29_2020.pdf?sequence=1&amp;amp;isAllowed=y\">29 2020<\/a> \/ Ministerio de Educaci\u00f3n <a href=\"https:\/\/ffyh.unc.edu.ar\/posgrado\/wp-content\/uploads\/sites\/3\/2023\/06\/RM-2433_22.pdf\">2433 2022<\/a><\/p>\n<p><img fetchpriority=\"high\" decoding=\"async\" class=\"alignnone wp-image-12479 size-full\" src=\"http:\/\/ffyh.unc.edu.ar\/posgrado\/wp-content\/uploads\/sites\/3\/2025\/11\/ssdf.png\" alt=\"\" width=\"533\" height=\"630\" srcset=\"https:\/\/ffyh.unc.edu.ar\/posgrado\/wp-content\/uploads\/sites\/3\/2025\/11\/ssdf.png 533w, https:\/\/ffyh.unc.edu.ar\/posgrado\/wp-content\/uploads\/sites\/3\/2025\/11\/ssdf-254x300.png 254w\" sizes=\"(max-width: 533px) 100vw, 533px\" \/><\/p>\n","protected":false},"excerpt":{"rendered":"<p>El Trabajo Final de Maestr\u00eda (TFM) es el \u00faltimo requisito acad\u00e9mico a cumplir para obtener el t\u00edtulo de Magister. Ser\u00e1<\/p>\n","protected":false},"author":5,"featured_media":0,"parent":8828,"menu_order":0,"comment_status":"closed","ping_status":"closed","template":"","meta":{"_acf_changed":false,"colormag_page_container_layout":"default_layout","colormag_page_sidebar_layout":"default_layout","footnotes":""},"class_list":["post-12478","page","type-page","status-publish","hentry"],"acf":[],"jetpack_sharing_enabled":true,"_links":{"self":[{"href":"https:\/\/ffyh.unc.edu.ar\/posgrado\/wp-json\/wp\/v2\/pages\/12478","targetHints":{"allow":["GET"]}}],"collection":[{"href":"https:\/\/ffyh.unc.edu.ar\/posgrado\/wp-json\/wp\/v2\/pages"}],"about":[{"href":"https:\/\/ffyh.unc.edu.ar\/posgrado\/wp-json\/wp\/v2\/types\/page"}],"author":[{"embeddable":true,"href":"https:\/\/ffyh.unc.edu.ar\/posgrado\/wp-json\/wp\/v2\/users\/5"}],"replies":[{"embeddable":true,"href":"https:\/\/ffyh.unc.edu.ar\/posgrado\/wp-json\/wp\/v2\/comments?post=12478"}],"version-history":[{"count":1,"href":"https:\/\/ffyh.unc.edu.ar\/posgrado\/wp-json\/wp\/v2\/pages\/12478\/revisions"}],"predecessor-version":[{"id":12480,"href":"https:\/\/ffyh.unc.edu.ar\/posgrado\/wp-json\/wp\/v2\/pages\/12478\/revisions\/12480"}],"up":[{"embeddable":true,"href":"https:\/\/ffyh.unc.edu.ar\/posgrado\/wp-json\/wp\/v2\/pages\/8828"}],"wp:attachment":[{"href":"https:\/\/ffyh.unc.edu.ar\/posgrado\/wp-json\/wp\/v2\/media?parent=12478"}],"curies":[{"name":"wp","href":"https:\/\/api.w.org\/{rel}","templated":true}]}}