{"id":27,"date":"2010-11-29T20:04:04","date_gmt":"2010-11-29T20:04:04","guid":{"rendered":"http:\/\/www.ffyh.unc.edu.ar\/posgrado\/"},"modified":"2025-12-19T15:34:48","modified_gmt":"2025-12-19T15:34:48","slug":"doctorados","status":"publish","type":"page","link":"https:\/\/ffyh.unc.edu.ar\/posgrado\/doctorados\/","title":{"rendered":"Doctorados"},"content":{"rendered":"<p>&#8211; <a href=\"https:\/\/ffyh.unc.edu.ar\/posgrado\/doctorados\/doctorado-en-ciencias-antropologicas\/\">Doctorado en Ciencias Antropol\u00f3gicas<\/a><br \/>\n&#8211; <a href=\"https:\/\/ffyh.unc.edu.ar\/posgrado\/doctorados\/doctorado-en-ciencias-de-la-educacion\/\">Doctorado en Ciencias de la Educaci\u00f3n<\/a><br \/>\n&#8211; <a href=\"https:\/\/ffyh.unc.edu.ar\/posgrado\/doctorados\/doctorado-en-filosofia\/\">Doctorado en Filosof\u00eda<\/a><br \/>\n&#8211; <a href=\"https:\/\/ffyh.unc.edu.ar\/posgrado\/doctorados\/doctorado-en-historia\/\">Doctorado en Historia<\/a><br \/>\n&#8211; <a href=\"https:\/\/ffyh.unc.edu.ar\/posgrado\/doctorados\/doctorado-en-letras\/\">Doctorado en Letras<\/a><\/p>\n<p>Doctorados co-gestionados<\/p>\n<p>&#8211; <a href=\"https:\/\/ffyh.unc.edu.ar\/posgrado\/doctorados\/doctorado-en-neurociencias\/\">Doctorado en Neurociencias<\/a><br \/>\n&#8211; <a href=\"https:\/\/ffyh.unc.edu.ar\/posgrado\/doctorados\/co-gestionados\/doctorado-en-neurociencias\/\">Doctorado en Semi\u00f3tica<\/a><\/p>\n<p><strong>Consultar informaci\u00f3n general sobre carreras de Doctorado de la Facultad de Filosof\u00eda y Humanidades, UNC: <a href=\"http:\/\/ffyh.unc.edu.ar\/posgrado\/doctorados\/informacion-general\/\" target=\"_blank\" rel=\"noopener\">Ingresar<\/a><\/strong><\/p>\n<p>&nbsp;<\/p>\n","protected":false},"excerpt":{"rendered":"<p>&#8211; Doctorado en Ciencias Antropol\u00f3gicas &#8211; Doctorado en Ciencias de la Educaci\u00f3n &#8211; Doctorado en Filosof\u00eda &#8211; Doctorado en Historia<\/p>\n","protected":false},"author":4,"featured_media":0,"parent":0,"menu_order":2,"comment_status":"closed","ping_status":"closed","template":"","meta":{"_acf_changed":false,"colormag_page_container_layout":"default_layout","colormag_page_sidebar_layout":"default_layout","footnotes":""},"class_list":["post-27","page","type-page","status-publish","hentry"],"acf":[],"jetpack_sharing_enabled":true,"_links":{"self":[{"href":"https:\/\/ffyh.unc.edu.ar\/posgrado\/wp-json\/wp\/v2\/pages\/27","targetHints":{"allow":["GET"]}}],"collection":[{"href":"https:\/\/ffyh.unc.edu.ar\/posgrado\/wp-json\/wp\/v2\/pages"}],"about":[{"href":"https:\/\/ffyh.unc.edu.ar\/posgrado\/wp-json\/wp\/v2\/types\/page"}],"author":[{"embeddable":true,"href":"https:\/\/ffyh.unc.edu.ar\/posgrado\/wp-json\/wp\/v2\/users\/4"}],"replies":[{"embeddable":true,"href":"https:\/\/ffyh.unc.edu.ar\/posgrado\/wp-json\/wp\/v2\/comments?post=27"}],"version-history":[{"count":5,"href":"https:\/\/ffyh.unc.edu.ar\/posgrado\/wp-json\/wp\/v2\/pages\/27\/revisions"}],"predecessor-version":[{"id":12646,"href":"https:\/\/ffyh.unc.edu.ar\/posgrado\/wp-json\/wp\/v2\/pages\/27\/revisions\/12646"}],"wp:attachment":[{"href":"https:\/\/ffyh.unc.edu.ar\/posgrado\/wp-json\/wp\/v2\/media?parent=27"}],"curies":[{"name":"wp","href":"https:\/\/api.w.org\/{rel}","templated":true}]}}