{"id":41,"date":"2010-11-29T20:10:36","date_gmt":"2010-11-29T20:10:36","guid":{"rendered":"http:\/\/www.ffyh.unc.edu.ar\/posgrado\/"},"modified":"2025-12-05T14:48:56","modified_gmt":"2025-12-05T14:48:56","slug":"doctorado-en-ciencias-de-la-educacion","status":"publish","type":"page","link":"https:\/\/ffyh.unc.edu.ar\/posgrado\/doctorados\/doctorado-en-ciencias-de-la-educacion\/","title":{"rendered":"Doctorado en Ciencias de la Educaci\u00f3n"},"content":{"rendered":"<p><strong>\u00a0Acreditaci\u00f3n CONEAU 85\/2017- Cat. A.\u00a0\u00a0Res. Ministerial 1548\/18<\/strong><\/p>\n<hr \/>\n<p>&nbsp;<\/p>\n<blockquote><p>Para consultar cursos o seminarios organizados por el Doctorado en Ciencias de la Educaci\u00f3n ingrese al siguiente link:<strong>\u00a0<a href=\"http:\/\/www.ffyh.unc.edu.ar\/posgrado\/tag\/doctorado-en-ciencias-de-la-educacion\/\" target=\"_blank\" rel=\"noopener noreferrer\">hacer click<\/a><\/strong><\/p><\/blockquote>\n<p>&nbsp;<\/p>\n<p><strong>OBJETIVOS:<\/strong><br \/>\n-Promover un \u00e1mbito de formaci\u00f3n y producci\u00f3n de conocimientos cient\u00edficos en el \u00e1rea educaci\u00f3n desde perspectivas multidisciplinares, que constituye un aporte relevante a las problem\u00e1ticas socioculturales, regionales, nacionales y latinoamericanas.<br \/>\n-Aportar desde la investigaci\u00f3n a la formulaci\u00f3n e implementaci\u00f3n de pol\u00edticas y proyectos educativos relativos a: espacios rurales, educaci\u00f3n de adultos, marginalidad social, necesidades especiales, formaci\u00f3n continua de docentes, gesti\u00f3n y organizaci\u00f3n de las instituciones educativas, nuevas tecnolog\u00edas en educaci\u00f3n, entre las principales tem\u00e1ticas de impacto en el contexto actual.<br \/>\n-Estimular el desarrollo de producciones cient\u00edficas potenci\u00e1ndolas de enfoques originales que enriquezcan el debate de las diferentes \u00e1reas disciplinares en el nivel nacional e internacional.<br \/>\n-Generar acciones de difusi\u00f3n e intercambio con centros de estudio e investigaci\u00f3n de reconocimiento acad\u00e9mico internacional.<\/p>\n<p><strong>PLAN DE ESTUDIOS<\/strong><\/p>\n<p>Constituye el requisito propio y espec\u00edfico para la obtenci\u00f3n del Doctorado, la redacci\u00f3n por escrito de una Tesis sobre un tema pertinente al \u00e1rea de conocimiento del Doctorado en el cual se inscribe y su posterior defensa y aprobaci\u00f3n.<br \/>\nEl postulante deber\u00e1 acreditar la comprensi\u00f3n lectora de dos idiomas extranjeros: a determinar por el Comit\u00e9 Acad\u00e9mico de la carrera pertinente para el proyecto de Tesis.<br \/>\nDeber\u00e1 tambi\u00e9n aprobar un curso de Metodolog\u00eda de la Investigaci\u00f3n y por lo menos tres cursos de Postgrado en el \u00e1rea de su especialidad.<br \/>\nEn situaciones extraordinarias en que el postulante al Doctorado justifique una larga trayectoria y conocimiento de su tema de Tesis mediante publicaciones y\/o presentaci\u00f3n de informes de investigaciones realizadas, el Comit\u00e9 Asesor podr\u00e1 exceptuar tanto la realizaci\u00f3n de cursos obligatorios como plazo m\u00ednimo de dos a\u00f1os para la presentaci\u00f3n de la Tesis.<\/p>\n<p><strong>Duraci\u00f3n<\/strong>: M\u00ednimo dos a\u00f1os, m\u00e1ximo cinco.<\/p>\n<p><strong>AUTORIDADES<\/strong><\/p>\n<p><strong>DIRECTORA<\/strong>: Dra. Alicia Ac\u00edn<\/p>\n<p><strong>COMIT\u00c9 ACAD\u00c9MICO<\/strong>:<\/p>\n<p>Dra. \u00c1gueda Marcela Sosa<br \/>\nDra Mar\u00eda del Carmen Lorenzatti<br \/>\nDra. Silvia Servetto<\/p>\n<p><strong>COMIT\u00c9 ASESOR<\/strong>:<\/p>\n<p>Dra. \u00c1gueda Marcela Sosa<br \/>\nDra. Cecilia Martinez<br \/>\nDr. Octavio Falconi<br \/>\nDra. Mar\u00eda Fernanda Delprato<br \/>\nDra. Eunice Rebolledo Fica<\/p>\n<p>&nbsp;<\/p>\n<blockquote><p><strong>Informaci\u00f3n General de Carreras de Doctorado<\/strong>: <a href=\"..\/doctorados\/informacion-general\/\" target=\"_self\" rel=\"noopener noreferrer\">hacer click<\/a><\/p><\/blockquote>\n","protected":false},"excerpt":{"rendered":"<p>\u00a0Acreditaci\u00f3n CONEAU 85\/2017- Cat. A.\u00a0\u00a0Res. Ministerial 1548\/18 &nbsp; Para consultar cursos o seminarios organizados por el Doctorado en Ciencias de<\/p>\n","protected":false},"author":4,"featured_media":0,"parent":27,"menu_order":2,"comment_status":"closed","ping_status":"closed","template":"","meta":{"_acf_changed":false,"colormag_page_container_layout":"default_layout","colormag_page_sidebar_layout":"default_layout","footnotes":""},"class_list":["post-41","page","type-page","status-publish","hentry"],"acf":[],"jetpack_sharing_enabled":true,"_links":{"self":[{"href":"https:\/\/ffyh.unc.edu.ar\/posgrado\/wp-json\/wp\/v2\/pages\/41","targetHints":{"allow":["GET"]}}],"collection":[{"href":"https:\/\/ffyh.unc.edu.ar\/posgrado\/wp-json\/wp\/v2\/pages"}],"about":[{"href":"https:\/\/ffyh.unc.edu.ar\/posgrado\/wp-json\/wp\/v2\/types\/page"}],"author":[{"embeddable":true,"href":"https:\/\/ffyh.unc.edu.ar\/posgrado\/wp-json\/wp\/v2\/users\/4"}],"replies":[{"embeddable":true,"href":"https:\/\/ffyh.unc.edu.ar\/posgrado\/wp-json\/wp\/v2\/comments?post=41"}],"version-history":[{"count":15,"href":"https:\/\/ffyh.unc.edu.ar\/posgrado\/wp-json\/wp\/v2\/pages\/41\/revisions"}],"predecessor-version":[{"id":7347,"href":"https:\/\/ffyh.unc.edu.ar\/posgrado\/wp-json\/wp\/v2\/pages\/41\/revisions\/7347"}],"up":[{"embeddable":true,"href":"https:\/\/ffyh.unc.edu.ar\/posgrado\/wp-json\/wp\/v2\/pages\/27"}],"wp:attachment":[{"href":"https:\/\/ffyh.unc.edu.ar\/posgrado\/wp-json\/wp\/v2\/media?parent=41"}],"curies":[{"name":"wp","href":"https:\/\/api.w.org\/{rel}","templated":true}]}}