{"id":5229,"date":"2016-09-13T14:14:07","date_gmt":"2016-09-13T14:14:07","guid":{"rendered":"http:\/\/www.ffyh.unc.edu.ar\/posgrado\/?page_id=5229"},"modified":"2017-07-24T17:19:32","modified_gmt":"2017-07-24T17:19:32","slug":"resumenes-de-tesis-de-doctorado","status":"publish","type":"page","link":"https:\/\/ffyh.unc.edu.ar\/posgrado\/doctorados\/resumenes-de-tesis-de-doctorado\/","title":{"rendered":"Res\u00famenes de Tesis de Doctorado"},"content":{"rendered":"<h2><strong>Para Egresados de Doctorado<\/strong><\/h2>\n<h4><strong>Planilla Resumen Tesis de Doctorado: <a href=\"https:\/\/drive.google.com\/file\/d\/0B7UfXNY2zqoDM1pmVkQtWEhLTjF3UVY4S1dVdTlpUndpUHpR\/view?usp=sharing\" target=\"_blank\" rel=\"noopener\">descargar<\/a><\/strong><\/h4>\n<p><strong>Enviar a\u00a0<a href=\"mailto:postfilo@ffyh.unc.edu.ar\">postfilo@ffyh.unc.edu.ar<\/a>\u00a0<\/strong><\/p>\n<hr \/>\n<h2><strong><span style=\"color: #800080\">Doctorado en Ciencias Antropol\u00f3gicas<\/span><\/strong><\/h2>\n<p><strong>Los humanos, los animales y el territorio. Sus interacciones en el pasado en la Sierras Pampeanas Australes, provincia de C\u00f3rdoba, Argentina<\/strong>.\u00a0Autor: Thiago S. F. da Costa<\/p>\n<ul>\n<li><a href=\"http:\/\/ffyh.unc.edu.ar\/posgrado\/wp-content\/uploads\/sites\/3\/2016\/09\/resumen-tesis-thiago-costa.pdf\" target=\"_blank\" rel=\"noopener\">Descargar resumen<\/a><\/li>\n<\/ul>\n<p><strong>Cenizas de Desintegraci\u00f3n &#8211; An\u00e1lisis de Residuos de Combusti\u00f3n de Contextos Finales de Aguada de Ambato, Catamarca, Noroeste Argentina<\/strong>.\u00a0Autor: Henrik B. Lindskoug<\/p>\n<ul>\n<li><a href=\"http:\/\/ffyh.unc.edu.ar\/posgrado\/wp-content\/uploads\/sites\/3\/2016\/09\/resumen-tesis-HB-Lindskoug.pdf\" target=\"_blank\" rel=\"noopener\">Descargar resumen<\/a><\/li>\n<\/ul>\n<h2><strong><span style=\"color: #800080\">Doctorado en Ciencias\u00a0de la Educaci\u00f3n<\/span><\/strong><\/h2>\n<p><strong>Equipos de Asesoramiento y orientaci\u00f3n Psicopedag\u00f3gica en la provincia de R\u00edo Negro<\/strong>.\u00a0Autora: Diana Mart\u00edn.<\/p>\n<ul>\n<li><a href=\"http:\/\/ffyh.unc.edu.ar\/posgrado\/wp-content\/uploads\/sites\/3\/2016\/09\/resumen-tesis-diana-martin.pdf\" target=\"_blank\" rel=\"noopener\">Descargar resumen<\/a><\/li>\n<\/ul>\n<p><strong>Aprendizaje de L\u00f3gica Informal y uso de nuevas tecnolog\u00edas para la diagramaci\u00f3n de argumentos: un estudio de caso en la Universidad Nacional de C\u00f3rdoba<\/strong>.\u00a0Autor: Federico J. Ferrero.<\/p>\n<ul>\n<li><a href=\"http:\/\/ffyh.unc.edu.ar\/posgrado\/wp-content\/uploads\/sites\/3\/2016\/09\/resumen-tesis-federico-ferrero.pdf\" target=\"_blank\" rel=\"noopener\">Descargar resumen<\/a><\/li>\n<\/ul>\n<h2><span style=\"color: #800080\"><strong>Doctorado en Filosof\u00eda <\/strong><\/span><\/h2>\n<p><strong>\u00abBiopol\u00edtica y construcci\u00f3n de la anormalidad en la sociedad disciplinaria argentina de principios del siglo XX y su resignificaci\u00f3n en el presente\u201d<\/strong>.\u00a0Autor: Mart\u00edn E. D\u00edaz<\/p>\n<ul>\n<li><a href=\"http:\/\/ffyh.unc.edu.ar\/posgrado\/wp-content\/uploads\/sites\/3\/2016\/09\/resumen-tesis-martin-diaz.pdf\" target=\"_blank\" rel=\"noopener\">Descargar resumen<\/a><\/li>\n<\/ul>\n<p><strong>\u00abSubjetivaci\u00f3n y diferencia. Dimensiones te\u00f3rico-pol\u00edticas en la producci\u00f3n de alteridades\u00bb<\/strong>.\u00a0Autor: Fernando M. S\u00e1nchez<\/p>\n<ul>\n<li><a href=\"http:\/\/ffyh.unc.edu.ar\/posgrado\/wp-content\/uploads\/sites\/3\/2016\/09\/resumen-tesis-fernando-sanchez.pdf\" target=\"_blank\" rel=\"noopener\">Descargar resumen<\/a><\/li>\n<\/ul>\n<h2><span style=\"color: #800080\"><strong>Doctorado en\u00a0Historia<\/strong><\/span><\/h2>\n<p><strong>La historiograf\u00eda de la Compa\u00f1\u00eda de Jes\u00fas. Pedro Lozano, su historiador. \u00a0<\/strong>Autora: Josefina Guadalupe Cargnel.<\/p>\n<ul>\n<li><a href=\"http:\/\/ffyh.unc.edu.ar\/posgrado\/wp-content\/uploads\/sites\/3\/2016\/09\/resumen-tesis-josefina-cargnel.pdf\" target=\"_blank\" rel=\"noopener\">Descargar resumen<\/a><\/li>\n<\/ul>\n<h2><span style=\"color: #800080\"><strong>Doctorado en Letras<\/strong><\/span><\/h2>\n<p><strong>Literatura y peronismo: configuraciones de la cultura popular en la narrativa argentina de la d\u00e9cada del 2000<\/strong>.\u00a0Autor: Juan Ezequiel Rogna.<\/p>\n<ul>\n<li><a href=\"http:\/\/ffyh.unc.edu.ar\/posgrado\/wp-content\/uploads\/sites\/3\/2016\/09\/resumen-tesis-ezequiel-rogna.pdf\" target=\"_blank\" rel=\"noopener\">Descargar resumen<\/a><\/li>\n<\/ul>\n<p><strong>Memorias de la violencia. Los cr\u00edmenes de la democracia en la novela venezolana actual.\u00a0<\/strong>Autor: Jos\u00e9 Javier Franco.<\/p>\n<ul>\n<li><a href=\"http:\/\/ffyh.unc.edu.ar\/posgrado\/wp-content\/uploads\/sites\/3\/2016\/09\/resumen-tesis-jose-franco.pdf\" target=\"_blank\" rel=\"noopener\">Descargar resumen<\/a><\/li>\n<\/ul>\n<p><strong>Problemas ling\u00fc\u00edsticos y did\u00e1cticos en torno a la\u00a0ense\u00f1anza\/aprendizaje de la lengua latina: el caso latino como categor\u00eda problem\u00e1tica<\/strong>.\u00a0Autora: Beatriz Carina Meynet<\/p>\n<ul>\n<li><a href=\"http:\/\/ffyh.unc.edu.ar\/posgrado\/wp-content\/uploads\/sites\/3\/2016\/09\/resumen-tesis-beatriz-carina-meynet.pdf\" target=\"_blank\" rel=\"noopener\">Descargar resumen<\/a><\/li>\n<\/ul>\n","protected":false},"excerpt":{"rendered":"<p>Para Egresados de Doctorado Planilla Resumen Tesis de Doctorado: descargar Enviar a\u00a0postfilo@ffyh.unc.edu.ar\u00a0 Doctorado en Ciencias Antropol\u00f3gicas Los humanos, los animales<\/p>\n","protected":false},"author":1,"featured_media":0,"parent":27,"menu_order":0,"comment_status":"closed","ping_status":"closed","template":"","meta":{"_acf_changed":false,"colormag_page_container_layout":"default_layout","colormag_page_sidebar_layout":"default_layout","footnotes":""},"class_list":["post-5229","page","type-page","status-publish","hentry"],"acf":[],"jetpack_sharing_enabled":true,"_links":{"self":[{"href":"https:\/\/ffyh.unc.edu.ar\/posgrado\/wp-json\/wp\/v2\/pages\/5229","targetHints":{"allow":["GET"]}}],"collection":[{"href":"https:\/\/ffyh.unc.edu.ar\/posgrado\/wp-json\/wp\/v2\/pages"}],"about":[{"href":"https:\/\/ffyh.unc.edu.ar\/posgrado\/wp-json\/wp\/v2\/types\/page"}],"author":[{"embeddable":true,"href":"https:\/\/ffyh.unc.edu.ar\/posgrado\/wp-json\/wp\/v2\/users\/1"}],"replies":[{"embeddable":true,"href":"https:\/\/ffyh.unc.edu.ar\/posgrado\/wp-json\/wp\/v2\/comments?post=5229"}],"version-history":[{"count":2,"href":"https:\/\/ffyh.unc.edu.ar\/posgrado\/wp-json\/wp\/v2\/pages\/5229\/revisions"}],"predecessor-version":[{"id":5746,"href":"https:\/\/ffyh.unc.edu.ar\/posgrado\/wp-json\/wp\/v2\/pages\/5229\/revisions\/5746"}],"up":[{"embeddable":true,"href":"https:\/\/ffyh.unc.edu.ar\/posgrado\/wp-json\/wp\/v2\/pages\/27"}],"wp:attachment":[{"href":"https:\/\/ffyh.unc.edu.ar\/posgrado\/wp-json\/wp\/v2\/media?parent=5229"}],"curies":[{"name":"wp","href":"https:\/\/api.w.org\/{rel}","templated":true}]}}