{"id":6039,"date":"2018-02-27T12:59:05","date_gmt":"2018-02-27T12:59:05","guid":{"rendered":"http:\/\/ffyh.unc.edu.ar\/posgrado\/?page_id=6039"},"modified":"2026-03-27T15:54:03","modified_gmt":"2026-03-27T15:54:03","slug":"maestria-en-didactica-de-la-lengua-y-la-literatura","status":"publish","type":"page","link":"https:\/\/ffyh.unc.edu.ar\/posgrado\/maestrias\/maestria-en-didactica-de-la-lengua-y-la-literatura\/","title":{"rendered":"Maestr\u00eda en Did\u00e1ctica de la Lengua y la Literatura"},"content":{"rendered":"<p><img fetchpriority=\"high\" decoding=\"async\" class=\"alignnone size-full wp-image-7780\" src=\"http:\/\/ffyh.unc.edu.ar\/posgrado\/wp-content\/uploads\/sites\/3\/2021\/03\/placas-psgrado-03-scaled.jpg\" alt=\"\" width=\"2560\" height=\"1380\" srcset=\"https:\/\/ffyh.unc.edu.ar\/posgrado\/wp-content\/uploads\/sites\/3\/2021\/03\/placas-psgrado-03-scaled.jpg 2560w, https:\/\/ffyh.unc.edu.ar\/posgrado\/wp-content\/uploads\/sites\/3\/2021\/03\/placas-psgrado-03-300x162.jpg 300w, https:\/\/ffyh.unc.edu.ar\/posgrado\/wp-content\/uploads\/sites\/3\/2021\/03\/placas-psgrado-03-1024x552.jpg 1024w, https:\/\/ffyh.unc.edu.ar\/posgrado\/wp-content\/uploads\/sites\/3\/2021\/03\/placas-psgrado-03-768x414.jpg 768w, https:\/\/ffyh.unc.edu.ar\/posgrado\/wp-content\/uploads\/sites\/3\/2021\/03\/placas-psgrado-03-1536x828.jpg 1536w, https:\/\/ffyh.unc.edu.ar\/posgrado\/wp-content\/uploads\/sites\/3\/2021\/03\/placas-psgrado-03-2048x1104.jpg 2048w\" sizes=\"(max-width: 2560px) 100vw, 2560px\" \/><\/p>\n<p>Resoluci\u00f3n Ministerial 1242\/19<\/p>\n<hr \/>\n<p>La carrera de Maestr\u00eda en Did\u00e1ctica de la Lengua y la Literatura renueva el compromiso de la UNC de contribuir con la formaci\u00f3n especializada en las teor\u00edas y pr\u00e1cticas de intervenci\u00f3n en los dominios de la Lengua y la Literatura. En esta direcci\u00f3n, se hace eco de una demanda social por la democratizaci\u00f3n de los saberes desde uno de los contextos de producci\u00f3n y distribuci\u00f3n m\u00e1s calificados: la educaci\u00f3n superior.<\/p>\n<p>La propuesta de Maestr\u00eda en Did\u00e1ctica presenta como antecedente la carrera de Especializaci\u00f3n en la Ense\u00f1anza de la Lengua y la Literatura, creada en la Facultad de Filosof\u00eda y Humanidades en el a\u00f1o 1997 y que contin\u00faa bajo la denominaci\u00f3n de Especializaci\u00f3n en Did\u00e1ctica de la Lengua y la Literatura.<\/p>\n<p>Antecedentes, experiencias y proyecciones de la Carrera de Especializaci\u00f3n motivaron a proponer un avance en la formaci\u00f3n acad\u00e9mica y profesional ampliando los espacios curriculares relativos a la did\u00e1ctica espec\u00edfica e incorporando la investigaci\u00f3n a fin de\u00a0profundizar el campo de an\u00e1lisis de las teor\u00edas y pr\u00e1cticas de la ense\u00f1anza de la lengua y la literatura.<\/p>\n<p>Desde una perspectiva de articulaci\u00f3n entre lo disciplinar y lo did\u00e1ctico, la Lengua y Literatura, como objetos de investigaci\u00f3n y de ense\u00f1anza requieren, para su abordaje, de perspectivas disciplinares e interdisciplinares que orienten el estudio recuperando el debate del campo, advirtiendo contradicciones y fracturas y reconociendo las regularidades facilitadoras de la comprensi\u00f3n de sus constructos disciplinares.<\/p>\n<p>La Carrera se inscribe en el campo de las Maestr\u00edas profesionales y tendr\u00e1 una duraci\u00f3n de seis semestres, cuatro de cursado y dos para la realizaci\u00f3n del Trabajo Final.<\/p>\n<p><strong>Cronograma de cursada 2026\/2027<\/strong>: <a href=\"https:\/\/docs.google.com\/spreadsheets\/d\/1V7oPki5v_e0TVRO0uK6zDXwZv9FBglAAAXXJkeamoe0\/edit?gid=0#gid=0\">consultar<\/a>.<\/p>\n<hr \/>\n<p><strong>Cuerpo directivo:<\/strong><\/p>\n<p>Directora: Mgter. Nora Alterman<\/p>\n<p>Co Directora: Dra. Florencia Ortiz<\/p>\n<p><strong>Comit\u00e9 Acad\u00e9mico:<\/strong><\/p>\n<p>Dra. Andrea Bocco, Dra. Patricia Rotger,\u00a0Dr. Ricardo Baquero, Lic. Graciela Herrera de Bett y Dra. Gabriela Lamelas.<\/p>\n<hr \/>\n<p><strong>Destinatarios:<\/strong><\/p>\n<p>* Egresados\/as con t\u00edtulo de Profesor\/a o Licenciado\/a de las Carreras de Letras, Ciencias de la Informaci\u00f3n o equivalentes de Universidades del pa\u00eds o del extranjero, debidamente acreditadas.<\/p>\n<p>* Egresados\/as con t\u00edtulo de Profesor\/a de Lengua y\/o Literatura de carreras de cuatro a\u00f1os de duraci\u00f3n de Institutos Superior de Formaci\u00f3n Docente.<\/p>\n<hr \/>\n<p><strong>T\u00edtulo: \u201cMagister en Did\u00e1ctica de la Lengua y la Literatura\u201d<\/strong><\/p>\n<p><strong>Objetivos:<\/strong><\/p>\n<ul>\n<li>Comprender la inscripci\u00f3n sociocultural de los saberes de la Lengua y la Literatura en cuanto pr\u00e1cticas sociales, diversas y complejas, que inciden en la constituci\u00f3n de identidades socioculturales, la inclusi\u00f3n educativa y la democratizaci\u00f3n de los conocimientos.<\/li>\n<li>Profundizar el conocimiento de los campos disciplinares de la Lengua, la Literatura y su did\u00e1ctica abordando tem\u00e1ticas y l\u00edneas de investigaci\u00f3n que den cuenta de la producci\u00f3n en el \u00e1rea y los renovados aportes interdisciplinarios, para atender a las actuales demandas educativas.<\/li>\n<li>Promover la formaci\u00f3n de profesionales con definidas capacidades para la intervenci\u00f3n en tareas de dise\u00f1o, programaci\u00f3n y asesoramiento en relaci\u00f3n a la Did\u00e1ctica de la Lengua y la Literatura.<\/li>\n<li>Favorecer el desarrollo de competencias pedag\u00f3gicas contextuales que posibiliten la inserci\u00f3n del Mag\u00edster en proyectos pol\u00edticos-pedag\u00f3gicos, institucionales y curriculares del campo espec\u00edfico.<\/li>\n<li>Promover la investigaci\u00f3n y la construcci\u00f3n de conocimientos en estas \u00e1reas con el fin de proveer una mejor interpretaci\u00f3n de las experiencias para sostener propuestas de innovaciones pedag\u00f3gicas en las pr\u00e1cticas educativas.<\/li>\n<\/ul>\n<p>&nbsp;<\/p>\n<p><strong>Perfil del Egresado<\/strong><\/p>\n<p>El proyecto se propone la formaci\u00f3n de profesionales conscientes de la responsabilidad \u00e9tico-profesional en el proceso de transmisi\u00f3n, reconstrucci\u00f3n y producci\u00f3n del conocimiento, capacitados te\u00f3rica y metodol\u00f3gicamente para:<\/p>\n<ul>\n<li>Comprender la Lengua y la Literatura como pr\u00e1cticas sociales cuyos conocimientos aportan a la inclusi\u00f3n, la construcci\u00f3n de ciudadan\u00eda y la democratizaci\u00f3n de los saberes.<\/li>\n<li>Identificar las posiciones dominantes en el campo de la Did\u00e1ctica de la Lengua y la Literatura, interpretando los debates que se generan por los avances y desarrollos actuales de las disciplinas involucradas.<\/li>\n<li>Analizar cr\u00edticamente propuestas pol\u00edtico-pedag\u00f3gicas, dise\u00f1ar materiales y proyectos did\u00e1cticos que aporten elementos para las tareas de dise\u00f1o curricular y de gesti\u00f3n institucional con car\u00e1cter innovador.<\/li>\n<li>Desarrollar y profundizar conocimientos y pr\u00e1cticas de investigaci\u00f3n que busquen incidir en la realidad socio-educativa y consolidar el campo profesional.<\/li>\n<li>Producir dispositivos innovadores para la ense\u00f1anza de la Lengua y la Literatura a partir de la profundizaci\u00f3n del conocimiento de su did\u00e1ctica y el desarrollo de investigaciones educativas y de competencias para la intervenci\u00f3n, gesti\u00f3n y formulaci\u00f3n de programas espec\u00edficos.<\/li>\n<\/ul>\n<p>&nbsp;<\/p>\n<p><strong>Duraci\u00f3n: <\/strong>Seis semestres, cuatro de cursado y dos para la realizaci\u00f3n del Trabajo Final.<\/p>\n<p><strong>Modalidad<\/strong>: Presencial sincr\u00f3nica (clases h\u00edbridas)<\/p>\n<hr \/>\n<p><em><b>Aranceles a contar de febrero de 2026:<\/b><\/em><\/p>\n<ul>\n<li>Matr\u00edcula: $65000<\/li>\n<li>24 cuotas mensuales:<br \/>\nValor de la cuota: $65000<\/li>\n<li>Cursos para estudiantes externxs<b>: <\/b>$75000<\/li>\n<\/ul>\n<hr \/>\n<p><strong>Ver:<\/strong><\/p>\n<p>Plan de Estudios (<a href=\"https:\/\/drive.google.com\/file\/d\/17afvSNMZiLAHYq9NEUJo8dZP1mMhABJ6\/view?usp=sharing\">enlace<\/a>)<\/p>\n<p>Reglamento (<a href=\"https:\/\/drive.google.com\/file\/d\/1FYiRn0sXSUbyazPJjc0Dk6R5gKpNnd7v\/view?usp=sharing\">enlace<\/a>)<\/p>\n<hr \/>\n<p><strong>Consultas:<\/strong><\/p>\n<p>Lic. Milagros Flores<\/p>\n<p>Lic. Tal\u00eda Robino<\/p>\n<p>Correo electr\u00f3nico:\u00a0<a href=\"https:\/\/ffyh.unc.edu.ar\/posgrado\/especializaciones\/especializacion-en-la-didactica-de-la-lengua-y-la-literatura\/esplite@ffyh.unc.edu.ar\">esplite@ffyh.unc.edu.ar<\/a><\/p>\n","protected":false},"excerpt":{"rendered":"<p>Resoluci\u00f3n Ministerial 1242\/19 La carrera de Maestr\u00eda en Did\u00e1ctica de la Lengua y la Literatura renueva el compromiso de la<\/p>\n","protected":false},"author":2,"featured_media":0,"parent":30,"menu_order":0,"comment_status":"closed","ping_status":"closed","template":"","meta":{"_acf_changed":false,"colormag_page_container_layout":"default_layout","colormag_page_sidebar_layout":"default_layout","footnotes":""},"class_list":["post-6039","page","type-page","status-publish","hentry"],"acf":[],"jetpack_sharing_enabled":true,"_links":{"self":[{"href":"https:\/\/ffyh.unc.edu.ar\/posgrado\/wp-json\/wp\/v2\/pages\/6039","targetHints":{"allow":["GET"]}}],"collection":[{"href":"https:\/\/ffyh.unc.edu.ar\/posgrado\/wp-json\/wp\/v2\/pages"}],"about":[{"href":"https:\/\/ffyh.unc.edu.ar\/posgrado\/wp-json\/wp\/v2\/types\/page"}],"author":[{"embeddable":true,"href":"https:\/\/ffyh.unc.edu.ar\/posgrado\/wp-json\/wp\/v2\/users\/2"}],"replies":[{"embeddable":true,"href":"https:\/\/ffyh.unc.edu.ar\/posgrado\/wp-json\/wp\/v2\/comments?post=6039"}],"version-history":[{"count":57,"href":"https:\/\/ffyh.unc.edu.ar\/posgrado\/wp-json\/wp\/v2\/pages\/6039\/revisions"}],"predecessor-version":[{"id":12872,"href":"https:\/\/ffyh.unc.edu.ar\/posgrado\/wp-json\/wp\/v2\/pages\/6039\/revisions\/12872"}],"up":[{"embeddable":true,"href":"https:\/\/ffyh.unc.edu.ar\/posgrado\/wp-json\/wp\/v2\/pages\/30"}],"wp:attachment":[{"href":"https:\/\/ffyh.unc.edu.ar\/posgrado\/wp-json\/wp\/v2\/media?parent=6039"}],"curies":[{"name":"wp","href":"https:\/\/api.w.org\/{rel}","templated":true}]}}