{"id":66,"date":"2010-11-30T20:01:36","date_gmt":"2010-11-30T20:01:36","guid":{"rendered":"http:\/\/www.ffyh.unc.edu.ar\/posgrado\/"},"modified":"2026-03-26T12:32:09","modified_gmt":"2026-03-26T12:32:09","slug":"especializacion-en-adolescencia","status":"publish","type":"page","link":"https:\/\/ffyh.unc.edu.ar\/posgrado\/especializaciones\/especializacion-en-adolescencia\/","title":{"rendered":"Especializaci\u00f3n en Adolescencia"},"content":{"rendered":"<p>Res. HCS-UNC N\u00b0 81\/05, Res. CONEAU 452\/2013, Res. Ministerio de Educaci\u00f3n 445\/08, <a href=\"https:\/\/digesto.unc.edu.ar\/handle\/123456789\/413595\">Res. HCS-UNC N\u00b0 1081\/ 22<\/a>, Res. CONEAU 255\/2023.<\/p>\n<p><em>Carrera cogestionada entre la Facultad de Filosof\u00eda y Humanidades y la Facultad de Psicolog\u00eda.<\/em><\/p>\n<hr \/>\n<p>Plan de estudios (<a href=\"http:\/\/ffyh.unc.edu.ar\/posgrado\/wp-content\/uploads\/sites\/3\/2024\/07\/PLAN-DE-ESTUDIOS.pdf\">aqu\u00ed<\/a>)<\/p>\n<p>Reglamento (<a href=\"http:\/\/ffyh.unc.edu.ar\/posgrado\/wp-content\/uploads\/sites\/3\/2024\/08\/RHCD-FFYH-329-2022_AnexoII_Reglamento_EA.pdf\">aqu\u00ed<\/a>)<\/p>\n<hr \/>\n<p><strong>Presentaci\u00f3n de la carrera<\/strong><\/p>\n<p>La Especializaci\u00f3n brinda un abordaje integral de las problem\u00e1ticas de las\/os adolescentes, teniendo<br \/>\nen cuenta la multi-dimensionalidad de la realidad social. Para ello, parte de supuestos b\u00e1sicos que<br \/>\nconsideran el impacto en las subjetividades de las\/os adolescentes debido a las recientes<br \/>\ntransformaciones sociales, y propone contenidos transversales que abordan problem\u00e1ticas<br \/>\npreponderantes en la actualidad, tales como diversidad, g\u00e9nero y derechos, entre otros. En este<br \/>\nsentido, la carrera ofrece adem\u00e1s instancias de reflexi\u00f3n y de acci\u00f3n que permitan fortalecer y<br \/>\ndesarrollar estrategias de intervenci\u00f3n con adolescentes.<\/p>\n<p><strong>Objetivos:<\/strong><\/p>\n<p>1. Proporcionar formaci\u00f3n superior reflexiva y cr\u00edtica en un marco interdisciplinario<br \/>\npara el desempe\u00f1o profesional con adolescentes.<br \/>\n2. Capacitar para la elaboraci\u00f3n y la evaluaci\u00f3n de proyectos de impacto institucional<br \/>\nvinculados con adolescentes.<br \/>\n3. Contribuir con herramientas te\u00f3rico-metodol\u00f3gicas, procedentes de distintas \u00e1reas, al<br \/>\ndesarrollo de estrategias de intervenci\u00f3n con adolescentes.<br \/>\n4. Promover el trabajo colaborativo en equipos interdisciplinarios que trabajan con<br \/>\nadolescentes para aportar al dise\u00f1o de pol\u00edticas p\u00fablicas.<\/p>\n<p><strong>Dirigida a<\/strong>:<\/p>\n<p>Egresadas\/os del campo de la Psicolog\u00eda, Psicopedagog\u00eda, Ciencias de la Educaci\u00f3n, Trabajo Social,<br \/>\nCiencias Sociales, disciplinas afines y de Profesorados Nivel Terciario cuyo Plan de Estudios posea 4<br \/>\na\u00f1os de duraci\u00f3n como m\u00ednimo.<\/p>\n<p><strong>T\u00edtulo que se otorga<\/strong>:<\/p>\n<p>\u201cEspecialista en Adolescencia con menci\u00f3n en Educaci\u00f3n\u201d o \u201cEspecialista en Adolescencia con<br \/>\nmenci\u00f3n en Psicolog\u00eda del Desarrollo\u201d<\/p>\n<p><strong>Cursado<\/strong> :<br \/>\nLa carrera es de modalidad presencial con instancias virtuales (sincr\u00f3nicas y asincr\u00f3nicas). Las<br \/>\ninstancias presenciales ser\u00e1n de asistencia a 3 (tres) jornadas en la sede de la Facultad de Filosof\u00eda y<br \/>\nHumanidades de la Universidad Nacional de C\u00f3rdoba.<\/p>\n<p><strong>Duraci\u00f3n<\/strong> :<\/p>\n<p>Tres cuatrimestres y realizaci\u00f3n de Trabajo Final de Integraci\u00f3n.<br \/>\nLa carrera se encuentra organizada en 5 (cinco) Seminarios pertenecientes al tramo com\u00fan de la<br \/>\ncarrera, 5 (cinco) Seminarios espec\u00edficos para cada Menci\u00f3n y 1 (un) Taller de Escritura Acad\u00e9mica.<\/p>\n<p><strong>Preinscripci\u00f3n 2024<\/strong>: Hasta el 5 de Julio de 2024<br \/>\nCompletar los datos y subir la documentaci\u00f3n en formato PDF (DNI, T\u00edtulo, Nota dirigida al Comit\u00e9<br \/>\nAcad\u00e9mico de la carrera explicitando intereses en el cursado y CV nominal con foto) en el siguiente<br \/>\nFormulario.<\/p>\n<hr \/>\n<p><em><strong>Arancel a contar de febrero de 2026<\/strong>:<\/em><\/p>\n<p>Matr\u00edcula Anual: $65000.<\/p>\n<p>Quince cuotas mensuales de $65000.<\/p>\n<p>Cursos para alumnxs externxs:<b>\u00a0$<\/b>75000.<\/p>\n<hr \/>\n<p><strong>Requisitos de ingreso<\/strong>:<\/p>\n<p>Poseer T\u00edtulo de Grado en Ciencias Sociales, Psicolog\u00eda, Trabajo Social, Ciencias de la<br \/>\nEducaci\u00f3n y disciplinas afines; o T\u00edtulo de Nivel Terciario de Profesorados con 4 a\u00f1os de duraci\u00f3n como m\u00ednimo.<\/p>\n<hr \/>\n<p><strong>Informaci\u00f3n y contacto<\/strong>:<\/p>\n<p><strong>Correo electr\u00f3nico<\/strong>: especializacion.adolescencia@ffyh.unc.edu.ar<\/p>\n<p><a href=\"https:\/\/psicologia.unc.edu.ar\/carreras\/especializacion-en-adolescencia\/\">https:\/\/psicologia.unc.edu.ar\/carreras\/especializacion-en-adolescencia\/<\/a><br \/>\n<a href=\"http:\/\/ffyh.unc.edu.ar\/posgrado\/wp-content\/uploads\/sites\/3\/2024\/07\/PLAN-DE-ESTUDIOS.pdf\">https:\/\/ffyh.unc.edu.ar\/posgrado\/especializaciones\/especializacion-en- adolescencia\/<\/a><\/p>\n<p>\u2014\u2014\u2014\u2014\u2014\u2014\u2014\u2014\u2014\u2014\u2014\u2014\u2014\u2014\u2014-<\/p>\n<p><b>Autoridades<\/b><\/p>\n<p><strong>Directora<\/strong>: Mgter. Laura Mui\u00f1o<br \/>\n<strong>Codirectora<\/strong>: Dra. Leticia Luque<br \/>\n<strong>Coordinador Acad\u00e9mico<\/strong>: Dr. Mat\u00edas Dreizik<\/p>\n<p><b>Comit\u00e9 Acad\u00e9mico<\/b><\/p>\n<p>&#8211; Dr. Javier Aguirre<br \/>\n&#8211; Esp. Vanesa Partepilo<\/p>\n<p><b>Secretaria t\u00e9cnica de la carrera<\/b><\/p>\n<p>Lic. Tal\u00eda Robino<\/p>\n<p>&nbsp;<\/p>\n<hr \/>\n<p><strong>Importante<\/strong>:<br \/>\nLa Especializaci\u00f3n no otorga puntaje docente en s\u00ed misma; pero \u2013 en tanto carrera de Posgrado<br \/>\nacreditada por CONEAU- cada Jurisdicci\u00f3n educativa otorga el puntaje correspondiente a las<br \/>\nEspecializaciones de acuerdo al Nivel en el que se desempe\u00f1an lxs egresadxs.<\/p>\n","protected":false},"excerpt":{"rendered":"<p>Res. HCS-UNC N\u00b0 81\/05, Res. CONEAU 452\/2013, Res. Ministerio de Educaci\u00f3n 445\/08, Res. HCS-UNC N\u00b0 1081\/ 22, Res. CONEAU 255\/2023.<\/p>\n","protected":false},"author":4,"featured_media":5996,"parent":32,"menu_order":1,"comment_status":"closed","ping_status":"closed","template":"","meta":{"_acf_changed":false,"saved_in_kubio":false,"colormag_page_container_layout":"default_layout","colormag_page_sidebar_layout":"default_layout","footnotes":""},"class_list":["post-66","page","type-page","status-publish","has-post-thumbnail","hentry"],"acf":[],"kubio_ai_page_context":{"short_desc":"","purpose":"general"},"jetpack_sharing_enabled":true,"_links":{"self":[{"href":"https:\/\/ffyh.unc.edu.ar\/posgrado\/wp-json\/wp\/v2\/pages\/66","targetHints":{"allow":["GET"]}}],"collection":[{"href":"https:\/\/ffyh.unc.edu.ar\/posgrado\/wp-json\/wp\/v2\/pages"}],"about":[{"href":"https:\/\/ffyh.unc.edu.ar\/posgrado\/wp-json\/wp\/v2\/types\/page"}],"author":[{"embeddable":true,"href":"https:\/\/ffyh.unc.edu.ar\/posgrado\/wp-json\/wp\/v2\/users\/4"}],"replies":[{"embeddable":true,"href":"https:\/\/ffyh.unc.edu.ar\/posgrado\/wp-json\/wp\/v2\/comments?post=66"}],"version-history":[{"count":52,"href":"https:\/\/ffyh.unc.edu.ar\/posgrado\/wp-json\/wp\/v2\/pages\/66\/revisions"}],"predecessor-version":[{"id":12851,"href":"https:\/\/ffyh.unc.edu.ar\/posgrado\/wp-json\/wp\/v2\/pages\/66\/revisions\/12851"}],"up":[{"embeddable":true,"href":"https:\/\/ffyh.unc.edu.ar\/posgrado\/wp-json\/wp\/v2\/pages\/32"}],"wp:featuredmedia":[{"embeddable":true,"href":"https:\/\/ffyh.unc.edu.ar\/posgrado\/wp-json\/wp\/v2\/media\/5996"}],"wp:attachment":[{"href":"https:\/\/ffyh.unc.edu.ar\/posgrado\/wp-json\/wp\/v2\/media?parent=66"}],"curies":[{"name":"wp","href":"https:\/\/api.w.org\/{rel}","templated":true}]}}