{"id":9763,"date":"2023-10-10T14:40:18","date_gmt":"2023-10-10T14:40:18","guid":{"rendered":"https:\/\/ffyh.unc.edu.ar\/posgrado\/?page_id=9763"},"modified":"2025-02-26T15:48:54","modified_gmt":"2025-02-26T15:48:54","slug":"trabajo-final-maestria-en-didactica-de-la-lengua-y-la-literatura","status":"publish","type":"page","link":"https:\/\/ffyh.unc.edu.ar\/posgrado\/trabajo-final-maestria-en-didactica-de-la-lengua-y-la-literatura\/","title":{"rendered":"Trabajo final Maestr\u00eda en Did\u00e1ctica de la Lengua y la Literatura"},"content":{"rendered":"<p>Acceder a las orientaciones para trabajo final de la Maestr\u00eda en Did\u00e1ctica de la Lengua y la Literatura <strong><a href=\"http:\/\/ffyh.unc.edu.ar\/posgrado\/wp-content\/uploads\/sites\/3\/2025\/02\/Orientaciones-TF-MAESTRIA.docx-5.pdf\">aqu\u00ed<\/a>.<\/strong><\/p>\n","protected":false},"excerpt":{"rendered":"<p>Acceder a las orientaciones para trabajo final de la Maestr\u00eda en Did\u00e1ctica de la Lengua y la Literatura aqu\u00ed.<\/p>\n","protected":false},"author":5,"featured_media":0,"parent":0,"menu_order":0,"comment_status":"closed","ping_status":"closed","template":"","meta":{"_acf_changed":false,"colormag_page_container_layout":"default_layout","colormag_page_sidebar_layout":"default_layout","footnotes":""},"class_list":["post-9763","page","type-page","status-publish","hentry"],"acf":[],"jetpack_sharing_enabled":true,"_links":{"self":[{"href":"https:\/\/ffyh.unc.edu.ar\/posgrado\/wp-json\/wp\/v2\/pages\/9763","targetHints":{"allow":["GET"]}}],"collection":[{"href":"https:\/\/ffyh.unc.edu.ar\/posgrado\/wp-json\/wp\/v2\/pages"}],"about":[{"href":"https:\/\/ffyh.unc.edu.ar\/posgrado\/wp-json\/wp\/v2\/types\/page"}],"author":[{"embeddable":true,"href":"https:\/\/ffyh.unc.edu.ar\/posgrado\/wp-json\/wp\/v2\/users\/5"}],"replies":[{"embeddable":true,"href":"https:\/\/ffyh.unc.edu.ar\/posgrado\/wp-json\/wp\/v2\/comments?post=9763"}],"version-history":[{"count":6,"href":"https:\/\/ffyh.unc.edu.ar\/posgrado\/wp-json\/wp\/v2\/pages\/9763\/revisions"}],"predecessor-version":[{"id":11423,"href":"https:\/\/ffyh.unc.edu.ar\/posgrado\/wp-json\/wp\/v2\/pages\/9763\/revisions\/11423"}],"wp:attachment":[{"href":"https:\/\/ffyh.unc.edu.ar\/posgrado\/wp-json\/wp\/v2\/media?parent=9763"}],"curies":[{"name":"wp","href":"https:\/\/api.w.org\/{rel}","templated":true}]}}