{"id":113,"date":"2023-03-27T16:16:43","date_gmt":"2023-03-27T16:16:43","guid":{"rendered":"https:\/\/ffyh.unc.edu.ar\/prii\/?page_id=113"},"modified":"2023-03-27T16:16:43","modified_gmt":"2023-03-27T16:16:43","slug":"reconocimiento-de-equivalencias-por-convenios-internacionales","status":"publish","type":"page","link":"https:\/\/ffyh.unc.edu.ar\/prii\/reconocimiento-de-equivalencias-por-convenios-internacionales\/","title":{"rendered":"Reconocimiento de Equivalencias por Convenios internacionales"},"content":{"rendered":"<p>Si cursaste parte de tus estudios en una Universidad extranjera en el marco de alg\u00fan programa de intercambio estudiantil comprendido en la\u00a0<strong><a href=\"https:\/\/blogs.ffyh.unc.edu.ar\/casaVerde\/files\/2021\/02\/OHCS_4_2011.pdf\">Ordenanza HCS 4\/11<\/a><\/strong>, una vez finalizada tu estancia deb\u00e9s solicitar el reconocimiento de las materias cursadas. Para ello ten\u00e9s que iniciar un expediente, enviando un correo a la Mesa de Entradas de la FFyH:\u00a0<strong><a href=\"mailto:mesadeentradas@ffyh.unc.edu.ar\">mesadeentradas@ffyh.unc.edu.ar<\/a><\/strong>\u00a0con la siguiente documentaci\u00f3n obligatoria para iniciar el Expediente\u00a0<strong>electr\u00f3nico<\/strong>\u00a0por GDE:<\/p>\n<p>Documentaci\u00f3n para enviar e iniciar expediente:<\/p>\n<ul>\n<li>Formulario de solicitud de reconocimiento acad\u00e9mico que figura como\u00a0<a href=\"https:\/\/blogs.ffyh.unc.edu.ar\/casaVerde\/files\/2021\/02\/OHCS_4_2011_Anexo-III.pdf\">Anexo III<\/a>.<\/li>\n<li>Los programas de las asignaturas cursadas y aprobadas (firmadas y selladas por la autoridad competente en la universidad de destino). Si correspondiere, se deber\u00e1n adjuntar los programas traducidos al espa\u00f1ol.<\/li>\n<li>La Escala de Calificaciones (firmada y sellada por la universidad de destino).<\/li>\n<li>El respectivo formulario de CE o el CE modificado, si fuese el caso.<\/li>\n<\/ul>\n<p>&nbsp;<\/p>\n<blockquote><p>IMPORTANTE: Ten\u00e9 en cuenta que la aprobaci\u00f3n formal de la equivalencia queda sujeta a la revisi\u00f3n de los programas por parte de Directorxs de Escuela\/Departamentos, o bien coordinadores de \u00e1rea en los casos en lo que corresponda a la Carrera. Por eso es importante que, a la hora de elegir las materias a cursar en la Universidad de destino, consultes con\u00a0coordinadorxs de \u00e1rea o docentes de tu carrera si ten\u00e9s dudas sobre la pertinencia.<\/p><\/blockquote>\n<p>&nbsp;<\/p>\n","protected":false},"excerpt":{"rendered":"<p>Si cursaste parte de tus estudios en una Universidad extranjera en el marco de alg\u00fan programa de intercambio estudiantil comprendido en la\u00a0Ordenanza HCS 4\/11, una vez finalizada tu estancia deb\u00e9s solicitar el reconocimiento de las materias cursadas. Para ello ten\u00e9s que iniciar un expediente, enviando un correo a la Mesa de Entradas de la FFyH:\u00a0mesadeentradas@ffyh.unc.edu.ar\u00a0con &hellip; <\/p>\n<p><a class=\"more-link btn\" href=\"https:\/\/ffyh.unc.edu.ar\/prii\/reconocimiento-de-equivalencias-por-convenios-internacionales\/\">Seguir leyendo<\/a><\/p>\n","protected":false},"author":2,"featured_media":0,"parent":0,"menu_order":0,"comment_status":"closed","ping_status":"closed","template":"","meta":{"_acf_changed":false,"footnotes":""},"class_list":["post-113","page","type-page","status-publish","hentry","nodate","item-wrap"],"acf":[],"_links":{"self":[{"href":"https:\/\/ffyh.unc.edu.ar\/prii\/wp-json\/wp\/v2\/pages\/113","targetHints":{"allow":["GET"]}}],"collection":[{"href":"https:\/\/ffyh.unc.edu.ar\/prii\/wp-json\/wp\/v2\/pages"}],"about":[{"href":"https:\/\/ffyh.unc.edu.ar\/prii\/wp-json\/wp\/v2\/types\/page"}],"author":[{"embeddable":true,"href":"https:\/\/ffyh.unc.edu.ar\/prii\/wp-json\/wp\/v2\/users\/2"}],"replies":[{"embeddable":true,"href":"https:\/\/ffyh.unc.edu.ar\/prii\/wp-json\/wp\/v2\/comments?post=113"}],"version-history":[{"count":1,"href":"https:\/\/ffyh.unc.edu.ar\/prii\/wp-json\/wp\/v2\/pages\/113\/revisions"}],"predecessor-version":[{"id":114,"href":"https:\/\/ffyh.unc.edu.ar\/prii\/wp-json\/wp\/v2\/pages\/113\/revisions\/114"}],"wp:attachment":[{"href":"https:\/\/ffyh.unc.edu.ar\/prii\/wp-json\/wp\/v2\/media?parent=113"}],"curies":[{"name":"wp","href":"https:\/\/api.w.org\/{rel}","templated":true}]}}