{"id":464,"date":"2025-09-24T17:57:33","date_gmt":"2025-09-24T17:57:33","guid":{"rendered":"https:\/\/ffyh.unc.edu.ar\/prii\/?page_id=464"},"modified":"2025-09-24T17:57:33","modified_gmt":"2025-09-24T17:57:33","slug":"mapa-interactivo-de-internacionalizacion","status":"publish","type":"page","link":"https:\/\/ffyh.unc.edu.ar\/prii\/mapa-interactivo-de-internacionalizacion\/","title":{"rendered":"Mapa interactivo de internacionalizaci\u00f3n"},"content":{"rendered":"<p class=\"\" data-start=\"259\" data-end=\"630\">El <em>Mapa de Internacionalizaci\u00f3n<\/em> de la ciencia re\u00fane y visibiliza las diversas formas de cooperaci\u00f3n internacional desarrolladas por equipos de investigaci\u00f3n de la Facultad de Filosof\u00eda y Humanidades de la UNC. Fue elaborado a partir de los <a href=\"https:\/\/ffyh.unc.edu.ar\/prii\/portafolios-de-internacionalizacion-de-la-ciencia\/\">portafolios<\/a> presentados por los proyectos acreditados y de las respuestas al cuestionario de internacionalizaci\u00f3n realizado a principios de 2024.<\/p>\n<h4 data-start=\"206\" data-end=\"257\">\u00bfC\u00f3mo usar el Mapa de Internacionalizaci\u00f3n?<\/h4>\n<h4>Pod\u00e9s:<\/h4>\n<p><strong data-start=\"659\" data-end=\"694\">Filtrar por \u00e1reas disciplinares<\/strong>, organizadas seg\u00fan la estructura de escuelas y departamentos de la Facultad.<br data-start=\"771\" data-end=\"774\" \/><strong data-start=\"777\" data-end=\"818\">Explorar los v\u00ednculos internacionales<\/strong> seg\u00fan el tipo de acci\u00f3n desarrollada:<br data-start=\"856\" data-end=\"859\" \/>\u2014 <em data-start=\"861\" data-end=\"889\">Estancias de investigaci\u00f3n<\/em><br data-start=\"889\" data-end=\"892\" \/>\u2014 <em data-start=\"894\" data-end=\"920\">Proyectos en cooperaci\u00f3n<\/em><br data-start=\"920\" data-end=\"923\" \/>\u2014 <em data-start=\"925\" data-end=\"949\">Redes de investigaci\u00f3n<\/em><br data-start=\"949\" data-end=\"952\" data-is-only-node=\"\" \/>\u2014 <em data-start=\"954\" data-end=\"975\">Movilidad acad\u00e9mica<\/em><\/p>\n<p class=\"\" data-start=\"977\" data-end=\"1285\">\ud83d\udccd Cada punto geolocalizado en el mapa indica una experiencia concreta de internacionalizaci\u00f3n. Al hacer clic, pod\u00e9s acceder a informaci\u00f3n detallada:<br data-start=\"1125\" data-end=\"1128\" \/>\u2014 Universidad o instituci\u00f3n vinculada<br data-start=\"1165\" data-end=\"1168\" \/>\u2014 Tipo de acci\u00f3n desarrollada<br data-start=\"1197\" data-end=\"1200\" \/>\u2014 Per\u00edodo en el que se realiz\u00f3<br data-start=\"1230\" data-end=\"1233\" \/>\u2014 Datos de contacto del equipo o docente responsable<\/p>\n<p class=\"\" data-start=\"1287\" data-end=\"1460\">Es una herramienta pensada para visibilizar c\u00f3mo se construye conocimiento desde el sur, en di\u00e1logo con instituciones de Am\u00e9rica Latina, Europa, Asia y otros territorios.<\/p>\n<p><strong>Para explorar hacer click sobre la imagen:<\/strong><\/p>\n<p><a href=\"https:\/\/www.google.com\/maps\/d\/u\/0\/viewer?mid=1sauvzn9LSTcJ1Imd-j0zm27laXIXwL0&amp;femb=1&amp;ll=5.826151490028025%2C-31.242057999999986&amp;z=2\"><img loading=\"lazy\" decoding=\"async\" class=\"alignnone wp-image-5161 \" src=\"http:\/\/ffyh.unc.edu.ar\/secyt\/wp-content\/uploads\/sites\/22\/2025\/04\/Imagen-mapa-de-la-internacionalizacion-1024x536.jpg\" alt=\"\" width=\"577\" height=\"302\" \/><\/a><\/p>\n","protected":false},"excerpt":{"rendered":"<p>El Mapa de Internacionalizaci\u00f3n de la ciencia re\u00fane y visibiliza las diversas formas de cooperaci\u00f3n internacional desarrolladas por equipos de investigaci\u00f3n de la Facultad de Filosof\u00eda y Humanidades de la UNC. Fue elaborado a partir de los portafolios presentados por los proyectos acreditados y de las respuestas al cuestionario de internacionalizaci\u00f3n realizado a principios de &hellip; <\/p>\n<p><a class=\"more-link btn\" href=\"https:\/\/ffyh.unc.edu.ar\/prii\/mapa-interactivo-de-internacionalizacion\/\">Seguir leyendo<\/a><\/p>\n","protected":false},"author":48,"featured_media":0,"parent":0,"menu_order":0,"comment_status":"closed","ping_status":"closed","template":"","meta":{"_acf_changed":false,"footnotes":""},"class_list":["post-464","page","type-page","status-publish","hentry","nodate","item-wrap"],"acf":[],"_links":{"self":[{"href":"https:\/\/ffyh.unc.edu.ar\/prii\/wp-json\/wp\/v2\/pages\/464","targetHints":{"allow":["GET"]}}],"collection":[{"href":"https:\/\/ffyh.unc.edu.ar\/prii\/wp-json\/wp\/v2\/pages"}],"about":[{"href":"https:\/\/ffyh.unc.edu.ar\/prii\/wp-json\/wp\/v2\/types\/page"}],"author":[{"embeddable":true,"href":"https:\/\/ffyh.unc.edu.ar\/prii\/wp-json\/wp\/v2\/users\/48"}],"replies":[{"embeddable":true,"href":"https:\/\/ffyh.unc.edu.ar\/prii\/wp-json\/wp\/v2\/comments?post=464"}],"version-history":[{"count":2,"href":"https:\/\/ffyh.unc.edu.ar\/prii\/wp-json\/wp\/v2\/pages\/464\/revisions"}],"predecessor-version":[{"id":466,"href":"https:\/\/ffyh.unc.edu.ar\/prii\/wp-json\/wp\/v2\/pages\/464\/revisions\/466"}],"wp:attachment":[{"href":"https:\/\/ffyh.unc.edu.ar\/prii\/wp-json\/wp\/v2\/media?parent=464"}],"curies":[{"name":"wp","href":"https:\/\/api.w.org\/{rel}","templated":true}]}}