{"id":660,"date":"2026-03-10T18:57:42","date_gmt":"2026-03-10T18:57:42","guid":{"rendered":"https:\/\/ffyh.unc.edu.ar\/prii\/?page_id=660"},"modified":"2026-04-27T17:24:37","modified_gmt":"2026-04-27T17:24:37","slug":"gestion-de-avales","status":"publish","type":"page","link":"https:\/\/ffyh.unc.edu.ar\/prii\/gestion-de-avales\/","title":{"rendered":"Tr\u00e1mites"},"content":{"rendered":"<h3>Gesti\u00f3n de avales<\/h3>\n<hr \/>\n<p>En el caso en que se requiera aval de la <strong>Prosecretar\u00eda de Relaciones Internacionales e Interinstitucionales<\/strong>\u00a0o del <strong>Decanato<\/strong> de la Facultad de Filosof\u00eda y Humanidades,\u00a0 por favor<span style=\"color: #ff0000\">\u00a0<a style=\"background-color: #ffffff;color: #ff0000\" href=\"https:\/\/docs.google.com\/forms\/d\/e\/1FAIpQLScMpKkOrbJU1WvTw2-vqPzGjwOgOeh6YPmn9JLw9bALamK4Hw\/viewform?usp=header\">llenar el siguiente formulario \u00fanico para docentes, investigadores y estudiantes de grado y posgrado.<\/a><\/span><\/p>\n<p><strong>ATENCI\u00d3N<\/strong><\/p>\n<ul>\n<li>Si se requiere el aval de la Prosecretar\u00eda de Relaciones Internacionales e Interinstitucionales de la Facultad de Filosof\u00eda y Humanidades, la solicitud debe realizarse con <strong>\u00a0al menos tres (3) d\u00edas h\u00e1biles de antelaci\u00f3n<\/strong>\u00a0 al cierre de la convocatoria.<\/li>\n<li>Si se requiere el aval del Decanato de la Facultad de Filosof\u00eda y Humanidades, la solicitud debe realizarse con <strong>\u00a0al menos cinco (5) d\u00edas h\u00e1biles de antelaci\u00f3n<\/strong>\u00a0 al cierre de la convocatoria. Debido a los tiempos que conlleva el tr\u00e1mite, el aval decanal se emite \u00fanicamente cuando la convocatoria lo exige.<\/li>\n<\/ul>\n<p>&nbsp;<\/p>\n<h3>Solicitud de declaraci\u00f3n de inter\u00e9s<\/h3>\n<hr \/>\n<p>En el caso de requerir la tramitaci\u00f3n de esta solicitud, ser\u00e1 necesario contar previamente con una declaraci\u00f3n de inter\u00e9s emitida por la Escuela, Departamento o Instituto correspondiente. Dicha documentaci\u00f3n deber\u00e1 ser env\u00edada junto con una nota formal dirigida a la Secretaria de Relaciones internacionales e interinstitucionales de la Facultad de Filosof\u00eda y Humanidades que incluya los siguientes puntos:<\/p>\n<p style=\"padding-left: 40px\">1. Descripci\u00f3n del proyecto por el cual se solicita la declaraci\u00f3n de inter\u00e9s.<br \/>\n2. Justificaci\u00f3n acerca de la relaci\u00f3n del proyecto con el \u00e1rea de Relaciones internacionales e interinstitucionales de la Facultad de Filosof\u00eda y Humanidades<span style=\"color: #ff0000\">\u00a0<\/span><\/p>\n<p><span style=\"color: #ff0000\"><span style=\"color: #000000\">Recepci\u00f3n de solicitudes:<\/span> interfilo@ffyh.unc.edu.ar.\u00a0<\/span><\/p>\n","protected":false},"excerpt":{"rendered":"<p>Gesti\u00f3n de avales En el caso en que se requiera aval de la Prosecretar\u00eda de Relaciones Internacionales e Interinstitucionales\u00a0o del Decanato de la Facultad de Filosof\u00eda y Humanidades,\u00a0 por favor\u00a0llenar el siguiente formulario \u00fanico para docentes, investigadores y estudiantes de grado y posgrado. ATENCI\u00d3N Si se requiere el aval de la Prosecretar\u00eda de Relaciones Internacionales &hellip; <\/p>\n<p><a class=\"more-link btn\" href=\"https:\/\/ffyh.unc.edu.ar\/prii\/gestion-de-avales\/\">Seguir leyendo<\/a><\/p>\n","protected":false},"author":48,"featured_media":0,"parent":0,"menu_order":0,"comment_status":"closed","ping_status":"closed","template":"","meta":{"_acf_changed":false,"footnotes":""},"class_list":["post-660","page","type-page","status-publish","hentry","nodate","item-wrap"],"acf":[],"_links":{"self":[{"href":"https:\/\/ffyh.unc.edu.ar\/prii\/wp-json\/wp\/v2\/pages\/660","targetHints":{"allow":["GET"]}}],"collection":[{"href":"https:\/\/ffyh.unc.edu.ar\/prii\/wp-json\/wp\/v2\/pages"}],"about":[{"href":"https:\/\/ffyh.unc.edu.ar\/prii\/wp-json\/wp\/v2\/types\/page"}],"author":[{"embeddable":true,"href":"https:\/\/ffyh.unc.edu.ar\/prii\/wp-json\/wp\/v2\/users\/48"}],"replies":[{"embeddable":true,"href":"https:\/\/ffyh.unc.edu.ar\/prii\/wp-json\/wp\/v2\/comments?post=660"}],"version-history":[{"count":11,"href":"https:\/\/ffyh.unc.edu.ar\/prii\/wp-json\/wp\/v2\/pages\/660\/revisions"}],"predecessor-version":[{"id":715,"href":"https:\/\/ffyh.unc.edu.ar\/prii\/wp-json\/wp\/v2\/pages\/660\/revisions\/715"}],"wp:attachment":[{"href":"https:\/\/ffyh.unc.edu.ar\/prii\/wp-json\/wp\/v2\/media?parent=660"}],"curies":[{"name":"wp","href":"https:\/\/api.w.org\/{rel}","templated":true}]}}

Trámites

<h3>Gestión de avales</h3>
<hr />
<p>En el caso en que se requiera aval de la <strong>Prosecretaría de Relaciones Internacionales e Interinstitucionales</strong> o del <strong>Decanato</strong> de la Facultad de Filosofía y Humanidades,  por favor<span style="color: #ff0000"> <a style="background-color: #ffffff;color: #ff0000" href="https://docs.google.com/forms/d/e/1FAIpQLScMpKkOrbJU1WvTw2-vqPzGjwOgOeh6YPmn9JLw9bALamK4Hw/viewform?usp=header">llenar el siguiente formulario único para docentes, investigadores y estudiantes de grado y posgrado.</a></span></p>
<p><strong>ATENCIÓN</strong></p>
<ul>
<li>Si se requiere el aval de la Prosecretaría de Relaciones Internacionales e Interinstitucionales de la Facultad de Filosofía y Humanidades, la solicitud debe realizarse con <strong> al menos tres (3) días hábiles de antelación</strong>  al cierre de la convocatoria.</li>
<li>Si se requiere el aval del Decanato de la Facultad de Filosofía y Humanidades, la solicitud debe realizarse con <strong> al menos cinco (5) días hábiles de antelación</strong>  al cierre de la convocatoria. Debido a los tiempos que conlleva el trámite, el aval decanal se emite únicamente cuando la convocatoria lo exige.</li>
</ul>
<p>&nbsp;</p>
<h3>Solicitud de declaración de interés</h3>
<hr />
<p>En el caso de requerir la tramitación de esta solicitud, será necesario contar previamente con una declaración de interés emitida por la Escuela, Departamento o Instituto correspondiente. Dicha documentación deberá ser envíada junto con una nota formal dirigida a la Secretaria de Relaciones internacionales e interinstitucionales de la Facultad de Filosofía y Humanidades que incluya los siguientes puntos:</p>
<p style="padding-left: 40px">1. Descripción del proyecto por el cual se solicita la declaración de interés.<br />
2. Justificación acerca de la relación del proyecto con el área de Relaciones internacionales e interinstitucionales de la Facultad de Filosofía y Humanidades<span style="color: #ff0000"> </span></p>
<p><span style="color: #ff0000"><span style="color: #000000">Recepción de solicitudes:</span> interfilo@ffyh.unc.edu.ar. </span></p>

<p>Gestión de avales En el caso en que se requiera aval de la Prosecretaría de Relaciones Internacionales e Interinstitucionales o del Decanato de la Facultad de Filosofía y Humanidades,  por favor llenar el siguiente formulario único para docentes, investigadores y estudiantes de grado y posgrado. ATENCIÓN Si se requiere el aval de la Prosecretaría de Relaciones Internacionales &hellip; </p>
<p><a class="more-link btn" href="https://ffyh.unc.edu.ar/prii/gestion-de-avales/">Seguir leyendo</a></p>
