{"id":1098,"date":"2018-10-19T01:27:56","date_gmt":"2018-10-19T04:27:56","guid":{"rendered":"https:\/\/ffyh.unc.edu.ar\/publicaciones\/?post_type=product&#038;p=1098"},"modified":"2022-07-07T15:45:50","modified_gmt":"2022-07-07T18:45:50","slug":"itinerarios-recorridos-por-la-historia-de-cordoba","status":"publish","type":"product","link":"https:\/\/ffyh.unc.edu.ar\/publicaciones\/tienda\/publicaciones-pedagogicas\/itinerarios-recorridos-por-la-historia-de-cordoba\/","title":{"rendered":"Itinerarios. Recorridos por la historia de C\u00f3rdoba"},"content":{"rendered":"<p>Itinerarios invita a hacer uso de la(s) memoria(s) que habitan a nuestro alrededor, a tomarlas, palparlas, hacerlas parte de nuestra realidad y de esa manera hacerlas vivas. Este material did\u00e1ctico propone posibles recorridos para pensar en una historia en movimiento, din\u00e1mica, compleja, ofreciendo diversas miradas y alentando la construcci\u00f3n de saberes desde C\u00f3rdoba.<\/p>\n<p>Es el resultado de un esfuerzo colaborativo para la producci\u00f3n de materiales pensados para el aula, con los y las estudiantes y docentes cordobeses como eje y destinatarios del proyecto. Los diecis\u00e9is cap\u00edtulos que componen este material problematizan diferentes per\u00edodos de la historia de C\u00f3rdoba \u2013desde los primeros habitantes hasta la historia reciente- con la intenci\u00f3n de que pueda convertirse en una herramienta de apropiaci\u00f3n curricular y que adem\u00e1s ofrezca amplitud de miradas y abordajes para la construcci\u00f3n de aprendizajes y conocimientos.<\/p>\n<p>A su vez, Itinerarios tambi\u00e9n propone una diversidad de secuencias did\u00e1cticas destinadas a los y las docentes que permiten un trabajo interrelacionado entre aprendizajes y contenidos, formatos pedag\u00f3gicos, capacidades y ejes transversales. De este modo, el libro ofrece algunas alternativas de ense\u00f1anza-aprendizaje que pongan en cuesti\u00f3n el modelo \u00fanico y homog\u00e9neo para el quehacer escolar y suponga distintos modos de apropiaci\u00f3n de saberes.<\/p>\n<p>Esta obra est\u00e1 guiada por inquietudes compartidas por el equipo interinstitucional que la impulsa, sintetizadas en las siguientes preguntas: \u00bfc\u00f3mo crear puentes entre las producciones acad\u00e9micas de los investigadores de C\u00f3rdoba con los aprendizajes y contenidos que se abordan en el aula?, \u00bfc\u00f3mo invitar a los y las estudiantes a recorrer los caminos de la construcci\u00f3n del conocimiento hist\u00f3rico? Este material no es un punto de llegada, sino de partida. Esperamos que Itinerarios abra caminos e invite a los y las estudiantes a escribir la historia siendo protagonistas.<\/p>\n<p>Coedici\u00f3n entre la Editorial de la UNC y el Ministerio de Educaci\u00f3n de la Provincia de C\u00f3rdoba.<\/p>\n","protected":false},"excerpt":{"rendered":"<p>El e-book \u00abItinerarios. Recorridos por la historia de C\u00f3rdoba\u00bb coordinado por Ayel\u00e9n Ceballos, Consuelo Navarro y Marta Philp, es una co-edici\u00f3n de la Editorial de la UNC y el Ministerio de Educaci\u00f3n de la Provincia de C\u00f3rdoba que est\u00e1 guiada por las siguientes preguntas: \u00bfc\u00f3mo crear puentes entre las producciones acad\u00e9micas de los investigadores de C\u00f3rdoba con los aprendizajes y contenidos que se abordan en el aula?, \u00bfc\u00f3mo invitar a los y las estudiantes a recorrer los caminos de la construcci\u00f3n del conocimiento hist\u00f3rico?<\/p>\n","protected":false},"featured_media":1099,"comment_status":"closed","ping_status":"closed","template":"","meta":{"_acf_changed":false,"colormag_page_container_layout":"default_layout","colormag_page_sidebar_layout":"default_layout"},"product_brand":[],"product_cat":[28],"product_tag":[1096,1177,1105],"autor":[535,554,806,526,826,790,809,794,814,808,323,819,791,787,832,803,825,798,828,801,821,804,793,775,815,524,788,827,789,531,831,777,795,533,796,799,802,800,792,830,805,823,820,530,818,812,813,810,817,829,604,824,786,807,797,785,822,816],"editor":[],"traductor":[],"compilador":[],"coordinador":[833,834,728],"director":[],"class_list":{"0":"post-1098","1":"product","2":"type-product","3":"status-publish","4":"has-post-thumbnail","6":"product_cat-publicaciones-pedagogicas","7":"product_tag-cordoba","8":"product_tag-educacion","9":"product_tag-historia","10":"autor-agustin-rojas","11":"autor-alejandra-soledad-gonzalez","12":"autor-alejandro-franchini","13":"autor-ana-carol-solis","14":"autor-ana-elisa-arriaga","15":"autor-andrea-recalde","16":"autor-camila-tagle","17":"autor-carlos-crouzeilles","18":"autor-constanza-bosch-alessio","19":"autor-damian-santa","20":"autor-denise-reyna-berrotaran","21":"autor-desiree-del-valle-osella","22":"autor-diego-rivero","23":"autor-eduardo-escudero","24":"autor-erika-decandido","25":"autor-ernesto-olmedo","26":"autor-federico-reche","27":"autor-florencia-plomer","28":"autor-gabriel-carini","29":"autor-graciana-perez-zavala","30":"autor-graciela-gonano","31":"autor-gustavo-torres","32":"autor-isabel-castro-olaneta","33":"autor-javier-e-moyano","34":"autor-jessica-blanco","35":"autor-juan-pablo-abratte","36":"autor-julia-gomez","37":"autor-julieta-almada","38":"autor-laura-misetich","39":"autor-laura-ortiz","40":"autor-laura-valdemarca","41":"autor-leandro-inchauspe","42":"autor-leticia-carmignani","43":"autor-lisandro-angelini","44":"autor-lucas-borrastero","45":"autor-magdalena-schibli","46":"autor-marcela-tamagnini","47":"autor-maria-de-la-paz-moyano","48":"autor-maria-elizabeth-rustan","49":"autor-maria-paula-puttini","50":"autor-mariana-dain","51":"autor-marina-giraudo","52":"autor-marina-ines-spinetta","53":"autor-marta-philp","54":"autor-nicolas-daniele","55":"autor-pablo-emmanuel-fernandez-seffino","56":"autor-pablo-iparraguirre","57":"autor-pablo-reyna-manero","58":"autor-rebeca-camano-semprini","59":"autor-rosa-gleser","60":"autor-sebastian-malecki","61":"autor-silvia-moron","62":"autor-veronica-canciani-vivanco","63":"autor-virginia-ramos","64":"autor-virginia-zelada","65":"autor-walter-grahovac","66":"autor-yanina-floridia","67":"autor-yesica-bonino","68":"coordinador-ayelen-ceballos","69":"coordinador-consuelo-navarro","70":"coordinador-marta-philp","72":"first","73":"instock","74":"shipping-taxable","75":"product-type-external"},"acf":[],"_links":{"self":[{"href":"https:\/\/ffyh.unc.edu.ar\/publicaciones\/wp-json\/wp\/v2\/product\/1098","targetHints":{"allow":["GET"]}}],"collection":[{"href":"https:\/\/ffyh.unc.edu.ar\/publicaciones\/wp-json\/wp\/v2\/product"}],"about":[{"href":"https:\/\/ffyh.unc.edu.ar\/publicaciones\/wp-json\/wp\/v2\/types\/product"}],"replies":[{"embeddable":true,"href":"https:\/\/ffyh.unc.edu.ar\/publicaciones\/wp-json\/wp\/v2\/comments?post=1098"}],"wp:featuredmedia":[{"embeddable":true,"href":"https:\/\/ffyh.unc.edu.ar\/publicaciones\/wp-json\/wp\/v2\/media\/1099"}],"wp:attachment":[{"href":"https:\/\/ffyh.unc.edu.ar\/publicaciones\/wp-json\/wp\/v2\/media?parent=1098"}],"wp:term":[{"taxonomy":"product_brand","embeddable":true,"href":"https:\/\/ffyh.unc.edu.ar\/publicaciones\/wp-json\/wp\/v2\/product_brand?post=1098"},{"taxonomy":"product_cat","embeddable":true,"href":"https:\/\/ffyh.unc.edu.ar\/publicaciones\/wp-json\/wp\/v2\/product_cat?post=1098"},{"taxonomy":"product_tag","embeddable":true,"href":"https:\/\/ffyh.unc.edu.ar\/publicaciones\/wp-json\/wp\/v2\/product_tag?post=1098"},{"taxonomy":"autor","embeddable":true,"href":"https:\/\/ffyh.unc.edu.ar\/publicaciones\/wp-json\/wp\/v2\/autor?post=1098"},{"taxonomy":"editor","embeddable":true,"href":"https:\/\/ffyh.unc.edu.ar\/publicaciones\/wp-json\/wp\/v2\/editor?post=1098"},{"taxonomy":"traductor","embeddable":true,"href":"https:\/\/ffyh.unc.edu.ar\/publicaciones\/wp-json\/wp\/v2\/traductor?post=1098"},{"taxonomy":"compilador","embeddable":true,"href":"https:\/\/ffyh.unc.edu.ar\/publicaciones\/wp-json\/wp\/v2\/compilador?post=1098"},{"taxonomy":"coordinador","embeddable":true,"href":"https:\/\/ffyh.unc.edu.ar\/publicaciones\/wp-json\/wp\/v2\/coordinador?post=1098"},{"taxonomy":"director","embeddable":true,"href":"https:\/\/ffyh.unc.edu.ar\/publicaciones\/wp-json\/wp\/v2\/director?post=1098"}],"curies":[{"name":"wp","href":"https:\/\/api.w.org\/{rel}","templated":true}]}}

Itinerarios. Recorridos por la historia de Córdoba

<p>Itinerarios invita a hacer uso de la(s) memoria(s) que habitan a nuestro alrededor, a tomarlas, palparlas, hacerlas parte de nuestra realidad y de esa manera hacerlas vivas. Este material didáctico propone posibles recorridos para pensar en una historia en movimiento, dinámica, compleja, ofreciendo diversas miradas y alentando la construcción de saberes desde Córdoba.</p>
<p>Es el resultado de un esfuerzo colaborativo para la producción de materiales pensados para el aula, con los y las estudiantes y docentes cordobeses como eje y destinatarios del proyecto. Los dieciséis capítulos que componen este material problematizan diferentes períodos de la historia de Córdoba –desde los primeros habitantes hasta la historia reciente- con la intención de que pueda convertirse en una herramienta de apropiación curricular y que además ofrezca amplitud de miradas y abordajes para la construcción de aprendizajes y conocimientos.</p>
<p>A su vez, Itinerarios también propone una diversidad de secuencias didácticas destinadas a los y las docentes que permiten un trabajo interrelacionado entre aprendizajes y contenidos, formatos pedagógicos, capacidades y ejes transversales. De este modo, el libro ofrece algunas alternativas de enseñanza-aprendizaje que pongan en cuestión el modelo único y homogéneo para el quehacer escolar y suponga distintos modos de apropiación de saberes.</p>
<p>Esta obra está guiada por inquietudes compartidas por el equipo interinstitucional que la impulsa, sintetizadas en las siguientes preguntas: ¿cómo crear puentes entre las producciones académicas de los investigadores de Córdoba con los aprendizajes y contenidos que se abordan en el aula?, ¿cómo invitar a los y las estudiantes a recorrer los caminos de la construcción del conocimiento histórico? Este material no es un punto de llegada, sino de partida. Esperamos que Itinerarios abra caminos e invite a los y las estudiantes a escribir la historia siendo protagonistas.</p>
<p>Coedición entre la Editorial de la UNC y el Ministerio de Educación de la Provincia de Córdoba.</p>

<p>El e-book «Itinerarios. Recorridos por la historia de Córdoba» coordinado por Ayelén Ceballos, Consuelo Navarro y Marta Philp, es una co-edición de la Editorial de la UNC y el Ministerio de Educación de la Provincia de Córdoba que está guiada por las siguientes preguntas: ¿cómo crear puentes entre las producciones académicas de los investigadores de Córdoba con los aprendizajes y contenidos que se abordan en el aula?, ¿cómo invitar a los y las estudiantes a recorrer los caminos de la construcción del conocimiento histórico?</p>
