{"id":1100,"date":"2017-10-19T01:33:15","date_gmt":"2017-10-19T04:33:15","guid":{"rendered":"https:\/\/ffyh.unc.edu.ar\/publicaciones\/?post_type=product&#038;p=1100"},"modified":"2021-12-14T20:10:04","modified_gmt":"2021-12-14T23:10:04","slug":"segunda-edicion-de-historias-recientes-de-cordoba","status":"publish","type":"product","link":"https:\/\/ffyh.unc.edu.ar\/publicaciones\/tienda\/publicaciones-de-investigacion\/seicyt\/colecciones\/segunda-edicion-de-historias-recientes-de-cordoba\/","title":{"rendered":"Segunda edici\u00f3n de \u201cHistorias recientes de C\u00f3rdoba\u00bb"},"content":{"rendered":"<p>Como se\u00f1ala el pr\u00f3logo de Silvia Romano a esta segunda edici\u00f3n de \u201cHistorias recientes de C\u00f3rdoba\u00bb, en los cuatro a\u00f1os transcurridos entre la primera publicaci\u00f3n en noviembre de 2013 de Historias recientes de C\u00f3rdoba &#8211; actualmente agotada &#8211; y la que aqu\u00ed se presenta en versi\u00f3n digital, se ha podido avanzar en diversos aspectos de la investigaci\u00f3n sobre las biograf\u00edas y trayectorias p\u00fablicas de personas de C\u00f3rdoba desaparecidas y asesinadas en los \u201870 por la represi\u00f3n ilegal y el terrorismo de Estado.<\/p>\n<p>Estos avances ameritan la actualizaci\u00f3n, ampliaci\u00f3n y difusi\u00f3n de la n\u00f3mina de estudiantes, egresados, docentes y no docentes de la Universidad Nacional de C\u00f3rdoba (UNC) que conten\u00eda este volumen. Contribuyeron a ello la revisi\u00f3n de nueva documentaci\u00f3n en archivos de la UNC y la de repositorios de otras universidades existentes en la provincia para los a\u00f1os \u201860 y \u201970, a saber: Universidad Cat\u00f3lica de C\u00f3rdoba (UCC), Universidad Tecnol\u00f3gica Nacional &#8211; Facultad C\u00f3rdoba (UTN) y Universidad Nacional de R\u00edo Cuarto (UNRC).<\/p>\n<p>La continuidad de la investigaci\u00f3n, que incluy\u00f3 la consulta de otras fuentes, aportes de familiares, as\u00ed como testimonios vertidos en el juicio Mega causa La Perla permiti\u00f3 mejorar el conocimiento logrado en la reconstrucci\u00f3n hist\u00f3rica sobre el conjunto de v\u00edctimas de la represi\u00f3n que publicamos en el libro Colectivos y parcialidades pol\u00edticas y sociales. Los desparecidos y asesinados de C\u00f3rdoba en los 70.<\/p>\n<p>El presente volumen re\u00fane textos que abordan dimensiones y problemas en cierto modo diversos, que ameritan el uso de \u201chistorias\u201d en el t\u00edtulo del libro, en tanto constituyen visiones focalizadas en determinados procesos, \u00e1mbitos y temporalidades hist\u00f3ricas y proponen miradas sobre ciertos actores del pasado, o ponen el acento en hacer visible la \u201ctrastienda de la investigaci\u00f3n\u201d que les permite construir sus contribuciones. Pueden pensarse tambi\u00e9n como piezas de un rompecabezas sin pretensiones de componer el todo, unidas por la historia pol\u00edtica y los derechos humanos en sentido amplio. Aun cuando la procedencia disciplinar de sus autores es diversa, tienen en com\u00fan el prop\u00f3sito de historizar aspectos del pasado reciente y la motivaci\u00f3n de conocerlo, comprenderlo e interpretarlo en sus propios t\u00e9rminos.<\/p>\n","protected":false},"excerpt":{"rendered":"<p>La segunda edici\u00f3n de \u201cHistorias recientes de C\u00f3rdoba\u00bb compilada por Silvia Romano, actualiza y ampl\u00eda la n\u00f3mina de estudiantes, egresados, docentes y no docentes de la UNC desaparecidxs y asesinadxs en los \u201870 por la represi\u00f3n ilegal y el terrorismo de Estado. Esta edici\u00f3n tambi\u00e9n robustece la secci\u00f3n de im\u00e1genes recuperadas de registros audiovisuales de Canal 10 y Canal 12 de C\u00f3rdoba y la de bibliograf\u00eda y fuentes consultadas.<\/p>\n","protected":false},"featured_media":1101,"comment_status":"closed","ping_status":"closed","template":"","meta":{"_acf_changed":false,"colormag_page_container_layout":"default_layout","colormag_page_sidebar_layout":"default_layout"},"product_brand":[],"product_cat":[34,1335,33],"product_tag":[1096,1215,1105,1234],"autor":[853,857,855,854,856,859,858],"editor":[],"traductor":[],"compilador":[329],"coordinador":[],"director":[],"class_list":{"0":"post-1100","1":"product","2":"type-product","3":"status-publish","4":"has-post-thumbnail","6":"product_cat-colecciones","7":"product_cat-publicaciones-de-ddhh-y-genero","8":"product_cat-seicyt","9":"product_tag-cordoba","10":"product_tag-derechos-humanos","11":"product_tag-historia","12":"product_tag-politica","13":"autor-agostina-gentili","14":"autor-gonzalo-pedano","15":"autor-gustavo-morello","16":"autor-malvina-gonzalez-lanfir","17":"autor-marta-palacios","18":"autor-norma-san-nicolas","19":"autor-silvia-romano","20":"compilador-silvia-romano","22":"first","23":"instock","24":"shipping-taxable","25":"product-type-external"},"acf":[],"_links":{"self":[{"href":"https:\/\/ffyh.unc.edu.ar\/publicaciones\/wp-json\/wp\/v2\/product\/1100","targetHints":{"allow":["GET"]}}],"collection":[{"href":"https:\/\/ffyh.unc.edu.ar\/publicaciones\/wp-json\/wp\/v2\/product"}],"about":[{"href":"https:\/\/ffyh.unc.edu.ar\/publicaciones\/wp-json\/wp\/v2\/types\/product"}],"replies":[{"embeddable":true,"href":"https:\/\/ffyh.unc.edu.ar\/publicaciones\/wp-json\/wp\/v2\/comments?post=1100"}],"wp:featuredmedia":[{"embeddable":true,"href":"https:\/\/ffyh.unc.edu.ar\/publicaciones\/wp-json\/wp\/v2\/media\/1101"}],"wp:attachment":[{"href":"https:\/\/ffyh.unc.edu.ar\/publicaciones\/wp-json\/wp\/v2\/media?parent=1100"}],"wp:term":[{"taxonomy":"product_brand","embeddable":true,"href":"https:\/\/ffyh.unc.edu.ar\/publicaciones\/wp-json\/wp\/v2\/product_brand?post=1100"},{"taxonomy":"product_cat","embeddable":true,"href":"https:\/\/ffyh.unc.edu.ar\/publicaciones\/wp-json\/wp\/v2\/product_cat?post=1100"},{"taxonomy":"product_tag","embeddable":true,"href":"https:\/\/ffyh.unc.edu.ar\/publicaciones\/wp-json\/wp\/v2\/product_tag?post=1100"},{"taxonomy":"autor","embeddable":true,"href":"https:\/\/ffyh.unc.edu.ar\/publicaciones\/wp-json\/wp\/v2\/autor?post=1100"},{"taxonomy":"editor","embeddable":true,"href":"https:\/\/ffyh.unc.edu.ar\/publicaciones\/wp-json\/wp\/v2\/editor?post=1100"},{"taxonomy":"traductor","embeddable":true,"href":"https:\/\/ffyh.unc.edu.ar\/publicaciones\/wp-json\/wp\/v2\/traductor?post=1100"},{"taxonomy":"compilador","embeddable":true,"href":"https:\/\/ffyh.unc.edu.ar\/publicaciones\/wp-json\/wp\/v2\/compilador?post=1100"},{"taxonomy":"coordinador","embeddable":true,"href":"https:\/\/ffyh.unc.edu.ar\/publicaciones\/wp-json\/wp\/v2\/coordinador?post=1100"},{"taxonomy":"director","embeddable":true,"href":"https:\/\/ffyh.unc.edu.ar\/publicaciones\/wp-json\/wp\/v2\/director?post=1100"}],"curies":[{"name":"wp","href":"https:\/\/api.w.org\/{rel}","templated":true}]}}